Back to Multiple platform build/check report for BioC 3.20:   simplified   long
ABCDEFGHIJKLMNOPQ[R]STUVWXYZ

This page was generated on 2025-02-03 12:05 -0500 (Mon, 03 Feb 2025).

HostnameOSArch (*)R versionInstalled pkgs
nebbiolo2Linux (Ubuntu 24.04.1 LTS)x86_644.4.2 (2024-10-31) -- "Pile of Leaves" 4746
palomino8Windows Server 2022 Datacenterx644.4.2 (2024-10-31 ucrt) -- "Pile of Leaves" 4494
merida1macOS 12.7.5 Montereyx86_644.4.2 (2024-10-31) -- "Pile of Leaves" 4517
kjohnson1macOS 13.6.6 Venturaarm644.4.2 (2024-10-31) -- "Pile of Leaves" 4469
taishanLinux (openEuler 24.03 LTS)aarch644.4.2 (2024-10-31) -- "Pile of Leaves" 4400
Click on any hostname to see more info about the system (e.g. compilers)      (*) as reported by 'uname -p', except on Windows and Mac OS X

Package 1728/2289HostnameOS / ArchINSTALLBUILDCHECKBUILD BIN
rexposome 1.28.0  (landing page)
Xavier Escribà Montagut
Snapshot Date: 2025-01-30 13:00 -0500 (Thu, 30 Jan 2025)
git_url: https://git.bioconductor.org/packages/rexposome
git_branch: RELEASE_3_20
git_last_commit: 6a4640d
git_last_commit_date: 2024-10-29 10:21:06 -0500 (Tue, 29 Oct 2024)
nebbiolo2Linux (Ubuntu 24.04.1 LTS) / x86_64  OK    OK    WARNINGS  UNNEEDED, same version is already published
palomino8Windows Server 2022 Datacenter / x64  OK    OK    WARNINGS    OK  UNNEEDED, same version is already published
merida1macOS 12.7.5 Monterey / x86_64  OK    OK    WARNINGS    OK  UNNEEDED, same version is already published
kjohnson1macOS 13.6.6 Ventura / arm64  OK    OK    WARNINGS    OK  UNNEEDED, same version is already published
taishanLinux (openEuler 24.03 LTS) / aarch64  OK    OK    WARNINGS  


CHECK results for rexposome on nebbiolo2

To the developers/maintainers of the rexposome package:
- Allow up to 24 hours (and sometimes 48 hours) for your latest push to git@git.bioconductor.org:packages/rexposome.git to reflect on this report. See Troubleshooting Build Report for more information.
- Use the following Renviron settings to reproduce errors and warnings.
- If 'R CMD check' started to fail recently on the Linux builder(s) over a missing dependency, add the missing dependency to 'Suggests:' in your DESCRIPTION file. See Renviron.bioc for more information.

raw results


Summary

Package: rexposome
Version: 1.28.0
Command: /home/biocbuild/bbs-3.20-bioc/R/bin/R CMD check --install=check:rexposome.install-out.txt --library=/home/biocbuild/bbs-3.20-bioc/R/site-library --timings rexposome_1.28.0.tar.gz
StartedAt: 2025-01-31 01:33:38 -0500 (Fri, 31 Jan 2025)
EndedAt: 2025-01-31 01:37:18 -0500 (Fri, 31 Jan 2025)
EllapsedTime: 220.3 seconds
RetCode: 0
Status:   WARNINGS  
CheckDir: rexposome.Rcheck
Warnings: 5

Command output

##############################################################################
##############################################################################
###
### Running command:
###
###   /home/biocbuild/bbs-3.20-bioc/R/bin/R CMD check --install=check:rexposome.install-out.txt --library=/home/biocbuild/bbs-3.20-bioc/R/site-library --timings rexposome_1.28.0.tar.gz
###
##############################################################################
##############################################################################


* using log directory ‘/home/biocbuild/bbs-3.20-bioc/meat/rexposome.Rcheck’
* using R version 4.4.2 (2024-10-31)
* using platform: x86_64-pc-linux-gnu
* R was compiled by
    gcc (Ubuntu 13.2.0-23ubuntu4) 13.2.0
    GNU Fortran (Ubuntu 13.2.0-23ubuntu4) 13.2.0
* running under: Ubuntu 24.04.1 LTS
* using session charset: UTF-8
* checking for file ‘rexposome/DESCRIPTION’ ... OK
* this is package ‘rexposome’ version ‘1.28.0’
* package encoding: UTF-8
* checking package namespace information ... OK
* checking package dependencies ... OK
* checking if this is a source package ... OK
* checking if there is a namespace ... OK
* checking for hidden files and directories ... OK
* checking for portable file names ... WARNING
Found the following file with a non-portable file name:
  vignettes/rsconnect/documents/exposome_data_analysis.Rmd/rpubs.com/rpubs/Publish Document.dcf
These are not fully portable file names.
See section ‘Package structure’ in the ‘Writing R Extensions’ manual.
Found the following non-portable file path:
  rexposome/vignettes/rsconnect/documents/exposome_data_analysis.Rmd/rpubs.com/rpubs/Publish Document.dcf

Tarballs are only required to store paths of up to 100 bytes and cannot
store those of more than 256 bytes, with restrictions including to 100
bytes for the final component.
See section ‘Package structure’ in the ‘Writing R Extensions’ manual.
* checking for sufficient/correct file permissions ... OK
* checking whether package ‘rexposome’ can be installed ... OK
* checking installed package size ... NOTE
  installed size is  6.0Mb
  sub-directories of 1Mb or more:
    data      2.8Mb
    extdata   2.2Mb
* checking package directory ... OK
* checking ‘build’ directory ... OK
* checking DESCRIPTION meta-information ... NOTE
License stub is invalid DCF.
* checking top-level files ... OK
* checking for left-over files ... OK
* checking index information ... OK
* checking package subdirectories ... OK
* checking code files for non-ASCII characters ... OK
* checking R files for syntax errors ... OK
* checking whether the package can be loaded ... OK
* checking whether the package can be loaded with stated dependencies ... OK
* checking whether the package can be unloaded cleanly ... OK
* checking whether the namespace can be loaded with stated dependencies ... OK
* checking whether the namespace can be unloaded cleanly ... OK
* checking loading without being on the library search path ... OK
* checking dependencies in R code ... WARNING
'::' or ':::' imports not declared from:
  ‘missMDA’ ‘nnet’ ‘sandwich’
* checking S3 generic/method consistency ... OK
* checking replacement functions ... OK
* checking foreign function calls ... OK
* checking R code for possible problems ... NOTE
imputeLOD: multiple local function definitions for ‘faux’ with
  different formal arguments
invExWAS,ExposomeSet : <anonymous>: no visible global function
  definition for ‘reformulate’
invExWAS,ExposomeSet : <anonymous>: no visible global function
  definition for ‘terms’
invExWAS,ExposomeSet : <anonymous>: no visible global function
  definition for ‘confint’
invExWAS,ExposomeSet: no visible global function definition for
  ‘reformulate’
invExWAS,ExposomeSet: no visible global function definition for ‘terms’
plotHistogram,ExposomeSet: no visible binding for global variable
  ‘..density..’
Undefined global functions or variables:
  ..density.. confint reformulate terms
Consider adding
  importFrom("stats", "confint", "reformulate", "terms")
to your NAMESPACE file.
* checking Rd files ... NOTE
checkRd: (-1) exwas-methods.Rd:50: Lost braces
    50 | An code{ExWAS} object with the result of the association study
       |        ^
checkRd: (-1) invExWAS-methods.Rd:31: Lost braces
    31 | An code{ExWAS} object with the result of the association study
       |        ^
checkRd: (-1) standardize-methods.Rd:13: Lost braces
    13 | #' @param object code{ExposomeSet} with 'set' will be summarized.
       |                      ^
* checking Rd metadata ... WARNING
Rd files with duplicated alias 'extract':
  ‘extract-methods.Rd’ ‘get_robust_sd-methods.Rd’
* checking Rd cross-references ... OK
* checking for missing documentation entries ... OK
* checking for code/documentation mismatches ... WARNING
S4 class codoc mismatches from Rd file 'ExWAS-class.Rd':
Slots for class 'ExWAS'
  Code: comparison description effective formula robust.std.err
  Docs: comparison description effective formula

* checking Rd \usage sections ... WARNING
Undocumented arguments in Rd file 'ExposomeSet-class.Rd'
  ‘robust’

Undocumented arguments in Rd file 'exwas-methods.Rd'
  ‘robust’

Undocumented arguments in Rd file 'imExposomeSet-class.Rd'
  ‘robust’

Functions with \usage entries need to have the appropriate \alias
entries, and all their arguments documented.
The \usage entries must correspond to syntactically valid R code.
See chapter ‘Writing R documentation files’ in the ‘Writing R
Extensions’ manual.
* checking Rd contents ... OK
* checking for unstated dependencies in examples ... OK
* checking contents of ‘data’ directory ... OK
* checking data for non-ASCII characters ... OK
* checking LazyData ... OK
* checking data for ASCII and uncompressed saves ... OK
* checking files in ‘vignettes’ ... OK
* checking examples ... OK
Examples with CPU (user + system) or elapsed time > 5s
                          user system elapsed
clustering-methods      14.106  0.092  14.200
invExWAS-methods        10.104  0.065  10.170
plotCorrelation-methods  9.368  0.045   9.413
* checking for unstated dependencies in vignettes ... OK
* checking package vignettes ... OK
* checking re-building of vignette outputs ... OK
* checking PDF version of manual ... OK
* DONE

Status: 5 WARNINGs, 4 NOTEs
See
  ‘/home/biocbuild/bbs-3.20-bioc/meat/rexposome.Rcheck/00check.log’
for details.


Installation output

rexposome.Rcheck/00install.out

##############################################################################
##############################################################################
###
### Running command:
###
###   /home/biocbuild/bbs-3.20-bioc/R/bin/R CMD INSTALL rexposome
###
##############################################################################
##############################################################################


* installing to library ‘/home/biocbuild/bbs-3.20-bioc/R/site-library’
* installing *source* package ‘rexposome’ ...
** using staged installation
** R
** data
*** moving datasets to lazyload DB
** inst
** byte-compile and prepare package for lazy loading
** help
*** installing help indices
** building package indices
** installing vignettes
** testing if installed package can be loaded from temporary location
** testing if installed package can be loaded from final location
** testing if installed package keeps a record of temporary installation path
* DONE (rexposome)

Tests output


Example timings

rexposome.Rcheck/rexposome-Ex.timings

nameusersystemelapsed
classification-methods0.0120.0050.017
clustering-methods14.106 0.09214.200
correlation-methods4.0550.0944.149
ex_imp0.0150.0000.014
expo0.0120.0030.015
expo_c0.0080.0010.009
expos-methods0.5120.0110.523
exposureNames-methods0.0110.0010.011
exwas-methods0.3250.0010.326
familyNames-methods0.0120.0000.013
highAndLow-methods0.6450.0000.645
ilod-methods000
imputation-methods000
imputeLOD000
invExWAS-methods10.104 0.06510.170
loadExposome0.0340.0000.035
loadExposome_plain0.0340.0000.035
loadImputed0.0120.0010.013
me0.0020.0000.002
mexwas-methods0.6640.0030.668
ndim-methods0.0440.0000.044
normalityTest-methods0.2050.0060.211
pca-methods0.060.000.06
phenotypeNames-methods0.0320.0000.031
plotClassification-methods000
plotCorrelation-methods9.3680.0459.413
plotEXP-methods0.2180.0030.220
plotEffect-methods0.9290.0320.961
plotExwas-methods0.3380.0100.349
plotFamily-methods2.1460.0522.198
plotHistogram-methods0.3160.0260.343
plotLOD-methods0.3410.0050.346
plotMissings-methods0.3640.0020.366
plotPCA-methods0.9810.0030.985
plotPHE-methods0.2280.0000.227
readExposome0.0330.0000.032
standardize-methods0.4720.0050.476
tableLOD-methods0.1310.0010.132
tableMissings-methods0.0380.0010.040
tef-methods0.3700.0010.370
toES0.1040.0000.104
trans-methods0.1620.0000.162
volcano_plot0.5850.0010.586