Back to Multiple platform build/check report for BioC 3.20:   simplified   long
ABCDEFGHIJKLMNOPQR[S]TUVWXYZ

This page was generated on 2025-02-13 12:12 -0500 (Thu, 13 Feb 2025).

HostnameOSArch (*)R versionInstalled pkgs
nebbiolo2Linux (Ubuntu 24.04.1 LTS)x86_644.4.2 (2024-10-31) -- "Pile of Leaves" 4754
palomino8Windows Server 2022 Datacenterx644.4.2 (2024-10-31 ucrt) -- "Pile of Leaves" 4502
merida1macOS 12.7.5 Montereyx86_644.4.2 (2024-10-31) -- "Pile of Leaves" 4525
kjohnson1macOS 13.6.6 Venturaarm644.4.2 (2024-10-31) -- "Pile of Leaves" 4477
taishanLinux (openEuler 24.03 LTS)aarch644.4.2 (2024-10-31) -- "Pile of Leaves" 4414
Click on any hostname to see more info about the system (e.g. compilers)      (*) as reported by 'uname -p', except on Windows and Mac OS X

Package 2088/2289HostnameOS / ArchINSTALLBUILDCHECKBUILD BIN
supraHex 1.44.0  (landing page)
Hai Fang
Snapshot Date: 2025-02-10 13:00 -0500 (Mon, 10 Feb 2025)
git_url: https://git.bioconductor.org/packages/supraHex
git_branch: RELEASE_3_20
git_last_commit: fa3ac85
git_last_commit_date: 2024-10-29 09:47:31 -0500 (Tue, 29 Oct 2024)
nebbiolo2Linux (Ubuntu 24.04.1 LTS) / x86_64  OK    ERROR  skipped
palomino8Windows Server 2022 Datacenter / x64  OK    ERROR  skippedskipped
merida1macOS 12.7.5 Monterey / x86_64  OK    ERROR  skippedskipped
kjohnson1macOS 13.6.6 Ventura / arm64  OK    ERROR  skippedskipped
taishanLinux (openEuler 24.03 LTS) / aarch64  OK    ERROR  skipped


BUILD results for supraHex on kjohnson1

To the developers/maintainers of the supraHex package:
- Allow up to 24 hours (and sometimes 48 hours) for your latest push to git@git.bioconductor.org:packages/supraHex.git to reflect on this report. See Troubleshooting Build Report for more information.
- Use the following Renviron settings to reproduce errors and warnings.
- If 'R CMD check' started to fail recently on the Linux builder(s) over a missing dependency, add the missing dependency to 'Suggests:' in your DESCRIPTION file. See Renviron.bioc for more information.

raw results


Summary

Package: supraHex
Version: 1.44.0
Command: /Library/Frameworks/R.framework/Resources/bin/R CMD build --keep-empty-dirs --no-resave-data supraHex
StartedAt: 2025-02-11 09:19:20 -0500 (Tue, 11 Feb 2025)
EndedAt: 2025-02-11 09:19:34 -0500 (Tue, 11 Feb 2025)
EllapsedTime: 13.8 seconds
RetCode: 1
Status:   ERROR  
PackageFile: None
PackageFileSize: NA

Command output

##############################################################################
##############################################################################
###
### Running command:
###
###   /Library/Frameworks/R.framework/Resources/bin/R CMD build --keep-empty-dirs --no-resave-data supraHex
###
##############################################################################
##############################################################################


* checking for file ‘supraHex/DESCRIPTION’ ... OK
* preparing ‘supraHex’:
* checking DESCRIPTION meta-information ... OK
* installing the package to build vignettes
* creating vignettes ... ERROR
--- re-building ‘supraHex_vignettes.Rnw’ using Sweave
Loading required package: hexbin
Start at 2025-02-11 09:19:31.918443

First, define topology of a map grid (2025-02-11 09:19:31.921756)...
Second, initialise the codebook matrix (169 X 6) using 'linear' initialisation, given a topology and input data (2025-02-11 09:19:31.921756)...
Third, get training at the rough stage (2025-02-11 09:19:31.939955)...
	1 out of 2 (2025-02-11 09:19:31.94265)
	updated (2025-02-11 09:19:31.967538)
	2 out of 2 (2025-02-11 09:19:31.968122)
	updated (2025-02-11 09:19:31.992643)
Fourth, get training at the finetune stage (2025-02-11 09:19:31.99325)...
	1 out of 7 (2025-02-11 09:19:31.99467)
	updated (2025-02-11 09:19:32.035802)
	2 out of 7 (2025-02-11 09:19:32.036355)
	updated (2025-02-11 09:19:32.059898)
	3 out of 7 (2025-02-11 09:19:32.060465)
	updated (2025-02-11 09:19:32.084412)
	4 out of 7 (2025-02-11 09:19:32.084934)
	updated (2025-02-11 09:19:32.108945)
	5 out of 7 (2025-02-11 09:19:32.10948)
	updated (2025-02-11 09:19:32.150588)
	6 out of 7 (2025-02-11 09:19:32.15112)
	updated (2025-02-11 09:19:32.175216)
	7 out of 7 (2025-02-11 09:19:32.175816)
	updated (2025-02-11 09:19:32.199908)
Next, identify the best-matching hexagon/rectangle for the input data (2025-02-11 09:19:32.2005)...
Finally, append the response data (hits and mqe) into the sMap object (2025-02-11 09:19:32.23859)...

Below are the summaries of the training results:
   dimension of input data: 1000x6
   xy-dimension of map grid: xdim=15, ydim=15, r=8
   grid lattice: hexa
   grid shape: suprahex
   dimension of grid coord: 169x2
   initialisation method: linear
   dimension of codebook matrix: 169x6
   mean quantization error: 2.0539135626108

Below are the details of trainology:
   training algorithm: batch
   alpha type: invert
   training neighborhood kernel: gaussian
   trainlength (x input data length): 2 at rough stage; 7 at finetune stage
   radius (at rough stage): from 4 to 1
   radius (at finetune stage): from 1 to 1

End at 2025-02-11 09:19:32.649213
Runtime in total is: 1 secs

Warning: The `path` argument of `write_delim()` is deprecated as of readr 1.4.0.
ℹ Please use the `file` argument instead.
ℹ The deprecated feature was likely used in the supraHex package.
  Please report the issue to the authors.

Error: processing vignette 'supraHex_vignettes.Rnw' failed with diagnostics:
 chunk 18 
Error in igraph::as_data_frame(., what = "edge") : 
  `arg` must be one of "edges", "vertices", or "both", not "edge".
ℹ Did you mean "edges"?

--- failed re-building ‘supraHex_vignettes.Rnw’

SUMMARY: processing the following file failed:
  ‘supraHex_vignettes.Rnw’

Error: Vignette re-building failed.
Execution halted