Back to Multiple platform build/check report for BioC 3.20:   simplified   long
ABCDEFGHIJKLMNOPQR[S]TUVWXYZ

This page was generated on 2025-02-06 12:05 -0500 (Thu, 06 Feb 2025).

HostnameOSArch (*)R versionInstalled pkgs
nebbiolo2Linux (Ubuntu 24.04.1 LTS)x86_644.4.2 (2024-10-31) -- "Pile of Leaves" 4753
palomino8Windows Server 2022 Datacenterx644.4.2 (2024-10-31 ucrt) -- "Pile of Leaves" 4501
merida1macOS 12.7.5 Montereyx86_644.4.2 (2024-10-31) -- "Pile of Leaves" 4524
kjohnson1macOS 13.6.6 Venturaarm644.4.2 (2024-10-31) -- "Pile of Leaves" 4476
taishanLinux (openEuler 24.03 LTS)aarch644.4.2 (2024-10-31) -- "Pile of Leaves" 4407
Click on any hostname to see more info about the system (e.g. compilers)      (*) as reported by 'uname -p', except on Windows and Mac OS X

Package 2105/2289HostnameOS / ArchINSTALLBUILDCHECKBUILD BIN
synergyfinder 3.14.0  (landing page)
Shuyu Zheng
Snapshot Date: 2025-02-03 13:00 -0500 (Mon, 03 Feb 2025)
git_url: https://git.bioconductor.org/packages/synergyfinder
git_branch: RELEASE_3_20
git_last_commit: 655c2fc
git_last_commit_date: 2024-10-29 10:13:57 -0500 (Tue, 29 Oct 2024)
nebbiolo2Linux (Ubuntu 24.04.1 LTS) / x86_64  OK    OK    WARNINGS  UNNEEDED, same version is already published
palomino8Windows Server 2022 Datacenter / x64  OK    OK    WARNINGS    OK  UNNEEDED, same version is already published
merida1macOS 12.7.5 Monterey / x86_64  OK    OK    WARNINGS    NA  
kjohnson1macOS 13.6.6 Ventura / arm64  OK    OK    WARNINGS    OK  UNNEEDED, same version is already published
taishanLinux (openEuler 24.03 LTS) / aarch64  ERROR    ERROR  skipped


CHECK results for synergyfinder on nebbiolo2

To the developers/maintainers of the synergyfinder package:
- Allow up to 24 hours (and sometimes 48 hours) for your latest push to git@git.bioconductor.org:packages/synergyfinder.git to reflect on this report. See Troubleshooting Build Report for more information.
- Use the following Renviron settings to reproduce errors and warnings.
- If 'R CMD check' started to fail recently on the Linux builder(s) over a missing dependency, add the missing dependency to 'Suggests:' in your DESCRIPTION file. See Renviron.bioc for more information.

raw results


Summary

Package: synergyfinder
Version: 3.14.0
Command: /home/biocbuild/bbs-3.20-bioc/R/bin/R CMD check --install=check:synergyfinder.install-out.txt --library=/home/biocbuild/bbs-3.20-bioc/R/site-library --timings synergyfinder_3.14.0.tar.gz
StartedAt: 2025-02-04 03:04:40 -0500 (Tue, 04 Feb 2025)
EndedAt: 2025-02-04 03:07:23 -0500 (Tue, 04 Feb 2025)
EllapsedTime: 162.3 seconds
RetCode: 0
Status:   WARNINGS  
CheckDir: synergyfinder.Rcheck
Warnings: 1

Command output

##############################################################################
##############################################################################
###
### Running command:
###
###   /home/biocbuild/bbs-3.20-bioc/R/bin/R CMD check --install=check:synergyfinder.install-out.txt --library=/home/biocbuild/bbs-3.20-bioc/R/site-library --timings synergyfinder_3.14.0.tar.gz
###
##############################################################################
##############################################################################


* using log directory ‘/home/biocbuild/bbs-3.20-bioc/meat/synergyfinder.Rcheck’
* using R version 4.4.2 (2024-10-31)
* using platform: x86_64-pc-linux-gnu
* R was compiled by
    gcc (Ubuntu 13.2.0-23ubuntu4) 13.2.0
    GNU Fortran (Ubuntu 13.2.0-23ubuntu4) 13.2.0
* running under: Ubuntu 24.04.1 LTS
* using session charset: UTF-8
* checking for file ‘synergyfinder/DESCRIPTION’ ... OK
* checking extension type ... Package
* this is package ‘synergyfinder’ version ‘3.14.0’
* package encoding: UTF-8
* checking package namespace information ... OK
* checking package dependencies ... OK
* checking if this is a source package ... OK
* checking if there is a namespace ... OK
* checking for hidden files and directories ... OK
* checking for portable file names ... OK
* checking for sufficient/correct file permissions ... OK
* checking whether package ‘synergyfinder’ can be installed ... OK
* checking installed package size ... OK
* checking package directory ... OK
* checking ‘build’ directory ... OK
* checking DESCRIPTION meta-information ... OK
* checking top-level files ... OK
* checking for left-over files ... OK
* checking index information ... OK
* checking package subdirectories ... OK
* checking code files for non-ASCII characters ... OK
* checking R files for syntax errors ... OK
* checking whether the package can be loaded ... OK
* checking whether the package can be loaded with stated dependencies ... OK
* checking whether the package can be unloaded cleanly ... OK
* checking whether the namespace can be loaded with stated dependencies ... OK
* checking whether the namespace can be unloaded cleanly ... OK
* checking loading without being on the library search path ... OK
* checking dependencies in R code ... WARNING
'::' or ':::' import not declared from: ‘scales’
Namespaces in Imports field not imported from:
  ‘future’ ‘gstat’ ‘nleqslv’ ‘sp’ ‘tidyverse’
  All declared Imports should be used.
* checking S3 generic/method consistency ... OK
* checking replacement functions ... OK
* checking foreign function calls ... OK
* checking R code for possible problems ... NOTE
.Extract2DrugPlotData: no visible binding for global variable
  ‘input_type’
.Extract2DrugPlotData: no visible binding for global variable
  ‘block_id’
.Extract2DrugPlotData: no visible binding for global variable ‘value’
.Extract2DrugPlotData: no visible binding for global variable ‘left’
.Extract2DrugPlotData: no visible binding for global variable ‘right’
.Extract2DrugPlotData: no visible binding for global variable ‘conc1’
.Extract2DrugPlotData: no visible binding for global variable ‘conc2’
.Extract2DrugPlotData: no visible binding for global variable ‘text’
.ExtractMultiDrugPlotData: no visible binding for global variable
  ‘block_id’
Bliss: no visible binding for global variable ‘Bliss_ref’
CalculateCSS: no visible binding for global variable ‘data’
CalculateSensitivity: no visible binding for global variable
  ‘response_origin’
CalculateSensitivity: no visible binding for global variable ‘block_id’
CalculateSynergy: no visible binding for global variable
  ‘response_origin’
CalculateSynergy: no visible binding for global variable ‘block_id’
CalculateSynergy: no visible global function definition for ‘t.test’
HSA: no visible binding for global variable ‘HSA_ref’
HighlightBarPlot: no visible binding for global variable ‘id’
HighlightBarPlot: no visible binding for global variable ‘value’
HighlightBarPlot: no visible binding for global variable ‘color’
Plot2DrugHeatmap: no visible binding for global variable ‘text’
PlotBarometer: no visible binding for global variable ‘block_id’
PlotBarometer: no visible binding for global variable ‘response_mean’
PlotBarometer: no visible binding for global variable ‘response’
PlotBarometer: no visible binding for global variable ‘r’
PlotBarometer: no visible binding for global variable ‘theta’
PlotBarometer: no visible binding for global variable ‘value’
PlotBarometer: no visible binding for global variable ‘start’
PlotBarometer: no visible binding for global variable ‘end’
PlotBarometer: no visible binding for global variable ‘label’
PlotBarometer: no visible binding for global variable ‘x’
PlotBarometer: no visible binding for global variable ‘y’
PlotBarometer: no visible binding for global variable ‘adjust’
PlotBarometer: no visible binding for global variable ‘angle’
PlotDoseResponseCurve: no visible binding for global variable
  ‘response_origin’
PlotDoseResponseCurve: no visible binding for global variable
  ‘block_id’
PlotDoseResponseCurve: no visible global function definition for
  ‘dev.list’
PlotDoseResponseCurve: no visible global function definition for
  ‘dev.off’
PlotMultiDrugBar: no visible binding for global variable ‘id’
PlotMultiDrugBar: no visible binding for global variable ‘value’
PlotMultiDrugBar: no visible binding for global variable ‘color’
PlotMultiDrugBar: no visible binding for global variable ‘metric’
PlotSensitivitySynergy: no visible binding for global variable
  ‘block_id’
PlotSensitivitySynergy: no visible binding for global variable ‘css’
PlotSensitivitySynergy: no visible binding for global variable ‘label’
PlotSensitivitySynergy: no visible binding for global variable
  ‘synergy’
ReshapeData: no visible binding for global variable ‘block_id’
ReshapeData: no visible binding for global variable ‘n’
ReshapeData: no visible global function definition for ‘head’
ReshapeData: no visible binding for global variable ‘response_origin’
ReshapeData: no visible binding for global variable ‘nn’
ReshapeData: no visible binding for global variable ‘maxn’
ReshapeData: no visible binding for global variable ‘response_sd’
ReshapeData: no visible binding for global variable ‘response_sem’
ReshapeData: no visible binding for global variable ‘response_mean’
ReshapeData: no visible binding for global variable ‘response_CI95’
ReshapeData: no visible binding for global variable
  ‘response_origin_sd’
ReshapeData: no visible binding for global variable
  ‘response_origin_sem’
ReshapeData: no visible binding for global variable
  ‘response_origin_mean’
ReshapeData: no visible binding for global variable
  ‘response_origin_CI95’
ZIP : <anonymous>: no visible global function definition for ‘predict’
ZIP : <anonymous>: no visible binding for global variable ‘data’
ZIP : <anonymous>: no visible binding for global variable ‘pred’
ZIP : <anonymous>: no visible global function definition for ‘:=’
ZIP: no visible binding for global variable ‘.’
ZIP: no visible binding for global variable ‘ZIP_fit’
ZIP: no visible binding for global variable ‘ZIP_ref’
ZIP: no visible binding for global variable ‘ZIP_synergy’
Undefined global functions or variables:
  . := Bliss_ref HSA_ref ZIP_fit ZIP_ref ZIP_synergy adjust angle
  block_id color conc1 conc2 css data dev.list dev.off end head id
  input_type label left maxn metric n nn pred predict r response
  response_CI95 response_mean response_origin response_origin_CI95
  response_origin_mean response_origin_sd response_origin_sem
  response_sd response_sem right start synergy t.test text theta value
  x y
Consider adding
  importFrom("grDevices", "dev.list", "dev.off")
  importFrom("graphics", "text")
  importFrom("stats", "end", "predict", "start", "t.test")
  importFrom("utils", "data", "head")
to your NAMESPACE file.
* checking Rd files ... NOTE
checkRd: (-1) FitDoseResponse.Rd:54: Lost braces
    54 | href{https://onlinelibrary.wiley.com/doi/book/10.1002/0471725315}{Nonlinear
       |     ^
checkRd: (-1) FitDoseResponse.Rd:54-55: Lost braces
    54 | href{https://onlinelibrary.wiley.com/doi/book/10.1002/0471725315}{Nonlinear
       |                                                                  ^
checkRd: (-1) FitDoseResponse.Rd:55: Escaped LaTeX specials: \&
checkRd: (-1) PlotBarometer.Rd:118: Lost braces
   118 | href{https://www.frontiersin.org/articles/10.3389/fphar.2015.00181/full}{What
       |     ^
checkRd: (-1) PlotBarometer.Rd:118-119: Lost braces
   118 | href{https://www.frontiersin.org/articles/10.3389/fphar.2015.00181/full}{What
       |                                                                         ^
checkRd: (-1) PlotDoseResponseCurve.Rd:84: Lost braces
    84 | link[drc]{plot.drc} function. For example, use xlim = c(0.5, 500) or
       |          ^
* checking Rd metadata ... OK
* checking Rd cross-references ... OK
* checking for missing documentation entries ... OK
* checking for code/documentation mismatches ... OK
* checking Rd \usage sections ... OK
* checking Rd contents ... OK
* checking for unstated dependencies in examples ... OK
* checking contents of ‘data’ directory ... OK
* checking data for non-ASCII characters ... OK
* checking data for ASCII and uncompressed saves ... OK
* checking files in ‘vignettes’ ... OK
* checking examples ... OK
Examples with CPU (user + system) or elapsed time > 5s
                       user system elapsed
CalculateSensitivity 18.705  0.188  18.898
PlotMultiDrugSurface  9.472  0.194   9.667
* checking for unstated dependencies in vignettes ... OK
* checking package vignettes ... OK
* checking re-building of vignette outputs ... OK
* checking PDF version of manual ... OK
* DONE

Status: 1 WARNING, 2 NOTEs
See
  ‘/home/biocbuild/bbs-3.20-bioc/meat/synergyfinder.Rcheck/00check.log’
for details.


Installation output

synergyfinder.Rcheck/00install.out

##############################################################################
##############################################################################
###
### Running command:
###
###   /home/biocbuild/bbs-3.20-bioc/R/bin/R CMD INSTALL synergyfinder
###
##############################################################################
##############################################################################


* installing to library ‘/home/biocbuild/bbs-3.20-bioc/R/site-library’
* installing *source* package ‘synergyfinder’ ...
** using staged installation
** R
** data
** inst
** byte-compile and prepare package for lazy loading
** help
*** installing help indices
** building package indices
** installing vignettes
** testing if installed package can be loaded from temporary location
** testing if installed package can be loaded from final location
** testing if installed package keeps a record of temporary installation path
* DONE (synergyfinder)

Tests output


Example timings

synergyfinder.Rcheck/synergyfinder-Ex.timings

nameusersystemelapsed
Bliss0.1830.0140.196
CalculateRI1.0220.0871.108
CalculateSensitivity18.705 0.18818.898
CalculateSynergy1.2790.0371.316
CorrectBaseLine0.1430.0000.143
ExtractSingleDrug0.0880.0000.088
FindModelType0.0130.0000.012
FitDoseResponse0.0130.0000.013
HSA0.0950.0000.096
Loewe0.2140.0000.214
Plot2DrugContour1.0250.0171.042
Plot2DrugHeatmap0.3930.0050.398
Plot2DrugSurface0.5030.0120.515
PlotBarometer1.6350.0021.637
PlotDoseResponse000
PlotDoseResponseCurve0.1340.0000.134
PlotMultiDrugBar2.3230.0072.330
PlotMultiDrugSurface9.4720.1949.667
PlotSensitivitySynergy2.5670.0272.594
PlotSynergy1.3030.0031.306
ReshapeData0.0820.0000.082
ZIP0.4530.0010.454