Back to Multiple platform build/check report for BioC 3.20:   simplified   long
ABCDEFGHIJKLMNOPQRSTUVWXY[Z]

This page was generated on 2025-02-06 12:07 -0500 (Thu, 06 Feb 2025).

HostnameOSArch (*)R versionInstalled pkgs
nebbiolo2Linux (Ubuntu 24.04.1 LTS)x86_644.4.2 (2024-10-31) -- "Pile of Leaves" 4753
palomino8Windows Server 2022 Datacenterx644.4.2 (2024-10-31 ucrt) -- "Pile of Leaves" 4501
merida1macOS 12.7.5 Montereyx86_644.4.2 (2024-10-31) -- "Pile of Leaves" 4524
kjohnson1macOS 13.6.6 Venturaarm644.4.2 (2024-10-31) -- "Pile of Leaves" 4476
taishanLinux (openEuler 24.03 LTS)aarch644.4.2 (2024-10-31) -- "Pile of Leaves" 4407
Click on any hostname to see more info about the system (e.g. compilers)      (*) as reported by 'uname -p', except on Windows and Mac OS X

Package 2287/2289HostnameOS / ArchINSTALLBUILDCHECKBUILD BIN
zitools 1.0.0  (landing page)
Carlotta Meyring
Snapshot Date: 2025-02-03 13:00 -0500 (Mon, 03 Feb 2025)
git_url: https://git.bioconductor.org/packages/zitools
git_branch: RELEASE_3_20
git_last_commit: 64fc513
git_last_commit_date: 2024-10-29 11:31:47 -0500 (Tue, 29 Oct 2024)
nebbiolo2Linux (Ubuntu 24.04.1 LTS) / x86_64  OK    OK    WARNINGS  UNNEEDED, same version is already published
palomino8Windows Server 2022 Datacenter / x64  OK    OK    WARNINGS    OK  UNNEEDED, same version is already published
merida1macOS 12.7.5 Monterey / x86_64  OK    OK    WARNINGS    NA  
kjohnson1macOS 13.6.6 Ventura / arm64  OK    OK    WARNINGS    OK  UNNEEDED, same version is already published
taishanLinux (openEuler 24.03 LTS) / aarch64  OK    OK    WARNINGS  


CHECK results for zitools on palomino8

To the developers/maintainers of the zitools package:
- Allow up to 24 hours (and sometimes 48 hours) for your latest push to git@git.bioconductor.org:packages/zitools.git to reflect on this report. See Troubleshooting Build Report for more information.
- Use the following Renviron settings to reproduce errors and warnings.
- If 'R CMD check' started to fail recently on the Linux builder(s) over a missing dependency, add the missing dependency to 'Suggests:' in your DESCRIPTION file. See Renviron.bioc for more information.

raw results


Summary

Package: zitools
Version: 1.0.0
Command: F:\biocbuild\bbs-3.20-bioc\R\bin\R.exe CMD check --no-multiarch --install=check:zitools.install-out.txt --library=F:\biocbuild\bbs-3.20-bioc\R\library --no-vignettes --timings zitools_1.0.0.tar.gz
StartedAt: 2025-02-04 07:35:12 -0500 (Tue, 04 Feb 2025)
EndedAt: 2025-02-04 07:41:49 -0500 (Tue, 04 Feb 2025)
EllapsedTime: 396.5 seconds
RetCode: 0
Status:   WARNINGS  
CheckDir: zitools.Rcheck
Warnings: 1

Command output

##############################################################################
##############################################################################
###
### Running command:
###
###   F:\biocbuild\bbs-3.20-bioc\R\bin\R.exe CMD check --no-multiarch --install=check:zitools.install-out.txt --library=F:\biocbuild\bbs-3.20-bioc\R\library --no-vignettes --timings zitools_1.0.0.tar.gz
###
##############################################################################
##############################################################################


* using log directory 'F:/biocbuild/bbs-3.20-bioc/meat/zitools.Rcheck'
* using R version 4.4.2 (2024-10-31 ucrt)
* using platform: x86_64-w64-mingw32
* R was compiled by
    gcc.exe (GCC) 13.3.0
    GNU Fortran (GCC) 13.3.0
* running under: Windows Server 2022 x64 (build 20348)
* using session charset: UTF-8
* using option '--no-vignettes'
* checking for file 'zitools/DESCRIPTION' ... OK
* this is package 'zitools' version '1.0.0'
* package encoding: UTF-8
* checking package namespace information ... OK
* checking package dependencies ... OK
* checking if this is a source package ... OK
* checking if there is a namespace ... OK
* checking for hidden files and directories ... OK
* checking for portable file names ... OK
* checking whether package 'zitools' can be installed ... OK
* checking installed package size ... OK
* checking package directory ... OK
* checking 'build' directory ... OK
* checking DESCRIPTION meta-information ... NOTE
License stub is invalid DCF.
* checking top-level files ... OK
* checking for left-over files ... OK
* checking index information ... OK
* checking package subdirectories ... OK
* checking code files for non-ASCII characters ... OK
* checking R files for syntax errors ... OK
* checking whether the package can be loaded ... OK
* checking whether the package can be loaded with stated dependencies ... OK
* checking whether the package can be unloaded cleanly ... OK
* checking whether the namespace can be loaded with stated dependencies ... OK
* checking whether the namespace can be unloaded cleanly ... OK
* checking dependencies in R code ... OK
* checking S3 generic/method consistency ... OK
* checking replacement functions ... OK
* checking foreign function calls ... OK
* checking R code for possible problems ... NOTE
calcWeights: no visible global function definition for 'predict'
omit_str_zero: no visible global function definition for 'predict'
Undefined global functions or variables:
  predict
Consider adding
  importFrom("stats", "predict")
to your NAMESPACE file.
* checking Rd files ... OK
* checking Rd metadata ... OK
* checking Rd cross-references ... OK
* checking for missing documentation entries ... OK
* checking for code/documentation mismatches ... WARNING
Codoc mismatches from Rd file 'rowQuantiles.Rd':
\S4method{rowQuantiles}{Zi}
  Code: function(x, rows = NULL, cols = NULL, probs = seq(from = 0, to
                 = 1, by = 0.25), na.rm = FALSE, type = 7L, digits =
                 7L, ..., useNames = TRUE, drop = TRUE)
  Docs: function(x, rows = NULL, cols = NULL, probs = seq(from = 0, to
                 = 1, by = 0.25), na.rm = TRUE, type = 7L, ...,
                 useNames = TRUE, drop = TRUE)
  Argument names in code not in docs:
    digits
  Mismatches in argument names:
    Position: 7 Code: digits Docs: ...
    Position: 8 Code: ... Docs: useNames
    Position: 9 Code: useNames Docs: drop
  Mismatches in argument default values:
    Name: 'na.rm' Code: FALSE Docs: TRUE
\S4method{colQuantiles}{Zi}
  Code: function(x, rows = NULL, cols = NULL, probs = seq(from = 0, to
                 = 1, by = 0.25), na.rm = FALSE, type = 7L, digits =
                 7L, ..., useNames = TRUE, drop = TRUE)
  Docs: function(x, rows = NULL, cols = NULL, probs = seq(from = 0, to
                 = 1, by = 0.25), na.rm = TRUE, type = 7L, ...,
                 useNames = TRUE, drop = TRUE)
  Argument names in code not in docs:
    digits
  Mismatches in argument names:
    Position: 7 Code: digits Docs: ...
    Position: 8 Code: ... Docs: useNames
    Position: 9 Code: useNames Docs: drop
  Mismatches in argument default values:
    Name: 'na.rm' Code: FALSE Docs: TRUE

* checking Rd \usage sections ... OK
* checking Rd contents ... OK
* checking for unstated dependencies in examples ... OK
* checking contents of 'data' directory ... OK
* checking data for non-ASCII characters ... OK
* checking data for ASCII and uncompressed saves ... OK
* checking sizes of PDF files under 'inst/doc' ... OK
* checking files in 'vignettes' ... OK
* checking examples ... OK
Examples with CPU (user + system) or elapsed time > 5s
     user system elapsed
plus 4.66   0.87    5.53
* checking for unstated dependencies in 'tests' ... OK
* checking tests ...
  Running 'testthat.R'
 OK
* checking for unstated dependencies in vignettes ... OK
* checking package vignettes ... OK
* checking running R code from vignettes ... SKIPPED
* checking re-building of vignette outputs ... SKIPPED
* checking PDF version of manual ... OK
* DONE

Status: 1 WARNING, 2 NOTEs
See
  'F:/biocbuild/bbs-3.20-bioc/meat/zitools.Rcheck/00check.log'
for details.


Installation output

zitools.Rcheck/00install.out

##############################################################################
##############################################################################
###
### Running command:
###
###   F:\biocbuild\bbs-3.20-bioc\R\bin\R.exe CMD INSTALL zitools
###
##############################################################################
##############################################################################


* installing to library 'F:/biocbuild/bbs-3.20-bioc/R/library'
* installing *source* package 'zitools' ...
** using staged installation
** R
** data
** byte-compile and prepare package for lazy loading
Creating a new generic function for 'weights' in package 'zitools'
Creating a new generic function for 'weightedSd' in package 'zitools'
Creating a generic function for 'cov' from package 'stats' in package 'zitools'
** help
*** installing help indices
** building package indices
** installing vignettes
** testing if installed package can be loaded from temporary location
** testing if installed package can be loaded from final location
** testing if installed package keeps a record of temporary installation path
* DONE (zitools)

Tests output

zitools.Rcheck/tests/testthat.Rout


R version 4.4.2 (2024-10-31 ucrt) -- "Pile of Leaves"
Copyright (C) 2024 The R Foundation for Statistical Computing
Platform: x86_64-w64-mingw32/x64

R is free software and comes with ABSOLUTELY NO WARRANTY.
You are welcome to redistribute it under certain conditions.
Type 'license()' or 'licence()' for distribution details.

R is a collaborative project with many contributors.
Type 'contributors()' for more information and
'citation()' on how to cite R or R packages in publications.

Type 'demo()' for some demos, 'help()' for on-line help, or
'help.start()' for an HTML browser interface to help.
Type 'q()' to quit R.

> library(testthat)
> library(zitools)

Attaching package: 'zitools'

The following objects are masked from 'package:stats':

    heatmap, weights

> 
> test_check("zitools")
[ FAIL 0 | WARN 0 | SKIP 0 | PASS 9 ]
> 
> 
> proc.time()
   user  system elapsed 
  28.34    2.67   30.96 

Example timings

zitools.Rcheck/zitools-Ex.timings

nameusersystemelapsed
MissingValueHeatmap000
assays3.890.254.14
boxplot3.190.283.47
colData2.360.442.79
colMeans22.360.562.93
colMedians2.440.372.81
cor3.390.383.76
cov2.860.343.21
deinflatedcounts2.510.633.14
heatmap2.560.292.86
inputcounts2.990.523.50
inputdata2.390.382.76
log1p2.420.322.75
log2p2.330.462.78
mean2.940.453.39
median2.350.392.73
model2.280.452.74
otu_table2.450.502.95
plot3.030.413.44
plus4.660.875.53
quantile2.390.582.97
resample_deinflatedcounts3.000.473.47
rowData2.170.702.87
rowQuantiles2.410.332.74
rowSds2.370.322.69
rowVars3.030.423.45
rowWeightedMeans2.460.292.75
rowWeightedSds2.260.472.73
sample_data2.390.392.78
sd2.940.353.29
show2.440.292.73
slash2.390.292.67
subset_feature2.510.352.88
subset_sample2.920.383.29
t2.400.342.74
tax_table2.280.412.69
times3.030.343.38
var2.360.352.70
weighted.mean2.330.372.71
weightedVar2.370.272.64
weights2.970.453.42
zi2deseq22.500.613.11
zi2phyloseq2.340.442.78
ziMain2.350.232.58