Back to Multiple platform build/check report for BioC 3.21:   simplified   long
AB[C]DEFGHIJKLMNOPQRSTUVWXYZ

This page was generated on 2025-02-06 11:39 -0500 (Thu, 06 Feb 2025).

HostnameOSArch (*)R versionInstalled pkgs
nebbiolo1Linux (Ubuntu 24.04.1 LTS)x86_64R Under development (unstable) (2025-01-20 r87609) -- "Unsuffered Consequences" 4719
palomino7Windows Server 2022 Datacenterx64R Under development (unstable) (2025-01-21 r87610 ucrt) -- "Unsuffered Consequences" 4480
lconwaymacOS 12.7.1 Montereyx86_64R Under development (unstable) (2025-01-22 r87618) -- "Unsuffered Consequences" 4491
kjohnson3macOS 13.7.1 Venturaarm64R Under development (unstable) (2025-01-20 r87609) -- "Unsuffered Consequences" 4444
Click on any hostname to see more info about the system (e.g. compilers)      (*) as reported by 'uname -p', except on Windows and Mac OS X

Package 277/2295HostnameOS / ArchINSTALLBUILDCHECKBUILD BIN
CatsCradle 1.1.0  (landing page)
Michael Shapiro
Snapshot Date: 2025-02-05 13:48 -0500 (Wed, 05 Feb 2025)
git_url: https://git.bioconductor.org/packages/CatsCradle
git_branch: devel
git_last_commit: 33deb7f
git_last_commit_date: 2024-10-29 11:33:50 -0500 (Tue, 29 Oct 2024)
nebbiolo1Linux (Ubuntu 24.04.1 LTS) / x86_64  OK    OK    WARNINGS  UNNEEDED, same version is already published
palomino7Windows Server 2022 Datacenter / x64  OK    OK    WARNINGS    OK  UNNEEDED, same version is already published
lconwaymacOS 12.7.1 Monterey / x86_64  OK    OK    WARNINGS    OK  UNNEEDED, same version is already published
kjohnson3macOS 13.7.1 Ventura / arm64  OK    OK    WARNINGS    OK  UNNEEDED, same version is already published


CHECK results for CatsCradle on nebbiolo1

To the developers/maintainers of the CatsCradle package:
- Allow up to 24 hours (and sometimes 48 hours) for your latest push to git@git.bioconductor.org:packages/CatsCradle.git to reflect on this report. See Troubleshooting Build Report for more information.
- Use the following Renviron settings to reproduce errors and warnings.
- If 'R CMD check' started to fail recently on the Linux builder(s) over a missing dependency, add the missing dependency to 'Suggests:' in your DESCRIPTION file. See Renviron.bioc for more information.

raw results


Summary

Package: CatsCradle
Version: 1.1.0
Command: /home/biocbuild/bbs-3.21-bioc/R/bin/R CMD check --install=check:CatsCradle.install-out.txt --library=/home/biocbuild/bbs-3.21-bioc/R/site-library --timings CatsCradle_1.1.0.tar.gz
StartedAt: 2025-02-05 20:41:29 -0500 (Wed, 05 Feb 2025)
EndedAt: 2025-02-05 20:56:29 -0500 (Wed, 05 Feb 2025)
EllapsedTime: 900.4 seconds
RetCode: 0
Status:   WARNINGS  
CheckDir: CatsCradle.Rcheck
Warnings: 1

Command output

##############################################################################
##############################################################################
###
### Running command:
###
###   /home/biocbuild/bbs-3.21-bioc/R/bin/R CMD check --install=check:CatsCradle.install-out.txt --library=/home/biocbuild/bbs-3.21-bioc/R/site-library --timings CatsCradle_1.1.0.tar.gz
###
##############################################################################
##############################################################################


* using log directory ‘/home/biocbuild/bbs-3.21-bioc/meat/CatsCradle.Rcheck’
* using R Under development (unstable) (2025-01-20 r87609)
* using platform: x86_64-pc-linux-gnu
* R was compiled by
    gcc (Ubuntu 13.3.0-6ubuntu2~24.04) 13.3.0
    GNU Fortran (Ubuntu 13.3.0-6ubuntu2~24.04) 13.3.0
* running under: Ubuntu 24.04.1 LTS
* using session charset: UTF-8
* checking for file ‘CatsCradle/DESCRIPTION’ ... OK
* this is package ‘CatsCradle’ version ‘1.1.0’
* package encoding: UTF-8
* checking package namespace information ... OK
* checking package dependencies ... INFO
Imports includes 21 non-default packages.
Importing from so many packages makes the package vulnerable to any of
them becoming unavailable.  Move as many as possible to Suggests and
use conditionally.
* checking if this is a source package ... OK
* checking if there is a namespace ... OK
* checking for hidden files and directories ... OK
* checking for portable file names ... OK
* checking for sufficient/correct file permissions ... OK
* checking whether package ‘CatsCradle’ can be installed ... OK
* checking installed package size ... OK
* checking package directory ... OK
* checking ‘build’ directory ... OK
* checking DESCRIPTION meta-information ... OK
* checking top-level files ... OK
* checking for left-over files ... OK
* checking index information ... OK
* checking package subdirectories ... OK
* checking code files for non-ASCII characters ... OK
* checking R files for syntax errors ... OK
* checking whether the package can be loaded ... OK
* checking whether the package can be loaded with stated dependencies ... OK
* checking whether the package can be unloaded cleanly ... OK
* checking whether the namespace can be loaded with stated dependencies ... OK
* checking whether the namespace can be unloaded cleanly ... OK
* checking loading without being on the library search path ... OK
* checking dependencies in R code ... OK
* checking S3 generic/method consistency ... OK
* checking replacement functions ... OK
* checking foreign function calls ... OK
* checking R code for possible problems ... NOTE
edgeLengthPlot: no visible binding for global variable ‘cellTypePair’
edgeLengthPlot: no visible binding for global variable ‘cutoff’
make.getExample : getExample: no visible binding for global variable
  ‘seuratGenes’
make.getExample : getExample: no visible binding for global variable
  ‘seuratCells’
make.getExample : getExample: no visible binding for global variable
  ‘xeniumCells’
make.getExample : getExample: no visible binding for global variable
  ‘moransI’
make.getExample : getExample: no visible binding for global variable
  ‘moransILigandReceptor’
make.getExample : getExample: no visible binding for global variable
  ‘humanLRN’
make.getExample : getExample: no visible binding for global variable
  ‘mouseLRN’
meanGeneClusterOnCellUMAP: no visible binding for global variable
  ‘UMAP_1’
meanGeneClusterOnCellUMAP: no visible binding for global variable
  ‘UMAP_2’
Undefined global functions or variables:
  UMAP_1 UMAP_2 cellTypePair cutoff humanLRN moransI
  moransILigandReceptor mouseLRN seuratCells seuratGenes xeniumCells
* checking Rd files ... OK
* checking Rd metadata ... OK
* checking Rd cross-references ... OK
* checking for missing documentation entries ... OK
* checking for code/documentation mismatches ... OK
* checking Rd \usage sections ... WARNING
Undocumented arguments in Rd file 'getFeatureZScores.Rd'
  ‘features’
Documented arguments not in \usage in Rd file 'getFeatureZScores.Rd':
  ‘featurs’

Functions with \usage entries need to have the appropriate \alias
entries, and all their arguments documented.
The \usage entries must correspond to syntactically valid R code.
See chapter ‘Writing R documentation files’ in the ‘Writing R
Extensions’ manual.
* checking Rd contents ... OK
* checking for unstated dependencies in examples ... OK
* checking contents of ‘data’ directory ... OK
* checking data for non-ASCII characters ... OK
* checking data for ASCII and uncompressed saves ... OK
* checking files in ‘vignettes’ ... OK
* checking examples ... OK
Examples with CPU (user + system) or elapsed time > 5s
                                      user system elapsed
computeNBHDVsCTObject               19.086  0.225  19.317
randomiseNodeIndices                14.281  0.064  14.351
getObjectSubsetClusteringPValue     12.887  0.080  12.969
aggregateGeneExpression             10.854  0.206  10.997
transposeObject                      9.226  0.005   9.233
computeGraphEmbedding                8.922  0.046   8.970
predictAnnotation                    8.407  0.024   8.433
predictAnnotationAllGenes            7.199  0.033   7.234
predictGeneAnnotationImpl            6.144  0.038   6.183
getObjectSubsetClusteringStatistics  5.218  0.034   5.253
tagRowAndColNames                    5.202  0.002   5.207
combinatorialSpheres                 5.101  0.078   5.181
geneSetsVsGeneClustersPValueMatrix   5.126  0.027   5.171
medianComplementPValue               5.117  0.035   5.153
* checking for unstated dependencies in vignettes ... OK
* checking package vignettes ... OK
* checking re-building of vignette outputs ... OK
* checking PDF version of manual ... OK
* DONE

Status: 1 WARNING, 1 NOTE
See
  ‘/home/biocbuild/bbs-3.21-bioc/meat/CatsCradle.Rcheck/00check.log’
for details.


Installation output

CatsCradle.Rcheck/00install.out

##############################################################################
##############################################################################
###
### Running command:
###
###   /home/biocbuild/bbs-3.21-bioc/R/bin/R CMD INSTALL CatsCradle
###
##############################################################################
##############################################################################


* installing to library ‘/home/biocbuild/bbs-3.21-bioc/R/site-library’
* installing *source* package ‘CatsCradle’ ...
** this is package ‘CatsCradle’ version ‘1.1.0’
** using staged installation
** R
** data
** inst
** byte-compile and prepare package for lazy loading
** help
*** installing help indices
** building package indices
** installing vignettes
** testing if installed package can be loaded from temporary location
** testing if installed package can be loaded from final location
** testing if installed package keeps a record of temporary installation path
* DONE (CatsCradle)

Tests output


Example timings

CatsCradle.Rcheck/CatsCradle-Ex.timings

nameusersystemelapsed
aggregateGeneExpression10.854 0.20610.997
annotateGeneAsVector4.5090.2854.794
annotateGenesByGeneSet1.5900.0351.626
cellTypesPerCellTypeGraphFromCellMatrix0.4020.0060.410
collapseExtendedNBHDs2.3980.0072.336
combinatorialSpheres5.1010.0785.181
computeCellTypesPerCellTypeMatrix0.2960.0010.298
computeEdgeGraph0.3510.0120.334
computeEdgeObject1.0510.0361.088
computeGraphEmbedding8.9220.0468.970
computeNBHDByCTMatrix0.2870.0120.299
computeNBHDVsCTObject19.086 0.22519.317
computeNeighbourEnrichment0.8360.0070.843
computeNeighboursDelaunay0.2980.0000.298
computeNeighboursEuclidean1.5590.0201.075
cullEdges3.0630.0593.121
desymmetriseNN4.7700.0174.789
directedHausdorfDistance0.0000.0010.000
edgeCutoffsByClustering2.7720.1442.917
edgeCutoffsByPercentile2.7800.0222.802
edgeCutoffsByWatershed2.8350.1212.957
edgeCutoffsByZScore2.8170.1462.963
edgeLengthPlot2.8720.1252.998
edgeLengthsAndCellTypePairs2.8100.0122.821
exampleObjects0.0010.0000.000
geneSetsVsGeneClustersPValueMatrix5.1260.0275.171
getAverageExpressionDF4.8870.0044.894
getAverageExpressionMatrix4.9790.0014.982
getClusterOrder4.6050.0014.609
getExtendedNBHDs1.2920.0021.120
getFeatureZScores0.2030.0040.206
getGeneClusterAveragesPerCell4.5950.0054.602
getGeneNeighbors4.7720.0024.775
getLigandReceptorNetwork0.0150.0000.016
getLigandReceptorPairsInPanel0.2680.0000.268
getNearbyGenes4.8190.0774.897
getNearestNeighbourLists4.5810.0004.593
getObjectSubsetClusteringPValue12.887 0.08012.969
getObjectSubsetClusteringStatistics5.2180.0345.253
make.getExample0.2770.0000.276
makeLRInteractionHeatmap0.4190.0070.427
makeSummedLRInteractionHeatmap0.3290.0020.330
meanGeneClusterOnCellUMAP4.8600.0004.861
meanZPerCluster4.9510.0064.959
meanZPerClusterOnUMAP4.8370.0004.839
medianComplementDistance0.0000.0010.000
medianComplementPValue5.1170.0355.153
nbhdsAsEdgesToNbhdsAsList0.9710.0010.972
neighbourhoodDiameter1.0100.0011.011
performLigandReceptorAnalysis2.5350.8023.338
predictAnnotation8.4070.0248.433
predictAnnotationAllGenes7.1990.0337.234
predictGeneAnnotationImpl6.1440.0386.183
randomiseNodeIndices14.281 0.06414.351
runGeometricClusteringTrials4.8410.0274.870
runMoransI1.5450.0011.546
sankeyFromMatrix0.0030.0010.004
symmetriseNN4.7610.0024.764
symmetryCheckNN4.6290.0034.635
tagRowAndColNames5.2020.0025.207
transposeObject9.2260.0059.233