Back to Multiple platform build/check report for BioC 3.21:   simplified   long
AB[C]DEFGHIJKLMNOPQRSTUVWXYZ

This page was generated on 2025-02-04 11:39 -0500 (Tue, 04 Feb 2025).

HostnameOSArch (*)R versionInstalled pkgs
nebbiolo1Linux (Ubuntu 24.04.1 LTS)x86_64R Under development (unstable) (2025-01-20 r87609) -- "Unsuffered Consequences" 4716
palomino7Windows Server 2022 Datacenterx64R Under development (unstable) (2025-01-21 r87610 ucrt) -- "Unsuffered Consequences" 4478
lconwaymacOS 12.7.1 Montereyx86_64R Under development (unstable) (2025-01-22 r87618) -- "Unsuffered Consequences" 4489
kjohnson3macOS 13.7.1 Venturaarm64R Under development (unstable) (2025-01-20 r87609) -- "Unsuffered Consequences" 4442
Click on any hostname to see more info about the system (e.g. compilers)      (*) as reported by 'uname -p', except on Windows and Mac OS X

Package 347/2295HostnameOS / ArchINSTALLBUILDCHECKBUILD BIN
ChromSCape 1.17.0  (landing page)
Pacome Prompsy
Snapshot Date: 2025-02-03 13:40 -0500 (Mon, 03 Feb 2025)
git_url: https://git.bioconductor.org/packages/ChromSCape
git_branch: devel
git_last_commit: 237c895
git_last_commit_date: 2024-10-29 10:51:14 -0500 (Tue, 29 Oct 2024)
nebbiolo1Linux (Ubuntu 24.04.1 LTS) / x86_64  OK    OK    WARNINGS  UNNEEDED, same version is already published
palomino7Windows Server 2022 Datacenter / x64  OK    OK    WARNINGS    OK  UNNEEDED, same version is already published
lconwaymacOS 12.7.1 Monterey / x86_64  OK    OK    WARNINGS    OK  NO, package depends on 'rtracklayer' which is only available as a source package that needs compilation
kjohnson3macOS 13.7.1 Ventura / arm64  OK    OK    WARNINGS    OK  NO, package depends on 'rtracklayer' which is only available as a source package that needs compilation


CHECK results for ChromSCape on nebbiolo1

To the developers/maintainers of the ChromSCape package:
- Allow up to 24 hours (and sometimes 48 hours) for your latest push to git@git.bioconductor.org:packages/ChromSCape.git to reflect on this report. See Troubleshooting Build Report for more information.
- Use the following Renviron settings to reproduce errors and warnings.
- If 'R CMD check' started to fail recently on the Linux builder(s) over a missing dependency, add the missing dependency to 'Suggests:' in your DESCRIPTION file. See Renviron.bioc for more information.

raw results


Summary

Package: ChromSCape
Version: 1.17.0
Command: /home/biocbuild/bbs-3.21-bioc/R/bin/R CMD check --install=check:ChromSCape.install-out.txt --library=/home/biocbuild/bbs-3.21-bioc/R/site-library --timings ChromSCape_1.17.0.tar.gz
StartedAt: 2025-02-03 21:04:04 -0500 (Mon, 03 Feb 2025)
EndedAt: 2025-02-03 21:16:15 -0500 (Mon, 03 Feb 2025)
EllapsedTime: 731.0 seconds
RetCode: 0
Status:   WARNINGS  
CheckDir: ChromSCape.Rcheck
Warnings: 3

Command output

##############################################################################
##############################################################################
###
### Running command:
###
###   /home/biocbuild/bbs-3.21-bioc/R/bin/R CMD check --install=check:ChromSCape.install-out.txt --library=/home/biocbuild/bbs-3.21-bioc/R/site-library --timings ChromSCape_1.17.0.tar.gz
###
##############################################################################
##############################################################################


* using log directory ‘/home/biocbuild/bbs-3.21-bioc/meat/ChromSCape.Rcheck’
* using R Under development (unstable) (2025-01-20 r87609)
* using platform: x86_64-pc-linux-gnu
* R was compiled by
    gcc (Ubuntu 13.3.0-6ubuntu2~24.04) 13.3.0
    GNU Fortran (Ubuntu 13.3.0-6ubuntu2~24.04) 13.3.0
* running under: Ubuntu 24.04.1 LTS
* using session charset: UTF-8
* checking for file ‘ChromSCape/DESCRIPTION’ ... OK
* this is package ‘ChromSCape’ version ‘1.17.0’
* package encoding: UTF-8
* checking package namespace information ... OK
* checking package dependencies ... INFO
Imports includes 51 non-default packages.
Importing from so many packages makes the package vulnerable to any of
them becoming unavailable.  Move as many as possible to Suggests and
use conditionally.
* checking if this is a source package ... OK
* checking if there is a namespace ... OK
* checking for hidden files and directories ... NOTE
Found the following hidden files and directories:
  .BBSoptions
These were most likely included in error. See section ‘Package
structure’ in the ‘Writing R Extensions’ manual.
* checking for portable file names ... OK
* checking for sufficient/correct file permissions ... OK
* checking whether package ‘ChromSCape’ can be installed ... OK
* used C++ compiler: ‘g++ (Ubuntu 13.3.0-6ubuntu2~24.04) 13.3.0’
* checking installed package size ... OK
* checking package directory ... OK
* checking ‘build’ directory ... OK
* checking DESCRIPTION meta-information ... OK
* checking top-level files ... OK
* checking for left-over files ... OK
* checking index information ... OK
* checking package subdirectories ... OK
* checking code files for non-ASCII characters ... OK
* checking R files for syntax errors ... OK
* checking whether the package can be loaded ... OK
* checking whether the package can be loaded with stated dependencies ... OK
* checking whether the package can be unloaded cleanly ... OK
* checking whether the namespace can be loaded with stated dependencies ... OK
* checking whether the namespace can be unloaded cleanly ... OK
* checking loading without being on the library search path ... OK
* checking whether startup messages can be suppressed ... OK
* checking dependencies in R code ... WARNING
'library' or 'require' call not declared from: ‘dplyr’
'library' or 'require' call to ‘dplyr’ in package code.
  Please use :: or requireNamespace() instead.
  See section 'Suggested packages' in the 'Writing R Extensions' manual.
* checking S3 generic/method consistency ... OK
* checking replacement functions ... OK
* checking foreign function calls ... OK
* checking R code for possible problems ... NOTE
bams_to_matrix_indexes: no visible binding for global variable
  ‘files_dir_list’
enrich_TF_ChEA3_genes: no visible binding for global variable
  ‘CheA3_TF_nTargets’
filter_correlated_cell_scExp: no visible binding for global variable
  ‘run_tsne’
generate_analysis: no visible global function definition for ‘head’
generate_analysis: no visible binding for global variable ‘k’
generate_analysis: no visible binding for global variable
  ‘clusterConsensus’
get_most_variable_cyto: no visible binding for global variable
  ‘cytoBand’
get_most_variable_cyto: no visible binding for global variable
  ‘Fri_cyto’
num_cell_after_QC_filt_scExp: no visible binding for global variable
  ‘sample_id’
num_cell_after_QC_filt_scExp: no visible binding for global variable
  ‘total_counts’
num_cell_scExp: no visible binding for global variable ‘sample_id’
num_cell_scExp: no visible binding for global variable ‘total_counts’
plot_correlation_PCA_scExp: no visible binding for global variable
  ‘Component’
plot_coverage_BigWig: no visible binding for global variable ‘molecule’
plot_coverage_BigWig: no visible binding for global variable
  ‘orientation’
plot_coverage_BigWig: no visible binding for global variable ‘Gene’
plot_gain_or_loss_barplots: no visible binding for global variable
  ‘Gain_or_Loss’
plot_gain_or_loss_barplots: no visible binding for global variable
  ‘ncells’
plot_gain_or_loss_barplots: no visible binding for global variable
  ‘cytoBand’
plot_most_contributing_features: no visible binding for global variable
  ‘genes’
plot_percent_active_feature_scExp: no visible binding for global
  variable ‘group’
plot_percent_active_feature_scExp: no visible binding for global
  variable ‘percent_active’
plot_pie_most_contributing_chr: no visible binding for global variable
  ‘absolute_value’
plot_reduced_dim_scExp: no visible binding for global variable ‘V1’
plot_reduced_dim_scExp: no visible binding for global variable ‘V2’
plot_reduced_dim_scExp: no visible binding for global variable
  ‘cluster’
plot_top_TF_scExp: no visible binding for global variable ‘TF’
rebin_helper: no visible binding for global variable ‘new_row’
rebin_helper: no visible binding for global variable ‘origin_value’
rebin_matrix: no visible binding for global variable ‘group’
subset_bam_call_peaks: no visible binding for global variable
  ‘merged_bam’
Undefined global functions or variables:
  CheA3_TF_nTargets Component Fri_cyto Gain_or_Loss Gene TF V1 V2
  absolute_value cluster clusterConsensus cytoBand files_dir_list genes
  group head k merged_bam molecule ncells new_row orientation
  origin_value percent_active run_tsne sample_id total_counts
Consider adding
  importFrom("utils", "head")
to your NAMESPACE file.
* checking Rd files ... NOTE
prepare_Rd: raw_counts_to_sparse_matrix.Rd:6-8: Dropping empty section \source
* checking Rd metadata ... OK
* checking Rd cross-references ... OK
* checking for missing documentation entries ... OK
* checking for code/documentation mismatches ... WARNING
Codoc mismatches from Rd file 'generate_analysis.Rd':
generate_analysis
  Code: function(input_data_folder, analysis_name = "Analysis_1",
                 output_directory = "./", input_data_type = c("scBED",
                 "DenseMatrix", "SparseMatrix", "scBAM")[1],
                 feature_count_on = c("bins", "genebody", "peaks")[1],
                 feature_count_parameter = 50000, rebin_sparse_matrix =
                 FALSE, ref_genome = c("hg38", "mm10")[1], run =
                 c("filter", "CNA", "cluster", "consensus", "coverage",
                 "DA", "GSA", "report")[c(1, 3, 5, 6, 7, 8)],
                 min_reads_per_cell = 1000, max_quantile_read_per_cell
                 = 99, n_top_features = 40000, norm_type = "CPM",
                 subsample_n = NULL, exclude_regions = NULL, n_clust =
                 NULL, corr_threshold = 99, percent_correlation = 1,
                 maxK = 10, qval.th = 0.1, logFC.th = 1,
                 enrichment_qval = 0.1, doBatchCorr = FALSE, batch_sels
                 = NULL, control_samples_CNA = NULL, genes_to_plot =
                 c("Krt8", "Krt5", "Tgfb1", "Foxq1", "Cdkn2b",
                 "Cdkn2a", "chr7:15000000-20000000"))
  Docs: function(input_data_folder, analysis_name = "Analysis_1",
                 output_directory = "./", input_data_type = c("scBED",
                 "DenseMatrix", "SparseMatrix", "scBAM")[1],
                 rebin_sparse_matrix = FALSE, feature_count_on =
                 c("bins", "genebody", "peaks")[1],
                 feature_count_parameter = 50000, ref_genome =
                 c("hg38", "mm10")[1], run = c("filter", "CNA",
                 "cluster", "consensus", "peak_call", "coverage", "DA",
                 "GSA", "report")[c(1, 3, 6, 7, 8, 9)],
                 min_reads_per_cell = 1000, max_quantile_read_per_cell
                 = 99, n_top_features = 40000, norm_type = "CPM",
                 subsample_n = NULL, exclude_regions = NULL, n_clust =
                 NULL, corr_threshold = 99, percent_correlation = 1,
                 maxK = 10, qval.th = 0.1, logFC.th = 1,
                 enrichment_qval = 0.1, doBatchCorr = FALSE, batch_sels
                 = NULL, control_samples_CNA = NULL, genes_to_plot =
                 c("Krt8", "Krt5", "Tgfb1", "Foxq1", "Cdkn2b",
                 "Cdkn2a", "chr7:15000000-20000000"))
  Mismatches in argument names:
    Position: 5 Code: feature_count_on Docs: rebin_sparse_matrix
    Position: 6 Code: feature_count_parameter Docs: feature_count_on
    Position: 7 Code: rebin_sparse_matrix Docs: feature_count_parameter
  Mismatches in argument default values:
    Name: 'run'
    Code: c("filter", "CNA", "cluster", "consensus", "coverage", "DA", 
          "GSA", "report")[c(1, 3, 5, 6, 7, 8)]
    Docs: c("filter", "CNA", "cluster", "consensus", "peak_call", "coverage", 
          "DA", "GSA", "report")[c(1, 3, 6, 7, 8, 9)]

* checking Rd \usage sections ... WARNING
Undocumented arguments in Rd file 'rebin_matrix.Rd'
  ‘rebin_function’

Functions with \usage entries need to have the appropriate \alias
entries, and all their arguments documented.
The \usage entries must correspond to syntactically valid R code.
See chapter ‘Writing R documentation files’ in the ‘Writing R
Extensions’ manual.
* checking Rd contents ... OK
* checking for unstated dependencies in examples ... OK
* checking contents of ‘data’ directory ... OK
* checking data for non-ASCII characters ... OK
* checking data for ASCII and uncompressed saves ... OK
* checking line endings in C/C++/Fortran sources/headers ... OK
* checking compiled code ... NOTE
Note: information on .o files is not available
* checking files in ‘vignettes’ ... OK
* checking examples ... OK
Examples with CPU (user + system) or elapsed time > 5s
                                        user system elapsed
plot_gain_or_loss_barplots            45.105  0.278  45.382
get_pathway_mat_scExp                 30.037  1.682  31.720
calculate_CNA                         22.299  2.249  24.549
calculate_cyto_mat                    21.056  0.938  21.995
calculate_gain_or_loss                21.196  0.777  21.982
plot_reduced_dim_scExp_CNA            21.514  0.118  21.632
calculate_logRatio_CNA                20.964  0.516  21.481
get_most_variable_cyto                21.087  0.251  21.341
get_cyto_features                     18.282  0.062  18.343
num_cell_after_cor_filt_scExp         11.028  0.058  11.065
filter_correlated_cell_scExp           9.159  0.158   9.303
preprocessing_filtering_and_reduction  7.910  0.090   7.990
import_scExp                           6.977  0.070   7.047
rebin_matrix                           6.100  0.043  20.119
CompareWilcox                          5.363  0.389   5.519
create_scDataset_raw                   5.400  0.284   5.684
CompareedgeRGLM                        5.408  0.250   5.652
differential_activation                5.159  0.003   5.164
* checking for unstated dependencies in ‘tests’ ... OK
* checking tests ...
  Running ‘testthat.R’
 OK
* checking for unstated dependencies in vignettes ... OK
* checking package vignettes ... OK
* checking re-building of vignette outputs ... OK
* checking PDF version of manual ... OK
* DONE

Status: 3 WARNINGs, 4 NOTEs
See
  ‘/home/biocbuild/bbs-3.21-bioc/meat/ChromSCape.Rcheck/00check.log’
for details.


Installation output

ChromSCape.Rcheck/00install.out

##############################################################################
##############################################################################
###
### Running command:
###
###   /home/biocbuild/bbs-3.21-bioc/R/bin/R CMD INSTALL ChromSCape
###
##############################################################################
##############################################################################


* installing to library ‘/home/biocbuild/bbs-3.21-bioc/R/site-library’
* installing *source* package ‘ChromSCape’ ...
** this is package ‘ChromSCape’ version ‘1.17.0’
** using staged installation
** libs
using C++ compiler: ‘g++ (Ubuntu 13.3.0-6ubuntu2~24.04) 13.3.0’
g++ -std=gnu++17 -I"/home/biocbuild/bbs-3.21-bioc/R/include" -DNDEBUG  -I'/home/biocbuild/bbs-3.21-bioc/R/site-library/Rcpp/include' -I/usr/local/include    -fpic  -g -O2  -DR_NO_REMAP -c RcppExports.cpp -o RcppExports.o
g++ -std=gnu++17 -I"/home/biocbuild/bbs-3.21-bioc/R/include" -DNDEBUG  -I'/home/biocbuild/bbs-3.21-bioc/R/site-library/Rcpp/include' -I/usr/local/include    -fpic  -g -O2  -DR_NO_REMAP -c as_dist.cpp -o as_dist.o
g++ -std=gnu++17 -shared -L/home/biocbuild/bbs-3.21-bioc/R/lib -L/usr/local/lib -o ChromSCape.so RcppExports.o as_dist.o -L/home/biocbuild/bbs-3.21-bioc/R/lib -lR
installing to /home/biocbuild/bbs-3.21-bioc/R/site-library/00LOCK-ChromSCape/00new/ChromSCape/libs
** R
** data
** inst
** byte-compile and prepare package for lazy loading
** help
*** installing help indices
** building package indices
** installing vignettes
** testing if installed package can be loaded from temporary location
** checking absolute paths in shared objects and dynamic libraries
** testing if installed package can be loaded from final location
** testing if installed package keeps a record of temporary installation path
* DONE (ChromSCape)

Tests output

ChromSCape.Rcheck/tests/testthat.Rout


R Under development (unstable) (2025-01-20 r87609) -- "Unsuffered Consequences"
Copyright (C) 2025 The R Foundation for Statistical Computing
Platform: x86_64-pc-linux-gnu

R is free software and comes with ABSOLUTELY NO WARRANTY.
You are welcome to redistribute it under certain conditions.
Type 'license()' or 'licence()' for distribution details.

R is a collaborative project with many contributors.
Type 'contributors()' for more information and
'citation()' on how to cite R or R packages in publications.

Type 'demo()' for some demos, 'help()' for on-line help, or
'help.start()' for an HTML browser interface to help.
Type 'q()' to quit R.

> library(testthat)
> library(ChromSCape)
> 
> test_check("ChromSCape")
[ FAIL 0 | WARN 2 | SKIP 0 | PASS 11 ]

[ FAIL 0 | WARN 2 | SKIP 0 | PASS 11 ]
> 
> proc.time()
   user  system elapsed 
 40.358   2.676  42.813 

Example timings

ChromSCape.Rcheck/ChromSCape-Ex.timings

nameusersystemelapsed
CheA3_TF_nTargets0.0060.0010.007
CompareWilcox5.3630.3895.519
CompareedgeRGLM5.4080.2505.652
annotToCol20.8250.0320.857
calculate_CNA22.299 2.24924.549
calculate_cyto_mat21.056 0.93821.995
calculate_gain_or_loss21.196 0.77721.982
calculate_logRatio_CNA20.964 0.51621.481
choose_cluster_scExp3.2100.0963.300
colors_scExp0.2660.0030.269
consensus_clustering_scExp2.8410.0722.907
correlation_and_hierarchical_clust_scExp0.2970.0010.291
create_project_folder0.0010.0010.001
create_scDataset_raw5.4000.2845.684
create_scExp0.4190.0000.419
define_feature0.1340.0020.136
detect_samples1.0100.0300.963
differential_activation5.1590.0035.164
differential_analysis_scExp2.6410.0542.696
enrich_TF_ChEA3_genes0.4220.1101.683
enrich_TF_ChEA3_scExp1.0390.0374.844
exclude_features_scExp0.4160.0280.444
feature_annotation_scExp1.2810.0731.353
filter_correlated_cell_scExp9.1590.1589.303
filter_scExp0.4770.0030.481
find_clusters_louvain_scExp0.2890.0040.293
find_top_features0.2970.0020.299
gene_set_enrichment_analysis_scExp0.1970.0010.198
generate_analysis000
generate_coverage_tracks000
generate_report000
getExperimentNames0.2230.0000.224
getMainExperiment0.2530.0040.258
get_cyto_features18.282 0.06218.343
get_genomic_coordinates0.3430.0040.347
get_most_variable_cyto21.087 0.25121.341
get_pathway_mat_scExp30.037 1.68231.720
has_genomic_coordinates0.6040.0070.609
import_scExp6.9770.0707.047
inter_correlation_scExp0.3440.0050.349
intra_correlation_scExp0.3430.0060.347
launchApp000
normalize_scExp0.3870.0180.405
num_cell_after_QC_filt_scExp0.4290.0030.433
num_cell_after_cor_filt_scExp11.028 0.05811.065
num_cell_before_cor_filt_scExp0.1950.0030.198
num_cell_in_cluster_scExp0.3650.0060.364
num_cell_scExp0.3540.0010.355
plot_cluster_consensus_scExp0.8460.0020.849
plot_correlation_PCA_scExp0.9830.0020.986
plot_coverage_BigWig0.2130.0000.214
plot_differential_summary_scExp0.2360.0030.239
plot_differential_volcano_scExp0.3060.0020.308
plot_distribution_scExp0.3970.0010.399
plot_gain_or_loss_barplots45.105 0.27845.382
plot_heatmap_scExp0.2940.0010.295
plot_inter_correlation_scExp0.4960.0020.498
plot_intra_correlation_scExp0.4850.0000.485
plot_most_contributing_features0.3800.0020.380
plot_percent_active_feature_scExp1.7720.0101.781
plot_pie_most_contributing_chr0.2830.0060.289
plot_reduced_dim_scExp2.6090.0042.612
plot_reduced_dim_scExp_CNA21.514 0.11821.632
plot_top_TF_scExp0.4480.0040.452
plot_violin_feature_scExp1.7970.0041.801
preprocess_CPM0.3690.0160.385
preprocess_RPKM0.3960.0310.427
preprocess_TFIDF0.3760.0310.407
preprocess_TPM0.3970.0230.420
preprocess_feature_size_only0.3940.0240.418
preprocessing_filtering_and_reduction7.910.097.99
read_sparse_matrix000
rebin_matrix 6.100 0.04320.119
reduce_dims_scExp1.5270.0231.550
scExp0.9730.0090.982
subsample_scExp0.4730.0000.473
subset_bam_call_peaks000
summary_DA0.2140.0010.215
swapAltExp_sameColData0.2740.0010.275
table_enriched_genes_scExp0.1960.0020.198
wrapper_Signac_FeatureMatrix000