Back to Multiple platform build/check report for BioC 3.21:   simplified   long
ABCDEF[G]HIJKLMNOPQRSTUVWXYZ

This page was generated on 2025-01-28 11:47 -0500 (Tue, 28 Jan 2025).

HostnameOSArch (*)R versionInstalled pkgs
nebbiolo1Linux (Ubuntu 24.04.1 LTS)x86_64R Under development (unstable) (2025-01-20 r87609) -- "Unsuffered Consequences" 4659
palomino7Windows Server 2022 Datacenterx64R Under development (unstable) (2025-01-21 r87610 ucrt) -- "Unsuffered Consequences" 4454
lconwaymacOS 12.7.1 Montereyx86_64R Under development (unstable) (2025-01-22 r87618) -- "Unsuffered Consequences" 4465
kjohnson3macOS 13.7.1 Venturaarm64R Under development (unstable) (2025-01-20 r87609) -- "Unsuffered Consequences" 4419
kunpeng2Linux (openEuler 22.03 LTS-SP1)aarch64R Under development (unstable) (2024-11-24 r87369) -- "Unsuffered Consequences" 4409
Click on any hostname to see more info about the system (e.g. compilers)      (*) as reported by 'uname -p', except on Windows and Mac OS X

Package 927/2286HostnameOS / ArchINSTALLBUILDCHECKBUILD BIN
GWENA 1.17.0  (landing page)
Gwenaëlle Lemoine
Snapshot Date: 2025-01-27 13:40 -0500 (Mon, 27 Jan 2025)
git_url: https://git.bioconductor.org/packages/GWENA
git_branch: devel
git_last_commit: 19342a3
git_last_commit_date: 2024-10-29 10:48:12 -0500 (Tue, 29 Oct 2024)
nebbiolo1Linux (Ubuntu 24.04.1 LTS) / x86_64  OK    OK    WARNINGS  UNNEEDED, same version is already published
palomino7Windows Server 2022 Datacenter / x64  OK    OK    WARNINGS    OK  UNNEEDED, same version is already published
lconwaymacOS 12.7.1 Monterey / x86_64  OK    OK    WARNINGS    OK  UNNEEDED, same version is already published
kjohnson3macOS 13.7.1 Ventura / arm64  OK    OK    WARNINGS    OK  UNNEEDED, same version is already published
kunpeng2Linux (openEuler 22.03 LTS-SP1) / aarch64  OK    OK    WARNINGS  


CHECK results for GWENA on kunpeng2

To the developers/maintainers of the GWENA package:
- Allow up to 24 hours (and sometimes 48 hours) for your latest push to git@git.bioconductor.org:packages/GWENA.git to reflect on this report. See Troubleshooting Build Report for more information.
- Use the following Renviron settings to reproduce errors and warnings.
- If 'R CMD check' started to fail recently on the Linux builder(s) over a missing dependency, add the missing dependency to 'Suggests:' in your DESCRIPTION file. See Renviron.bioc for more information.
- See Martin Grigorov's blog post for how to debug Linux ARM64 related issues on a x86_64 host.

raw results


Summary

Package: GWENA
Version: 1.17.0
Command: /home/biocbuild/R/R/bin/R CMD check --install=check:GWENA.install-out.txt --library=/home/biocbuild/R/R/site-library --no-vignettes --timings GWENA_1.17.0.tar.gz
StartedAt: 2025-01-28 11:22:39 -0000 (Tue, 28 Jan 2025)
EndedAt: 2025-01-28 11:34:17 -0000 (Tue, 28 Jan 2025)
EllapsedTime: 697.6 seconds
RetCode: 0
Status:   WARNINGS  
CheckDir: GWENA.Rcheck
Warnings: 2

Command output

##############################################################################
##############################################################################
###
### Running command:
###
###   /home/biocbuild/R/R/bin/R CMD check --install=check:GWENA.install-out.txt --library=/home/biocbuild/R/R/site-library --no-vignettes --timings GWENA_1.17.0.tar.gz
###
##############################################################################
##############################################################################


* using log directory ‘/home/biocbuild/bbs-3.21-bioc/meat/GWENA.Rcheck’
* using R Under development (unstable) (2024-11-24 r87369)
* using platform: aarch64-unknown-linux-gnu
* R was compiled by
    aarch64-unknown-linux-gnu-gcc (GCC) 14.2.0
    GNU Fortran (GCC) 14.2.0
* running under: openEuler 24.03 (LTS)
* using session charset: UTF-8
* using option ‘--no-vignettes’
* checking for file ‘GWENA/DESCRIPTION’ ... OK
* this is package ‘GWENA’ version ‘1.17.0’
* package encoding: UTF-8
* checking package namespace information ... OK
* checking package dependencies ... OK
* checking if this is a source package ... OK
* checking if there is a namespace ... OK
* checking for hidden files and directories ... OK
* checking for portable file names ... OK
* checking for sufficient/correct file permissions ... OK
* checking whether package ‘GWENA’ can be installed ... WARNING
Found the following significant warnings:
  Warning: bad markup (extra space?) at compare_conditions.Rd:91:72
  Warning: bad markup (extra space?) at compare_conditions.Rd:96:77
  Warning: bad markup (extra space?) at compare_conditions.Rd:98:74
  Warning: bad markup (extra space?) at compare_conditions.Rd:100:69
See ‘/home/biocbuild/bbs-3.21-bioc/meat/GWENA.Rcheck/00install.out’ for details.
* checking installed package size ... OK
* checking package directory ... OK
* checking ‘build’ directory ... OK
* checking DESCRIPTION meta-information ... OK
* checking top-level files ... OK
* checking for left-over files ... OK
* checking index information ... OK
* checking package subdirectories ...Warning: program compiled against libxml 212 using older 211
 NOTE
Problems with news in ‘NEWS.md’:
No news entries found.
* checking code files for non-ASCII characters ... OK
* checking R files for syntax errors ... OK
* checking whether the package can be loaded ... OK
* checking whether the package can be loaded with stated dependencies ... OK
* checking whether the package can be unloaded cleanly ... OK
* checking whether the namespace can be loaded with stated dependencies ... OK
* checking whether the namespace can be unloaded cleanly ... OK
* checking loading without being on the library search path ... OK
* checking dependencies in R code ... OK
* checking S3 generic/method consistency ... OK
* checking replacement functions ... OK
* checking foreign function calls ... OK
* checking R code for possible problems ... OK
* checking Rd files ... WARNING
prepare_Rd: bad markup (extra space?) at compare_conditions.Rd:91:72
prepare_Rd: bad markup (extra space?) at compare_conditions.Rd:96:77
prepare_Rd: bad markup (extra space?) at compare_conditions.Rd:98:74
prepare_Rd: bad markup (extra space?) at compare_conditions.Rd:100:69
* checking Rd metadata ... OK
* checking Rd cross-references ...Warning: bad markup (extra space?) at compare_conditions.Rd:91:72
Warning: bad markup (extra space?) at compare_conditions.Rd:96:77
Warning: bad markup (extra space?) at compare_conditions.Rd:98:74
Warning: bad markup (extra space?) at compare_conditions.Rd:100:69
 NOTE
Found the following Rd file(s) with Rd \link{} targets missing package
anchors:
  build_net.Rd: adjacency.fromSimilarity
  get_fit.cor.Rd: pickSoftThreshold.fromSimilarity
  get_fit.expr.Rd: pickSoftThreshold.fromSimilarity
  plot_module.Rd: igraph.plotting
Please provide package anchors for all Rd \link{} targets not in the
package itself and the base packages.
* checking for missing documentation entries ... OK
* checking for code/documentation mismatches ... OK
* checking Rd \usage sections ... OK
* checking Rd contents ... OK
* checking for unstated dependencies in examples ... OK
* checking contents of ‘data’ directory ... OK
* checking data for non-ASCII characters ... OK
* checking LazyData ... OK
* checking data for ASCII and uncompressed saves ... OK
* checking files in ‘vignettes’ ... OK
* checking examples ... OK
Examples with CPU (user + system) or elapsed time > 5s
                     user system elapsed
z_summary          15.931  0.539  18.314
compare_conditions 10.586  0.288  11.873
plot_enrichment     1.621  0.084  20.086
bio_enrich          0.292  0.024  17.956
* checking for unstated dependencies in ‘tests’ ... OK
* checking tests ...
  Running ‘testthat.R’
 OK
* checking for unstated dependencies in vignettes ... OK
* checking package vignettes ... OK
* checking running R code from vignettes ... SKIPPED
* checking re-building of vignette outputs ... SKIPPED
* checking PDF version of manual ... OK
* DONE

Status: 2 WARNINGs, 2 NOTEs
See
  ‘/home/biocbuild/bbs-3.21-bioc/meat/GWENA.Rcheck/00check.log’
for details.


Installation output

GWENA.Rcheck/00install.out

##############################################################################
##############################################################################
###
### Running command:
###
###   /home/biocbuild/R/R/bin/R CMD INSTALL GWENA
###
##############################################################################
##############################################################################


* installing to library ‘/home/biocbuild/R/R-4.5.0-devel_2024-11-24/site-library’
* installing *source* package ‘GWENA’ ...
** using staged installation
** R
** data
*** moving datasets to lazyload DB
** inst
** byte-compile and prepare package for lazy loading
** help
Warning: bad markup (extra space?) at compare_conditions.Rd:91:72
Warning: bad markup (extra space?) at compare_conditions.Rd:96:77
Warning: bad markup (extra space?) at compare_conditions.Rd:98:74
Warning: bad markup (extra space?) at compare_conditions.Rd:100:69
*** installing help indices
** building package indices
** installing vignettes
** testing if installed package can be loaded from temporary location
** testing if installed package can be loaded from final location
** testing if installed package keeps a record of temporary installation path
* DONE (GWENA)

Tests output

GWENA.Rcheck/tests/testthat.Rout


R Under development (unstable) (2024-11-24 r87369) -- "Unsuffered Consequences"
Copyright (C) 2024 The R Foundation for Statistical Computing
Platform: aarch64-unknown-linux-gnu

R is free software and comes with ABSOLUTELY NO WARRANTY.
You are welcome to redistribute it under certain conditions.
Type 'license()' or 'licence()' for distribution details.

R is a collaborative project with many contributors.
Type 'contributors()' for more information and
'citation()' on how to cite R or R packages in publications.

Type 'demo()' for some demos, 'help()' for on-line help, or
'help.start()' for an HTML browser interface to help.
Type 'q()' to quit R.

> library(testthat)
> library(GWENA)

> 
> test_check("GWENA")
[ FAIL 0 | WARN 0 | SKIP 0 | PASS 278 ]
> 
> proc.time()
   user  system elapsed 
442.857   5.122 356.700 

Example timings

GWENA.Rcheck/GWENA-Ex.timings

nameusersystemelapsed
associate_phenotype0.030.000.03
bio_enrich 0.292 0.02417.956
build_graph_from_sq_mat0.2760.0120.289
build_net3.8390.0563.904
compare_conditions10.586 0.28811.873
detect_modules2.1190.0432.166
filter_RNA_seq0.0020.0000.001
filter_low_var0.0080.0030.011
get_fit.cor0.9810.0321.015
get_fit.expr0.9650.0521.019
get_hub_degree0.1110.0000.112
get_hub_genes0.0010.0000.001
get_hub_high_co0.0010.0000.000
get_hub_kleinberg0.2140.0080.222
get_sub_clusters2.1530.0322.189
is_data_expr000
is_gost0.0250.0064.289
is_module0.0010.0000.000
is_network000
join_gost0.0220.0021.991
plot_comparison_stats0.3050.0000.306
plot_enrichment 1.621 0.08420.086
plot_expression_profiles3.2430.0803.329
plot_module0.2170.0000.217
plot_modules_merge2.1950.0522.252
plot_modules_phenotype0.5800.0000.582
z_summary15.931 0.53918.314