Back to Multiple platform build/check report for BioC 3.21:   simplified   long
ABCDEFGHIJKL[M]NOPQRSTUVWXYZ

This page was generated on 2025-02-04 11:41 -0500 (Tue, 04 Feb 2025).

HostnameOSArch (*)R versionInstalled pkgs
nebbiolo1Linux (Ubuntu 24.04.1 LTS)x86_64R Under development (unstable) (2025-01-20 r87609) -- "Unsuffered Consequences" 4716
palomino7Windows Server 2022 Datacenterx64R Under development (unstable) (2025-01-21 r87610 ucrt) -- "Unsuffered Consequences" 4478
lconwaymacOS 12.7.1 Montereyx86_64R Under development (unstable) (2025-01-22 r87618) -- "Unsuffered Consequences" 4489
kjohnson3macOS 13.7.1 Venturaarm64R Under development (unstable) (2025-01-20 r87609) -- "Unsuffered Consequences" 4442
Click on any hostname to see more info about the system (e.g. compilers)      (*) as reported by 'uname -p', except on Windows and Mac OS X

Package 1304/2295HostnameOS / ArchINSTALLBUILDCHECKBUILD BIN
MOFA2 1.17.0  (landing page)
Ricard Argelaguet
Snapshot Date: 2025-02-03 13:40 -0500 (Mon, 03 Feb 2025)
git_url: https://git.bioconductor.org/packages/MOFA2
git_branch: devel
git_last_commit: 12bde39
git_last_commit_date: 2024-10-29 10:52:01 -0500 (Tue, 29 Oct 2024)
nebbiolo1Linux (Ubuntu 24.04.1 LTS) / x86_64  OK    OK    WARNINGS  UNNEEDED, same version is already published
palomino7Windows Server 2022 Datacenter / x64  OK    OK    WARNINGS    OK  UNNEEDED, same version is already published
lconwaymacOS 12.7.1 Monterey / x86_64  OK    OK    WARNINGS    OK  UNNEEDED, same version is already published
kjohnson3macOS 13.7.1 Ventura / arm64  OK    OK    WARNINGS    OK  UNNEEDED, same version is already published


CHECK results for MOFA2 on palomino7

To the developers/maintainers of the MOFA2 package:
- Allow up to 24 hours (and sometimes 48 hours) for your latest push to git@git.bioconductor.org:packages/MOFA2.git to reflect on this report. See Troubleshooting Build Report for more information.
- Use the following Renviron settings to reproduce errors and warnings.
- If 'R CMD check' started to fail recently on the Linux builder(s) over a missing dependency, add the missing dependency to 'Suggests:' in your DESCRIPTION file. See Renviron.bioc for more information.

raw results


Summary

Package: MOFA2
Version: 1.17.0
Command: E:\biocbuild\bbs-3.21-bioc\R\bin\R.exe CMD check --no-multiarch --install=check:MOFA2.install-out.txt --library=E:\biocbuild\bbs-3.21-bioc\R\library --no-vignettes --timings MOFA2_1.17.0.tar.gz
StartedAt: 2025-02-04 03:34:59 -0500 (Tue, 04 Feb 2025)
EndedAt: 2025-02-04 03:39:19 -0500 (Tue, 04 Feb 2025)
EllapsedTime: 260.0 seconds
RetCode: 0
Status:   WARNINGS  
CheckDir: MOFA2.Rcheck
Warnings: 1

Command output

##############################################################################
##############################################################################
###
### Running command:
###
###   E:\biocbuild\bbs-3.21-bioc\R\bin\R.exe CMD check --no-multiarch --install=check:MOFA2.install-out.txt --library=E:\biocbuild\bbs-3.21-bioc\R\library --no-vignettes --timings MOFA2_1.17.0.tar.gz
###
##############################################################################
##############################################################################


* using log directory 'E:/biocbuild/bbs-3.21-bioc/meat/MOFA2.Rcheck'
* using R Under development (unstable) (2025-01-21 r87610 ucrt)
* using platform: x86_64-w64-mingw32
* R was compiled by
    gcc.exe (GCC) 13.3.0
    GNU Fortran (GCC) 13.3.0
* running under: Windows Server 2022 x64 (build 20348)
* using session charset: UTF-8
* using option '--no-vignettes'
* checking for file 'MOFA2/DESCRIPTION' ... OK
* checking extension type ... Package
* this is package 'MOFA2' version '1.17.0'
* package encoding: UTF-8
* checking package namespace information ... OK
* checking package dependencies ... OK
* checking if this is a source package ... OK
* checking if there is a namespace ... OK
* checking for hidden files and directories ... OK
* checking for portable file names ... OK
* checking whether package 'MOFA2' can be installed ... NOTE
Found the following notes/warnings:
  Non-staged installation was used
See 'E:/biocbuild/bbs-3.21-bioc/meat/MOFA2.Rcheck/00install.out' for details.
* checking installed package size ... OK
* checking package directory ... OK
* checking 'build' directory ... OK
* checking DESCRIPTION meta-information ... OK
* checking top-level files ... OK
* checking for left-over files ... OK
* checking index information ... OK
* checking package subdirectories ... OK
* checking code files for non-ASCII characters ... OK
* checking R files for syntax errors ... OK
* checking whether the package can be loaded ... OK
* checking whether the package can be loaded with stated dependencies ... OK
* checking whether the package can be unloaded cleanly ... OK
* checking whether the namespace can be loaded with stated dependencies ... OK
* checking whether the namespace can be unloaded cleanly ... OK
* checking dependencies in R code ... OK
* checking S3 generic/method consistency ... OK
* checking replacement functions ... OK
* checking foreign function calls ... OK
* checking R code for possible problems ... NOTE
.plot_factors_vs_cov_1d: no visible binding for global variable
  'value.factor'
.plot_factors_vs_cov_1d: no visible binding for global variable
  'value_scaled'
.plot_factors_vs_cov_1d: no visible binding for global variable
  'value.covariate'
.plot_factors_vs_cov_1d: no visible binding for global variable 'value'
.plot_factors_vs_cov_2d: no visible binding for global variable
  'value.factor'
.set_xax: no visible binding for global variable 'value'
add_mofa_factors_to_seurat: no visible global function definition for
  'CreateDimReducObject'
create_mofa_from_SingleCellExperiment: no visible global function
  definition for 'colData'
get_interpolated_factors: no visible binding for global variable 'L1'
get_interpolated_factors: no visible binding for global variable 'L2'
get_interpolated_factors: no visible binding for global variable
  'value'
get_interpolated_factors: no visible binding for global variable
  'covariate'
get_interpolated_factors: no visible binding for global variable
  'covariate_value'
get_interpolated_factors: no visible binding for global variable
  'sample_id'
interpolate_factors: no visible binding for global variable '.'
plot_alignment: no visible binding for global variable 'group'
plot_alignment: no visible binding for global variable 'value.warped'
plot_alignment: no visible binding for global variable
  'value.unaligned'
plot_contribution_scores: no visible binding for global variable 'view'
plot_data_overview: no visible binding for global variable 'view'
plot_data_overview: no visible binding for global variable 'ptotal'
plot_data_overview: no visible binding for global variable 'ntotal'
plot_data_overview: no visible binding for global variable 'group'
plot_data_overview: no visible binding for global variable
  'group_label'
plot_dimred: no visible binding for global variable '.'
plot_enrichment_detailed: no visible binding for global variable
  'pathway'
plot_enrichment_detailed: no visible binding for global variable
  'feature.statistic'
plot_factors_vs_cov: no visible binding for global variable 'E2'
plot_factors_vs_cov: no visible binding for global variable 'value'
plot_interpolation_vs_covariate: no visible binding for global variable
  'variance'
plot_interpolation_vs_covariate: no visible binding for global variable
  'group'
plot_interpolation_vs_covariate: no visible binding for global variable
  'value.covariate'
plot_interpolation_vs_covariate: no visible binding for global variable
  'value.factor'
plot_interpolation_vs_covariate: no visible binding for global variable
  'ymin'
plot_interpolation_vs_covariate: no visible binding for global variable
  'ymax'
plot_sharedness: no visible binding for global variable 'sharedness'
plot_sharedness: no visible binding for global variable 'value'
plot_smoothness: no visible binding for global variable 'value'
plot_smoothness: no visible binding for global variable 'smoothness'
plot_top_weights: no visible binding for global variable 'value'
plot_weights: no visible binding for global variable 'value'
plot_weights: no visible binding for global variable '.'
summarise_factors: no visible binding for global variable 'value'
summarise_factors: no visible binding for global variable 'level'
summarise_factors: no visible binding for global variable 'group'
Undefined global functions or variables:
  . CreateDimReducObject E2 L1 L2 colData covariate covariate_value
  feature.statistic group group_label level ntotal pathway ptotal
  sample_id sharedness smoothness value value.covariate value.factor
  value.unaligned value.warped value_scaled variance view ymax ymin
* checking Rd files ... NOTE
checkRd: (-1) calculate_contribution_scores.Rd:36: Lost braces in \itemize; meant \describe ?
checkRd: (-1) calculate_contribution_scores.Rd:37: Lost braces in \itemize; meant \describe ?
checkRd: (-1) calculate_contribution_scores.Rd:38: Lost braces in \itemize; meant \describe ?
checkRd: (-1) correlate_factors_with_covariates.Rd:24-25: Lost braces in \itemize; meant \describe ?
checkRd: (-1) correlate_factors_with_covariates.Rd:26: Lost braces in \itemize; meant \describe ?
checkRd: (-1) create_mofa.Rd:26: Lost braces in \itemize; meant \describe ?
checkRd: (-1) create_mofa.Rd:27: Lost braces in \itemize; meant \describe ?
checkRd: (-1) create_mofa.Rd:28: Lost braces in \itemize; meant \describe ?
checkRd: (-1) create_mofa.Rd:29: Lost braces in \itemize; meant \describe ?
checkRd: (-1) create_mofa.Rd:30: Lost braces in \itemize; meant \describe ?
checkRd: (-1) get_default_data_options.Rd:24-25: Lost braces in \itemize; meant \describe ?
checkRd: (-1) get_default_data_options.Rd:26-27: Lost braces in \itemize; meant \describe ?
checkRd: (-1) get_default_data_options.Rd:28: Lost braces in \itemize; meant \describe ?
checkRd: (-1) get_default_model_options.Rd:24-25: Lost braces in \itemize; meant \describe ?
checkRd: (-1) get_default_model_options.Rd:26: Lost braces in \itemize; meant \describe ?
checkRd: (-1) get_default_model_options.Rd:27: Lost braces in \itemize; meant \describe ?
checkRd: (-1) get_default_model_options.Rd:28: Lost braces in \itemize; meant \describe ?
checkRd: (-1) get_default_model_options.Rd:29: Lost braces in \itemize; meant \describe ?
checkRd: (-1) get_default_model_options.Rd:30: Lost braces in \itemize; meant \describe ?
checkRd: (-1) get_default_stochastic_options.Rd:25: Lost braces in \itemize; meant \describe ?
checkRd: (-1) get_default_stochastic_options.Rd:27: Lost braces in \itemize; meant \describe ?
checkRd: (-1) get_default_stochastic_options.Rd:29: Lost braces in \itemize; meant \describe ?
checkRd: (-1) get_default_stochastic_options.Rd:31: Lost braces in \itemize; meant \describe ?
checkRd: (-1) get_default_training_options.Rd:24-25: Lost braces in \itemize; meant \describe ?
checkRd: (-1) get_default_training_options.Rd:26-27: Lost braces in \itemize; meant \describe ?
checkRd: (-1) get_default_training_options.Rd:28: Lost braces in \itemize; meant \describe ?
checkRd: (-1) get_default_training_options.Rd:29: Lost braces in \itemize; meant \describe ?
checkRd: (-1) get_default_training_options.Rd:30: Lost braces in \itemize; meant \describe ?
checkRd: (-1) get_default_training_options.Rd:31: Lost braces in \itemize; meant \describe ?
checkRd: (-1) get_default_training_options.Rd:32: Lost braces in \itemize; meant \describe ?
checkRd: (-1) get_default_training_options.Rd:33: Lost braces in \itemize; meant \describe ?
checkRd: (-1) get_default_training_options.Rd:34: Lost braces in \itemize; meant \describe ?
checkRd: (-1) get_default_training_options.Rd:35: Lost braces in \itemize; meant \describe ?
checkRd: (-1) get_expectations.Rd:19: Lost braces in \itemize; \value handles \item{}{} directly
checkRd: (-1) get_expectations.Rd:20: Lost braces in \itemize; \value handles \item{}{} directly
checkRd: (-1) impute.Rd:24: Lost braces; missing escapes or markup?
    24 | \item \strong{response}:{gives mean for gaussian and poisson and probabilities for bernoulli.}
       |                         ^
checkRd: (-1) impute.Rd:25: Lost braces; missing escapes or markup?
    25 | \item \strong{link}: {gives the linear predictions.}
       |                      ^
checkRd: (-1) impute.Rd:26: Lost braces; missing escapes or markup?
    26 | \item \strong{inRange}: {rounds the fitted values from "terms" for integer-valued distributions to the next integer (default).}
       |                         ^
* checking Rd metadata ... OK
* checking Rd cross-references ... NOTE
Found the following Rd file(s) with Rd \link{} targets missing package
anchors:
  compare_elbo.Rd: ggplot
  load_model.Rd: HDF5Array, DelayedArray
  plot_data_overview.Rd: ggplot
  plot_data_scatter.Rd: ggplot
  plot_enrichment_heatmap.Rd: pheatmap
  plot_variance_explained.Rd: ggplot
  plot_variance_explained_by_covariates.Rd: ggplot
  plot_weights.Rd: ggplot
  plot_weights_heatmap.Rd: pheatmap
  run_mofa.Rd: reticulate
  run_tsne.Rd: Rtsne
  summarise_factors.Rd: ggplot
Please provide package anchors for all Rd \link{} targets not in the
package itself and the base packages.
Package unavailable to check Rd xrefs: 'PCGSE'
* checking for missing documentation entries ... OK
* checking for code/documentation mismatches ... WARNING
Codoc mismatches from Rd file 'create_mofa_from_Seurat.Rd':
create_mofa_from_Seurat
  Code: function(seurat, groups = NULL, assays = NULL, layer = "data",
                 features = NULL, extract_metadata = FALSE)
  Docs: function(seurat, groups = NULL, assays = NULL, slot =
                 "scale.data", features = NULL, extract_metadata =
                 FALSE)
  Argument names in code not in docs:
    layer
  Argument names in docs not in code:
    slot
  Mismatches in argument names:
    Position: 4 Code: layer Docs: slot

* checking Rd \usage sections ... OK
* checking Rd contents ... OK
* checking for unstated dependencies in examples ... OK
* checking line endings in shell scripts ... OK
* checking files in 'vignettes' ... OK
* checking examples ... OK
* checking for unstated dependencies in 'tests' ... OK
* checking tests ...
  Running 'testthat.R'
 OK
* checking for unstated dependencies in vignettes ... OK
* checking package vignettes ... OK
* checking running R code from vignettes ... SKIPPED
* checking re-building of vignette outputs ... SKIPPED
* checking PDF version of manual ... OK
* DONE

Status: 1 WARNING, 4 NOTEs
See
  'E:/biocbuild/bbs-3.21-bioc/meat/MOFA2.Rcheck/00check.log'
for details.


Installation output

MOFA2.Rcheck/00install.out

##############################################################################
##############################################################################
###
### Running command:
###
###   E:\biocbuild\bbs-3.21-bioc\R\bin\R.exe CMD INSTALL MOFA2
###
##############################################################################
##############################################################################


* installing to library 'E:/biocbuild/bbs-3.21-bioc/R/library'
* installing *source* package 'MOFA2' ...
** this is package 'MOFA2' version '1.17.0'
** using non-staged installation via StagedInstall field
** R
** inst
** byte-compile and prepare package for lazy loading
Creating a generic function for 'rownames' from package 'base' in package 'MOFA2'
Creating a generic function for 'colnames' from package 'base' in package 'MOFA2'
Creating a generic function for 'nrow' from package 'base' in package 'MOFA2'
Creating a generic function for 'ncol' from package 'base' in package 'MOFA2'
Creating a generic function for 'rownames<-' from package 'base' in package 'MOFA2'
Creating a generic function for 'colnames<-' from package 'base' in package 'MOFA2'
** help
*** installing help indices
** building package indices
** installing vignettes
** testing if installed package can be loaded
* DONE (MOFA2)

Tests output

MOFA2.Rcheck/tests/testthat.Rout


R Under development (unstable) (2025-01-21 r87610 ucrt) -- "Unsuffered Consequences"
Copyright (C) 2025 The R Foundation for Statistical Computing
Platform: x86_64-w64-mingw32/x64

R is free software and comes with ABSOLUTELY NO WARRANTY.
You are welcome to redistribute it under certain conditions.
Type 'license()' or 'licence()' for distribution details.

R is a collaborative project with many contributors.
Type 'contributors()' for more information and
'citation()' on how to cite R or R packages in publications.

Type 'demo()' for some demos, 'help()' for on-line help, or
'help.start()' for an HTML browser interface to help.
Type 'q()' to quit R.

> library(testthat)
> library(MOFA2)

Attaching package: 'MOFA2'

The following object is masked from 'package:stats':

    predict

> 
> test_check("MOFA2")

               single_group 
                    100     
               ____________ 
              |            |
view_0  1000  |    100%    |
              |____________|
               ____________ 
              |            |
view_1  1000  |    100%    |
              |____________|

[ FAIL 0 | WARN 2 | SKIP 0 | PASS 25 ]

[ FAIL 0 | WARN 2 | SKIP 0 | PASS 25 ]
> 
> # setwd("/Users/rargelaguet/mofa/MOFA2/tests/testthat")
> 
> proc.time()
   user  system elapsed 
  14.04    1.14   15.14 

Example timings

MOFA2.Rcheck/MOFA2-Ex.timings

nameusersystemelapsed
add_mofa_factors_to_seurat0.020.000.01
calculate_contribution_scores0.190.020.21
calculate_variance_explained2.720.112.83
calculate_variance_explained_per_sample0.170.020.19
cluster_samples0.160.010.17
compare_elbo0.310.060.38
compare_factors0.970.051.01
covariates_names0.230.020.27
create_mofa0.720.030.76
create_mofa_from_df0.700.000.71
create_mofa_from_matrix0.020.000.01
factors_names0.110.060.17
features_metadata0.150.050.21
features_names0.150.010.15
get_covariates0.210.020.24
get_data1.040.041.09
get_default_data_options0.620.040.66
get_default_mefisto_options0.160.030.19
get_default_model_options0.700.010.71
get_default_stochastic_options0.70.00.7
get_default_training_options0.550.020.57
get_dimensions0.190.030.21
get_elbo0.220.020.24
get_expectations0.170.010.19
get_factors0.140.030.17
get_imputed_data0.190.030.22
get_lengthscales0.230.030.26
get_scales0.160.040.19
get_variance_explained0.180.030.22
get_weights0.190.000.19
groups_names0.190.000.18
impute0.200.010.22
interpolate_factors0.220.020.24
load_model0.190.030.22
make_example_data000
plot_ascii_data0.120.060.18
plot_data_heatmap0.220.080.30
plot_data_overview0.460.020.47
plot_data_scatter1.790.112.05
plot_data_vs_cov0.580.010.59
plot_dimred4.340.064.34
plot_factor1.290.051.33
plot_factor_cor0.200.030.24
plot_factors0.780.030.81
plot_factors_vs_cov0.560.080.64
plot_group_kernel0.520.000.51
plot_interpolation_vs_covariate0.590.050.64
plot_smoothness0.220.040.27
plot_top_weights0.950.071.02
plot_variance_explained1.640.031.68
plot_variance_explained_by_covariates1.410.061.47
plot_variance_explained_per_feature1.030.021.05
plot_weights2.640.012.69
plot_weights_heatmap0.420.030.45
plot_weights_scatter0.440.020.45
predict0.180.010.20
prepare_mofa0.550.040.58
run_mofa0.70.00.7
run_tsne0.180.010.19
run_umap0.170.050.20
samples_metadata0.170.050.22
samples_names0.170.010.19
set_covariates0.050.000.04
subset_factors0.190.020.21
subset_groups0.180.040.23
subset_samples0.180.020.20
subset_views0.140.000.14
views_names0.160.010.18