Back to Multiple platform build/check report for BioC 3.21:   simplified   long
ABCDEFGHIJKL[M]NOPQRSTUVWXYZ

This page was generated on 2025-02-06 11:41 -0500 (Thu, 06 Feb 2025).

HostnameOSArch (*)R versionInstalled pkgs
nebbiolo1Linux (Ubuntu 24.04.1 LTS)x86_64R Under development (unstable) (2025-01-20 r87609) -- "Unsuffered Consequences" 4719
palomino7Windows Server 2022 Datacenterx64R Under development (unstable) (2025-01-21 r87610 ucrt) -- "Unsuffered Consequences" 4480
lconwaymacOS 12.7.1 Montereyx86_64R Under development (unstable) (2025-01-22 r87618) -- "Unsuffered Consequences" 4491
kjohnson3macOS 13.7.1 Venturaarm64R Under development (unstable) (2025-01-20 r87609) -- "Unsuffered Consequences" 4444
Click on any hostname to see more info about the system (e.g. compilers)      (*) as reported by 'uname -p', except on Windows and Mac OS X

Package 1334/2295HostnameOS / ArchINSTALLBUILDCHECKBUILD BIN
MsBackendMetaboLights 1.1.0  (landing page)
Johannes Rainer
Snapshot Date: 2025-02-05 13:48 -0500 (Wed, 05 Feb 2025)
git_url: https://git.bioconductor.org/packages/MsBackendMetaboLights
git_branch: devel
git_last_commit: 36596b1
git_last_commit_date: 2024-10-29 11:34:31 -0500 (Tue, 29 Oct 2024)
nebbiolo1Linux (Ubuntu 24.04.1 LTS) / x86_64  OK    OK    ERROR  
palomino7Windows Server 2022 Datacenter / x64  OK    OK    ERROR    OK  
lconwaymacOS 12.7.1 Monterey / x86_64  OK    ERROR  skippedskipped
kjohnson3macOS 13.7.1 Ventura / arm64  OK    OK    ERROR    OK  


CHECK results for MsBackendMetaboLights on palomino7

To the developers/maintainers of the MsBackendMetaboLights package:
- Allow up to 24 hours (and sometimes 48 hours) for your latest push to git@git.bioconductor.org:packages/MsBackendMetaboLights.git to reflect on this report. See Troubleshooting Build Report for more information.
- Use the following Renviron settings to reproduce errors and warnings.
- If 'R CMD check' started to fail recently on the Linux builder(s) over a missing dependency, add the missing dependency to 'Suggests:' in your DESCRIPTION file. See Renviron.bioc for more information.

raw results


Summary

Package: MsBackendMetaboLights
Version: 1.1.0
Command: E:\biocbuild\bbs-3.21-bioc\R\bin\R.exe CMD check --no-multiarch --install=check:MsBackendMetaboLights.install-out.txt --library=E:\biocbuild\bbs-3.21-bioc\R\library --no-vignettes --timings MsBackendMetaboLights_1.1.0.tar.gz
StartedAt: 2025-02-06 03:45:03 -0500 (Thu, 06 Feb 2025)
EndedAt: 2025-02-06 03:48:43 -0500 (Thu, 06 Feb 2025)
EllapsedTime: 220.6 seconds
RetCode: 1
Status:   ERROR  
CheckDir: MsBackendMetaboLights.Rcheck
Warnings: NA

Command output

##############################################################################
##############################################################################
###
### Running command:
###
###   E:\biocbuild\bbs-3.21-bioc\R\bin\R.exe CMD check --no-multiarch --install=check:MsBackendMetaboLights.install-out.txt --library=E:\biocbuild\bbs-3.21-bioc\R\library --no-vignettes --timings MsBackendMetaboLights_1.1.0.tar.gz
###
##############################################################################
##############################################################################


* using log directory 'E:/biocbuild/bbs-3.21-bioc/meat/MsBackendMetaboLights.Rcheck'
* using R Under development (unstable) (2025-01-21 r87610 ucrt)
* using platform: x86_64-w64-mingw32
* R was compiled by
    gcc.exe (GCC) 13.3.0
    GNU Fortran (GCC) 13.3.0
* running under: Windows Server 2022 x64 (build 20348)
* using session charset: UTF-8
* using option '--no-vignettes'
* checking for file 'MsBackendMetaboLights/DESCRIPTION' ... OK
* this is package 'MsBackendMetaboLights' version '1.1.0'
* package encoding: UTF-8
* checking package namespace information ... OK
* checking package dependencies ... OK
* checking if this is a source package ... OK
* checking if there is a namespace ... OK
* checking for hidden files and directories ... OK
* checking for portable file names ... OK
* checking whether package 'MsBackendMetaboLights' can be installed ... OK
* checking installed package size ... OK
* checking package directory ... OK
* checking 'build' directory ... OK
* checking DESCRIPTION meta-information ... OK
* checking top-level files ... OK
* checking for left-over files ... OK
* checking index information ... OK
* checking package subdirectories ... OK
* checking code files for non-ASCII characters ... OK
* checking R files for syntax errors ... OK
* checking whether the package can be loaded ... OK
* checking whether the package can be loaded with stated dependencies ... OK
* checking whether the package can be unloaded cleanly ... OK
* checking whether the namespace can be loaded with stated dependencies ... OK
* checking whether the namespace can be unloaded cleanly ... OK
* checking dependencies in R code ... OK
* checking S3 generic/method consistency ... OK
* checking replacement functions ... OK
* checking foreign function calls ... OK
* checking R code for possible problems ... OK
* checking Rd files ... OK
* checking Rd metadata ... OK
* checking Rd cross-references ... NOTE
Found the following Rd file(s) with Rd \link{} targets missing package
anchors:
  MsBackendMetaboLights.Rd: MsBackendMzR
Please provide package anchors for all Rd \link{} targets not in the
package itself and the base packages.
* checking for missing documentation entries ... OK
* checking for code/documentation mismatches ... OK
* checking Rd \usage sections ... OK
* checking Rd contents ... OK
* checking for unstated dependencies in examples ... OK
* checking files in 'vignettes' ... OK
* checking examples ... ERROR
Running examples in 'MsBackendMetaboLights-Ex.R' failed
The error most likely occurred in:

> base::assign(".ptime", proc.time(), pos = "CheckExEnv")
> ### Name: MsBackendMetaboLights
> ### Title: MsBackend representing MS data from MetaboLights
> ### Aliases: MsBackendMetaboLights MsBackendMetaboLights-class
> ###   backendInitialize,MsBackendMetaboLights-method
> ###   backendMerge,MsBackendMetaboLights-method
> ###   backendRequiredSpectraVariables,MsBackendMetaboLights-method
> ###   mtbls_sync
> 
> ### ** Examples
> 
> 
> library(MsBackendMetaboLights)
> 
> ## List files of a MetaboLights data set
> mtbls_list_files("MTBLS39")
[1] "FILES"                                                                                                          
[2] "a_MTBLS39_the_plasticity_of_the_grapevine_berry_transcriptome_metabolite_profiling_mass_spectrometry.txt"       
[3] "i_Investigation.txt"                                                                                            
[4] "m_MTBLS39_the_plasticity_of_the_grapevine_berry_transcriptome_metabolite_profiling_mass_spectrometry_v2_maf.tsv"
[5] "metexplore_mapping.json"                                                                                        
[6] "s_MTBLS39.txt"                                                                                                  
> 
> ## Initialize a MsBackendMetaboLights representing all MS data files of
> ## the data set with the ID "MTBLS39". This will download and cache all
> ## files and subsequently load and represent them in R.
> 
> be <- backendInitialize(MsBackendMetaboLights(), "MTBLS39")
Warning in file(file, "rt") :
  URL 'ftp://ftp.ebi.ac.uk/pub/databases/metabolights/studies/public/MTBLS39/a_MTBLS39_the_plasticity_of_the_grapevine_berry_transcriptome_metabolite_profiling_mass_spectrometry.txt': status was 'Failure when receiving data from the peer'
Error in file(file, "rt") : 
  cannot open the connection to 'ftp://ftp.ebi.ac.uk/pub/databases/metabolights/studies/public/MTBLS39/a_MTBLS39_the_plasticity_of_the_grapevine_berry_transcriptome_metabolite_profiling_mass_spectrometry.txt'
Calls: backendInitialize ... .mtbls_assay_list -> lapply -> FUN -> read.table -> file
Execution halted
Examples with CPU (user + system) or elapsed time > 5s
                   user system elapsed
MetaboLights-utils 0.48   0.05    7.22
* checking for unstated dependencies in 'tests' ... OK
* checking tests ...
  Running 'testthat.R'
 ERROR
Running the tests in 'tests/testthat.R' failed.
Last 13 lines of output:
  Error: Failed to connect to MetaboLights. No internet connection? Does the data set "MTBLS39" exist?
   - cannot open the connection
  Backtrace:
      ▆
   1. └─MsBackendMetaboLights:::.mtbls_data_files(...) at test_MsBackendMetaboLights.R:122:5
   2.   └─MsBackendMetaboLights:::.mtbls_assay_list(mtblsId)
   3.     └─MsBackendMetaboLights::mtbls_list_files(x, pattern = "^a_")
   4.       └─base::tryCatch(...)
   5.         └─base (local) tryCatchList(expr, classes, parentenv, handlers)
   6.           └─base (local) tryCatchOne(expr, names, parentenv, handlers[[1L]])
   7.             └─value[[3L]](cond)
  
  [ FAIL 3 | WARN 6 | SKIP 0 | PASS 55 ]
  Error: Test failures
  Execution halted
* checking for unstated dependencies in vignettes ... OK
* checking package vignettes ... OK
* checking running R code from vignettes ... SKIPPED
* checking re-building of vignette outputs ... SKIPPED
* checking PDF version of manual ... OK
* DONE

Status: 2 ERRORs, 1 NOTE
See
  'E:/biocbuild/bbs-3.21-bioc/meat/MsBackendMetaboLights.Rcheck/00check.log'
for details.


Installation output

MsBackendMetaboLights.Rcheck/00install.out

##############################################################################
##############################################################################
###
### Running command:
###
###   E:\biocbuild\bbs-3.21-bioc\R\bin\R.exe CMD INSTALL MsBackendMetaboLights
###
##############################################################################
##############################################################################


* installing to library 'E:/biocbuild/bbs-3.21-bioc/R/library'
* installing *source* package 'MsBackendMetaboLights' ...
** this is package 'MsBackendMetaboLights' version '1.1.0'
** using staged installation
** R
** byte-compile and prepare package for lazy loading
** help
*** installing help indices
** building package indices
** installing vignettes
** testing if installed package can be loaded from temporary location
** testing if installed package can be loaded from final location
** testing if installed package keeps a record of temporary installation path
* DONE (MsBackendMetaboLights)

Tests output

MsBackendMetaboLights.Rcheck/tests/testthat.Rout.fail


R Under development (unstable) (2025-01-21 r87610 ucrt) -- "Unsuffered Consequences"
Copyright (C) 2025 The R Foundation for Statistical Computing
Platform: x86_64-w64-mingw32/x64

R is free software and comes with ABSOLUTELY NO WARRANTY.
You are welcome to redistribute it under certain conditions.
Type 'license()' or 'licence()' for distribution details.

R is a collaborative project with many contributors.
Type 'contributors()' for more information and
'citation()' on how to cite R or R packages in publications.

Type 'demo()' for some demos, 'help()' for on-line help, or
'help.start()' for an HTML browser interface to help.
Type 'q()' to quit R.

> #' MetaboLights ID: MTBLS8735
> #' ftp://ftp.ebi.ac.uk/pub/databases/metabolights/studies/public/MTBLS8735
> 
> library(testthat)
> library(MsBackendMetaboLights)
Loading required package: Spectra
Loading required package: S4Vectors
Loading required package: stats4
Loading required package: BiocGenerics
Loading required package: generics

Attaching package: 'generics'

The following objects are masked from 'package:base':

    as.difftime, as.factor, as.ordered, intersect, is.element, setdiff,
    setequal, union


Attaching package: 'BiocGenerics'

The following objects are masked from 'package:stats':

    IQR, mad, sd, var, xtabs

The following objects are masked from 'package:base':

    Filter, Find, Map, Position, Reduce, anyDuplicated, aperm, append,
    as.data.frame, basename, cbind, colnames, dirname, do.call,
    duplicated, eval, evalq, get, grep, grepl, is.unsorted, lapply,
    mapply, match, mget, order, paste, pmax, pmax.int, pmin, pmin.int,
    rank, rbind, rownames, sapply, saveRDS, table, tapply, unique,
    unsplit, which.max, which.min


Attaching package: 'S4Vectors'

The following object is masked from 'package:utils':

    findMatches

The following objects are masked from 'package:base':

    I, expand.grid, unname

Loading required package: BiocParallel
> 
> test_check("MsBackendMetaboLights")
[ FAIL 3 | WARN 6 | SKIP 0 | PASS 55 ]

══ Failed tests ════════════════════════════════════════════════════════════════
── Error ('test_MsBackendMetaboLights.R:65:5'): mtbls_sync works ───────────────
Error in `bfcrpath(bfc, paste0(fpath, ffiles), fname = "exact")`: not all 'rnames' found or unique.
Backtrace:
    ▆
 1. └─MsBackendMetaboLights::mtbls_sync(x, offline = FALSE) at test_MsBackendMetaboLights.R:65:5
 2.   └─base::lapply(...)
 3.     └─MsBackendMetaboLights (local) FUN(X[[i]], ...)
 4.       └─MsBackendMetaboLights::mtbls_sync_data_files(...)
 5.         └─MsBackendMetaboLights:::.mtbls_data_files(...)
 6.           ├─BiocFileCache::bfcrpath(bfc, paste0(fpath, ffiles), fname = "exact")
 7.           └─BiocFileCache::bfcrpath(bfc, paste0(fpath, ffiles), fname = "exact")
── Failure ('test_MsBackendMetaboLights.R:90:5'): .mtbls_data_files and .mtbls_data_files_offline works ──
`.mtbls_data_files(mtblsId = "MTBLS2", assayName = "does not exist")` threw an error with unexpected message.
Expected match: "Not all assay names"
Actual message: "cannot open the connection to 'ftp://ftp.ebi.ac.uk/pub/databases/metabolights/studies/public/MTBLS2/a_MTBLS2_metabolite_profiling_mass_spectrometry.txt'"
Backtrace:
     ▆
  1. ├─testthat::expect_error(...) at test_MsBackendMetaboLights.R:90:5
  2. │ └─testthat:::quasi_capture(...)
  3. │   ├─testthat (local) .capture(...)
  4. │   │ └─base::withCallingHandlers(...)
  5. │   └─rlang::eval_bare(quo_get_expr(.quo), quo_get_env(.quo))
  6. └─MsBackendMetaboLights:::.mtbls_data_files(...)
  7.   └─MsBackendMetaboLights:::.mtbls_assay_list(mtblsId)
  8.     └─base::lapply(...)
  9.       └─MsBackendMetaboLights (local) FUN(X[[i]], ...)
 10.         └─utils::read.table(...)
 11.           └─base::file(file, "rt")
── Error ('test_MsBackendMetaboLights.R:122:5'): .mtbls_data_files and .mtbls_data_files_offline works ──
Error: Failed to connect to MetaboLights. No internet connection? Does the data set "MTBLS39" exist?
 - cannot open the connection
Backtrace:
    ▆
 1. └─MsBackendMetaboLights:::.mtbls_data_files(...) at test_MsBackendMetaboLights.R:122:5
 2.   └─MsBackendMetaboLights:::.mtbls_assay_list(mtblsId)
 3.     └─MsBackendMetaboLights::mtbls_list_files(x, pattern = "^a_")
 4.       └─base::tryCatch(...)
 5.         └─base (local) tryCatchList(expr, classes, parentenv, handlers)
 6.           └─base (local) tryCatchOne(expr, names, parentenv, handlers[[1L]])
 7.             └─value[[3L]](cond)

[ FAIL 3 | WARN 6 | SKIP 0 | PASS 55 ]
Error: Test failures
Execution halted

Example timings

MsBackendMetaboLights.Rcheck/MsBackendMetaboLights-Ex.timings

nameusersystemelapsed
MetaboLights-utils0.480.057.22