Back to Multiple platform build/check report for BioC 3.21:   simplified   long
ABCDEFGHIJKLMNO[P]QRSTUVWXYZ

This page was generated on 2025-02-06 11:41 -0500 (Thu, 06 Feb 2025).

HostnameOSArch (*)R versionInstalled pkgs
nebbiolo1Linux (Ubuntu 24.04.1 LTS)x86_64R Under development (unstable) (2025-01-20 r87609) -- "Unsuffered Consequences" 4719
palomino7Windows Server 2022 Datacenterx64R Under development (unstable) (2025-01-21 r87610 ucrt) -- "Unsuffered Consequences" 4480
lconwaymacOS 12.7.1 Montereyx86_64R Under development (unstable) (2025-01-22 r87618) -- "Unsuffered Consequences" 4491
kjohnson3macOS 13.7.1 Venturaarm64R Under development (unstable) (2025-01-20 r87609) -- "Unsuffered Consequences" 4444
Click on any hostname to see more info about the system (e.g. compilers)      (*) as reported by 'uname -p', except on Windows and Mac OS X

Package 1522/2295HostnameOS / ArchINSTALLBUILDCHECKBUILD BIN
PDATK 1.15.0  (landing page)
Benjamin Haibe-Kains
Snapshot Date: 2025-02-05 13:48 -0500 (Wed, 05 Feb 2025)
git_url: https://git.bioconductor.org/packages/PDATK
git_branch: devel
git_last_commit: 6c52f5f
git_last_commit_date: 2024-10-29 10:56:10 -0500 (Tue, 29 Oct 2024)
nebbiolo1Linux (Ubuntu 24.04.1 LTS) / x86_64  OK    OK    WARNINGS  UNNEEDED, same version is already published
palomino7Windows Server 2022 Datacenter / x64  OK    OK    WARNINGS    OK  UNNEEDED, same version is already published
lconwaymacOS 12.7.1 Monterey / x86_64  OK    OK    WARNINGS    OK  UNNEEDED, same version is already published
kjohnson3macOS 13.7.1 Ventura / arm64  OK    OK    WARNINGS    OK  UNNEEDED, same version is already published


CHECK results for PDATK on palomino7

To the developers/maintainers of the PDATK package:
- Allow up to 24 hours (and sometimes 48 hours) for your latest push to git@git.bioconductor.org:packages/PDATK.git to reflect on this report. See Troubleshooting Build Report for more information.
- Use the following Renviron settings to reproduce errors and warnings.
- If 'R CMD check' started to fail recently on the Linux builder(s) over a missing dependency, add the missing dependency to 'Suggests:' in your DESCRIPTION file. See Renviron.bioc for more information.

raw results


Summary

Package: PDATK
Version: 1.15.0
Command: E:\biocbuild\bbs-3.21-bioc\R\bin\R.exe CMD check --no-multiarch --install=check:PDATK.install-out.txt --library=E:\biocbuild\bbs-3.21-bioc\R\library --no-vignettes --timings PDATK_1.15.0.tar.gz
StartedAt: 2025-02-06 04:27:58 -0500 (Thu, 06 Feb 2025)
EndedAt: 2025-02-06 04:34:30 -0500 (Thu, 06 Feb 2025)
EllapsedTime: 391.5 seconds
RetCode: 0
Status:   WARNINGS  
CheckDir: PDATK.Rcheck
Warnings: 2

Command output

##############################################################################
##############################################################################
###
### Running command:
###
###   E:\biocbuild\bbs-3.21-bioc\R\bin\R.exe CMD check --no-multiarch --install=check:PDATK.install-out.txt --library=E:\biocbuild\bbs-3.21-bioc\R\library --no-vignettes --timings PDATK_1.15.0.tar.gz
###
##############################################################################
##############################################################################


* using log directory 'E:/biocbuild/bbs-3.21-bioc/meat/PDATK.Rcheck'
* using R Under development (unstable) (2025-01-21 r87610 ucrt)
* using platform: x86_64-w64-mingw32
* R was compiled by
    gcc.exe (GCC) 13.3.0
    GNU Fortran (GCC) 13.3.0
* running under: Windows Server 2022 x64 (build 20348)
* using session charset: UTF-8
* using option '--no-vignettes'
* checking for file 'PDATK/DESCRIPTION' ... OK
* checking extension type ... Package
* this is package 'PDATK' version '1.15.0'
* package encoding: UTF-8
* checking package namespace information ... OK
* checking package dependencies ... OK
* checking if this is a source package ... OK
* checking if there is a namespace ... OK
* checking for hidden files and directories ... OK
* checking for portable file names ... OK
* checking whether package 'PDATK' can be installed ... WARNING
Found the following significant warnings:
  Warning: replacing previous import 'survival::brier' by 'verification::brier' when loading 'PDATK'
See 'E:/biocbuild/bbs-3.21-bioc/meat/PDATK.Rcheck/00install.out' for details.
* checking installed package size ... OK
* checking package directory ... OK
* checking 'build' directory ... OK
* checking DESCRIPTION meta-information ... NOTE
License stub is invalid DCF.
* checking top-level files ... OK
* checking for left-over files ... OK
* checking index information ... OK
* checking package subdirectories ... OK
* checking code files for non-ASCII characters ... OK
* checking R files for syntax errors ... OK
* checking whether the package can be loaded ... OK
* checking whether the package can be loaded with stated dependencies ... OK
* checking whether the package can be unloaded cleanly ... OK
* checking whether the namespace can be loaded with stated dependencies ... OK
* checking whether the namespace can be unloaded cleanly ... OK
* checking dependencies in R code ... OK
* checking S3 generic/method consistency ... OK
* checking replacement functions ... OK
* checking foreign function calls ... OK
* checking R code for possible problems ... NOTE
.calculateMSMthresholds: no visible binding for global variable
  'funContext'
.plotNetwork: no visible global function definition for 'legend'
NCSModel: no visible binding for global variable 'metric'
NCSModel: no visible binding for global variable 'comparison'
NCSModel: no visible binding for global variable 'centroid_K'
NCSModel: no visible binding for global variable 'assay_K'
NetworkCommunitySearchModel: no visible binding for global variable
  'metric'
NetworkCommunitySearchModel: no visible binding for global variable
  'comparison'
NetworkCommunitySearchModel: no visible binding for global variable
  'centroid_K'
NetworkCommunitySearchModel: no visible binding for global variable
  'assay_K'
predictClasses,ConsensusMetaclusteringModel-ANY: no visible global
  function definition for '.error'
predictClasses,NCSModel-ANY: no visible binding for global variable
  'centroid_cohort'
predictClasses,NCSModel-ANY: no visible binding for global variable
  'centroid_K'
predictClasses,NCSModel-ANY: no visible binding for global variable
  'assay_cohort'
predictClasses,NCSModel-ANY: no visible binding for global variable
  'assay_K'
predictClasses,NCSModel-ANY: no visible binding for global variable
  'tmp'
predictClasses,NCSModel-ANY: no visible binding for global variable
  'cluster_label'
rankFeatures,MultiAssayExperiment: no visible binding for global
  variable 'feature'
rankFeatures,MultiAssayExperiment: no visible binding for global
  variable 'missignAssays'
rankFeatures,MultiAssayExperiment: no visible binding for global
  variable 'feature_score'
rankFeatures,MultiAssayExperiment: no visible binding for global
  variable 'feature_rank'
trainModel,ConsensusMetaclusteringModel: no visible global function
  definition for 'pdf'
trainModel,ConsensusMetaclusteringModel: no visible global function
  definition for 'dev.off'
trainModel,NCSModel: no visible binding for global variable
  'ingroup_proportion'
trainModel,NCSModel: no visible binding for global variable
  'cor_threshold'
Undefined global functions or variables:
  .error assay_K assay_cohort centroid_K centroid_cohort cluster_label
  comparison cor_threshold dev.off feature feature_rank feature_score
  funContext ingroup_proportion legend metric missignAssays pdf tmp
Consider adding
  importFrom("grDevices", "dev.off", "pdf")
  importFrom("graphics", "legend")
to your NAMESPACE file.
* checking Rd files ... OK
* checking Rd metadata ... OK
* checking Rd cross-references ... WARNING
Missing link(s) in Rd file 'rankFeatures-MultiAssayExperiment-method.Rd':
  '[dplyr:ranking]{dplyr::dense_rank}'

See section 'Cross-references' in the 'Writing R Extensions' manual.
* checking for missing documentation entries ... OK
* checking for code/documentation mismatches ... OK
* checking Rd \usage sections ... NOTE
Documented arguments not in \usage in Rd file 'dot-randomSampleIndex.Rd':
  'numSamples'

Functions with \usage entries need to have the appropriate \alias
entries, and all their arguments documented.
The \usage entries must correspond to syntactically valid R code.
See chapter 'Writing R documentation files' in the 'Writing R
Extensions' manual.
* checking Rd contents ... OK
* checking for unstated dependencies in examples ... OK
* checking contents of 'data' directory ... OK
* checking data for non-ASCII characters ... OK
* checking data for ASCII and uncompressed saves ... OK
* checking files in 'vignettes' ... OK
* checking examples ... OK
* checking for unstated dependencies in 'tests' ... OK
* checking tests ...
  Running 'testthat.R'
 OK
* checking for unstated dependencies in vignettes ... OK
* checking package vignettes ... OK
* checking running R code from vignettes ... SKIPPED
* checking re-building of vignette outputs ... SKIPPED
* checking PDF version of manual ... OK
* DONE

Status: 2 WARNINGs, 3 NOTEs
See
  'E:/biocbuild/bbs-3.21-bioc/meat/PDATK.Rcheck/00check.log'
for details.


Installation output

PDATK.Rcheck/00install.out

##############################################################################
##############################################################################
###
### Running command:
###
###   E:\biocbuild\bbs-3.21-bioc\R\bin\R.exe CMD INSTALL PDATK
###
##############################################################################
##############################################################################


* installing to library 'E:/biocbuild/bbs-3.21-bioc/R/library'
* installing *source* package 'PDATK' ...
** this is package 'PDATK' version '1.15.0'
** using staged installation
** R
** data
** byte-compile and prepare package for lazy loading
Warning: replacing previous import 'survival::brier' by 'verification::brier' when loading 'PDATK'
Warning: replacing previous import 'limma::logsumexp' by 'mclust::logsumexp' when loading 'genefu'
** help
*** installing help indices
** building package indices
** installing vignettes
** testing if installed package can be loaded from temporary location
Warning: replacing previous import 'survival::brier' by 'verification::brier' when loading 'PDATK'
Warning: replacing previous import 'limma::logsumexp' by 'mclust::logsumexp' when loading 'genefu'
** testing if installed package can be loaded from final location
Warning: replacing previous import 'survival::brier' by 'verification::brier' when loading 'PDATK'
Warning: replacing previous import 'limma::logsumexp' by 'mclust::logsumexp' when loading 'genefu'
** testing if installed package keeps a record of temporary installation path
* DONE (PDATK)

Tests output

PDATK.Rcheck/tests/testthat.Rout


R Under development (unstable) (2025-01-21 r87610 ucrt) -- "Unsuffered Consequences"
Copyright (C) 2025 The R Foundation for Statistical Computing
Platform: x86_64-w64-mingw32/x64

R is free software and comes with ABSOLUTELY NO WARRANTY.
You are welcome to redistribute it under certain conditions.
Type 'license()' or 'licence()' for distribution details.

R is a collaborative project with many contributors.
Type 'contributors()' for more information and
'citation()' on how to cite R or R packages in publications.

Type 'demo()' for some demos, 'help()' for on-line help, or
'help.start()' for an HTML browser interface to help.
Type 'q()' to quit R.

> library(testthat)
> library(PDATK)
Loading required package: SummarizedExperiment
Loading required package: MatrixGenerics
Loading required package: matrixStats

Attaching package: 'MatrixGenerics'

The following objects are masked from 'package:matrixStats':

    colAlls, colAnyNAs, colAnys, colAvgsPerRowSet, colCollapse,
    colCounts, colCummaxs, colCummins, colCumprods, colCumsums,
    colDiffs, colIQRDiffs, colIQRs, colLogSumExps, colMadDiffs,
    colMads, colMaxs, colMeans2, colMedians, colMins, colOrderStats,
    colProds, colQuantiles, colRanges, colRanks, colSdDiffs, colSds,
    colSums2, colTabulates, colVarDiffs, colVars, colWeightedMads,
    colWeightedMeans, colWeightedMedians, colWeightedSds,
    colWeightedVars, rowAlls, rowAnyNAs, rowAnys, rowAvgsPerColSet,
    rowCollapse, rowCounts, rowCummaxs, rowCummins, rowCumprods,
    rowCumsums, rowDiffs, rowIQRDiffs, rowIQRs, rowLogSumExps,
    rowMadDiffs, rowMads, rowMaxs, rowMeans2, rowMedians, rowMins,
    rowOrderStats, rowProds, rowQuantiles, rowRanges, rowRanks,
    rowSdDiffs, rowSds, rowSums2, rowTabulates, rowVarDiffs, rowVars,
    rowWeightedMads, rowWeightedMeans, rowWeightedMedians,
    rowWeightedSds, rowWeightedVars

Loading required package: GenomicRanges
Loading required package: stats4
Loading required package: BiocGenerics
Loading required package: generics

Attaching package: 'generics'

The following objects are masked from 'package:base':

    as.difftime, as.factor, as.ordered, intersect, is.element, setdiff,
    setequal, union


Attaching package: 'BiocGenerics'

The following objects are masked from 'package:stats':

    IQR, mad, sd, var, xtabs

The following objects are masked from 'package:base':

    Filter, Find, Map, Position, Reduce, anyDuplicated, aperm, append,
    as.data.frame, basename, cbind, colnames, dirname, do.call,
    duplicated, eval, evalq, get, grep, grepl, is.unsorted, lapply,
    mapply, match, mget, order, paste, pmax, pmax.int, pmin, pmin.int,
    rank, rbind, rownames, sapply, saveRDS, table, tapply, unique,
    unsplit, which.max, which.min

Loading required package: S4Vectors

Attaching package: 'S4Vectors'

The following object is masked from 'package:utils':

    findMatches

The following objects are masked from 'package:base':

    I, expand.grid, unname

Loading required package: IRanges

Attaching package: 'IRanges'

The following object is masked from 'package:grDevices':

    windows

Loading required package: GenomeInfoDb
Loading required package: Biobase
Welcome to Bioconductor

    Vignettes contain introductory material; view with
    'browseVignettes()'. To cite Bioconductor, see
    'citation("Biobase")', and for packages 'citation("pkgname")'.


Attaching package: 'Biobase'

The following object is masked from 'package:MatrixGenerics':

    rowMedians

The following objects are masked from 'package:matrixStats':

    anyMissing, rowMedians

Warning messages:
1: replacing previous import 'survival::brier' by 'verification::brier' when loading 'PDATK' 
2: replacing previous import 'limma::logsumexp' by 'mclust::logsumexp' when loading 'genefu' 
> 
> test_check("PDATK")
[ FAIL 0 | WARN 1 | SKIP 0 | PASS 77 ]

[ FAIL 0 | WARN 1 | SKIP 0 | PASS 77 ]
> 
> proc.time()
   user  system elapsed 
  28.54    1.92   30.70 

Example timings

PDATK.Rcheck/PDATK-Ex.timings

nameusersystemelapsed
CSPC_MAE0.000.010.01
ClinicalModel-class0.110.000.11
ClinicalModel0.130.020.15
CohortList0.030.000.03
ConsensusMetaclusteringModel0.030.000.03
CoxModel0.260.030.29
GeneFuModel0.090.000.09
ModelComparison2.800.082.89
PCOSP0.110.030.15
RandomGeneAssignmentModel0.080.020.09
RandomLabelShufflingModel0.090.000.09
SurvivalExperiment0.110.000.11
SurvivalModel-class0.060.000.06
SurvivalModel0.050.020.06
assignColDataColumn0.050.000.05
assignSubtypes-CohortList-list-method0.540.040.59
assignSubtypes-SurvivalExperiment-data.frame-method0.050.020.07
assignSubtypes0.060.000.06
barPlotModelComparison-ClinicalModel-PCOSP_or_RLS_or_RGA-method0.970.061.03
barPlotModelComparison0.850.030.87
birnbaum0.000.020.02
chen0.000.010.02
cohortSubtypeDFs0.000.020.01
compareModels-ModelComparison-SurvivalModel-method0.810.080.89
compareModels-SurvivalModel-SurvivalModel-method0.720.030.75
compareModels0.560.060.63
dropNotCensored-CohortList-method0.350.020.38
dropNotCensored-SurvivalExperiment-method0.030.000.03
dropNotCensored0.050.000.05
existingClassifierData0.010.000.02
findCommonGenes-CohortList-method0.020.000.01
findCommonGenes0.000.010.02
findCommonSamples-CohortList-method0.010.000.02
findCommonSamples0.030.000.03
forestPlot-ModelComparison-method0.910.070.97
forestPlot-PCOSP_or_ClinicalModel-method0.060.010.08
forestPlot0.110.000.11
getModelSeed-SurvivalModel-method0.000.020.01
getModelSeed0.020.000.02
getTopFeatures-PCOSP-method0.010.000.02
getTopFeatures-SummarizedExperiment-method0.140.000.14
getTopFeatures0.000.010.01
haiderSigScores000
hasColDataColumns0.020.000.02
merge-SurvivalExperiment-SurvivalExperiment-method0.110.020.12
modelParams-set000
modelParams0.000.010.02
models-SurvivalModel-method0.000.020.01
models-set-SurvivalModel-SimpleList-method0.010.000.02
models-set0.020.000.01
models0.000.010.02
normalsMAE0.020.000.02
plotROC-PCOSP-method0.290.000.29
predictClasses-CohortList-ClinicalModel-method0.250.040.28
predictClasses-CohortList-PCOSP_or_RLS_or_RGA-method0.280.010.30
predictClasses-SurvivalExperiment-ClinicalModel-method0.100.030.13
predictClasses-SurvivalExperiment-PCOSP_or_RLS_or_RGA-method0.110.020.12
predictClasses0.120.000.13
rankFeatures-SummarizedExperiment-method0.170.010.18
rankFeatures0.070.040.10
removeColDataFactorColumns0.010.010.03
removeFactorColumns000
renameColDataColumns0.020.020.03
renameColumns0.010.000.02
sampleClinicalModel0.020.000.01
sampleCohortList0.010.000.02
sampleICGCmicro0.000.010.01
samplePCOSPmodel0.020.000.02
samplePCOSPpredList0.020.020.03
samplePCSIsurvExp0.010.000.01
sampleRGAmodel0.000.010.02
sampleRLSmodel0.000.020.02
sampleTrainedPCOSPmodel0.000.010.01
sampleValPCOSPmodel0.030.000.03
show-S4Model-method0.090.000.09
subset-CohortList-method0.170.020.19
trainData-set0.020.000.02
trainData0.010.020.03
trainModel-ClinicalModel-method0.070.000.06
trainModel-PCOSP-method1.180.011.20
trainModel-RGAModel-method1.050.021.06
trainModel-RLSModel-method0.990.000.99
trainModel1.040.011.06
validateModel-ClinicalModel-CohortList-method0.250.000.25
validateModel-ClinicalModel-SurvivalExperiment-method0.740.020.75
validateModel-GeneFuModel-CohortList-method1.430.091.53
validateModel-PCOSP_or_RLS_or_RGA-CohortList-method1.290.171.46
validateModel-PCOSP_or_RLS_or_RGA-SurvivalExperiment-method1.000.191.18
validateModel0.060.030.10
validationData-SurvivalModel-method0.010.000.01
validationData-set-SurvivalModel-CohortList-method0.000.020.02
validationData-set000
validationData0.020.000.01
validationStats-SurvivalModel-method0.000.010.02
validationStats-set-SurvivalModel-data.frame-method0.000.020.02
validationStats-set0.020.000.01
validationStats0.010.000.02