Back to Multiple platform build/check report for BioC 3.21:   simplified   long
ABCDEFGHIJKLMNO[P]QRSTUVWXYZ

This page was generated on 2025-01-28 11:47 -0500 (Tue, 28 Jan 2025).

HostnameOSArch (*)R versionInstalled pkgs
nebbiolo1Linux (Ubuntu 24.04.1 LTS)x86_64R Under development (unstable) (2025-01-20 r87609) -- "Unsuffered Consequences" 4659
palomino7Windows Server 2022 Datacenterx64R Under development (unstable) (2025-01-21 r87610 ucrt) -- "Unsuffered Consequences" 4454
lconwaymacOS 12.7.1 Montereyx86_64R Under development (unstable) (2025-01-22 r87618) -- "Unsuffered Consequences" 4465
kjohnson3macOS 13.7.1 Venturaarm64R Under development (unstable) (2025-01-20 r87609) -- "Unsuffered Consequences" 4419
kunpeng2Linux (openEuler 22.03 LTS-SP1)aarch64R Under development (unstable) (2024-11-24 r87369) -- "Unsuffered Consequences" 4409
Click on any hostname to see more info about the system (e.g. compilers)      (*) as reported by 'uname -p', except on Windows and Mac OS X

Package 1545/2286HostnameOS / ArchINSTALLBUILDCHECKBUILD BIN
PhyloProfile 1.99.1  (landing page)
Vinh Tran
Snapshot Date: 2025-01-27 13:40 -0500 (Mon, 27 Jan 2025)
git_url: https://git.bioconductor.org/packages/PhyloProfile
git_branch: devel
git_last_commit: 6a63c13
git_last_commit_date: 2024-12-20 09:56:29 -0500 (Fri, 20 Dec 2024)
nebbiolo1Linux (Ubuntu 24.04.1 LTS) / x86_64  OK    OK    OK  UNNEEDED, same version is already published
palomino7Windows Server 2022 Datacenter / x64  OK    OK    OK    OK  UNNEEDED, same version is already published
lconwaymacOS 12.7.1 Monterey / x86_64  OK    OK    OK    OK  UNNEEDED, same version is already published
kjohnson3macOS 13.7.1 Ventura / arm64  OK    OK    OK    OK  UNNEEDED, same version is already published
kunpeng2Linux (openEuler 22.03 LTS-SP1) / aarch64  OK    OK    WARNINGS  


CHECK results for PhyloProfile on kunpeng2

To the developers/maintainers of the PhyloProfile package:
- Allow up to 24 hours (and sometimes 48 hours) for your latest push to git@git.bioconductor.org:packages/PhyloProfile.git to reflect on this report. See Troubleshooting Build Report for more information.
- Use the following Renviron settings to reproduce errors and warnings.
- If 'R CMD check' started to fail recently on the Linux builder(s) over a missing dependency, add the missing dependency to 'Suggests:' in your DESCRIPTION file. See Renviron.bioc for more information.
- See Martin Grigorov's blog post for how to debug Linux ARM64 related issues on a x86_64 host.

raw results


Summary

Package: PhyloProfile
Version: 1.99.1
Command: /home/biocbuild/R/R/bin/R CMD check --install=check:PhyloProfile.install-out.txt --library=/home/biocbuild/R/R/site-library --no-vignettes --timings PhyloProfile_1.99.1.tar.gz
StartedAt: 2025-01-28 13:54:16 -0000 (Tue, 28 Jan 2025)
EndedAt: 2025-01-28 13:58:19 -0000 (Tue, 28 Jan 2025)
EllapsedTime: 242.3 seconds
RetCode: 0
Status:   WARNINGS  
CheckDir: PhyloProfile.Rcheck
Warnings: 5

Command output

##############################################################################
##############################################################################
###
### Running command:
###
###   /home/biocbuild/R/R/bin/R CMD check --install=check:PhyloProfile.install-out.txt --library=/home/biocbuild/R/R/site-library --no-vignettes --timings PhyloProfile_1.99.1.tar.gz
###
##############################################################################
##############################################################################


* using log directory ‘/home/biocbuild/bbs-3.21-bioc/meat/PhyloProfile.Rcheck’
* using R Under development (unstable) (2024-11-24 r87369)
* using platform: aarch64-unknown-linux-gnu
* R was compiled by
    aarch64-unknown-linux-gnu-gcc (GCC) 14.2.0
    GNU Fortran (GCC) 14.2.0
* running under: openEuler 24.03 (LTS)
* using session charset: UTF-8
* using option ‘--no-vignettes’
* checking for file ‘PhyloProfile/DESCRIPTION’ ... OK
* this is package ‘PhyloProfile’ version ‘1.99.1’
* package encoding: UTF-8
* checking package namespace information ... OK
* checking package dependencies ... INFO
Imports includes 31 non-default packages.
Importing from so many packages makes the package vulnerable to any of
them becoming unavailable.  Move as many as possible to Suggests and
use conditionally.
* checking if this is a source package ... OK
* checking if there is a namespace ... OK
* checking for hidden files and directories ... OK
* checking for portable file names ... OK
* checking for sufficient/correct file permissions ... OK
* checking whether package ‘PhyloProfile’ can be installed ... WARNING
Found the following significant warnings:
  Warning: program compiled against libxml 212 using older 211
See ‘/home/biocbuild/bbs-3.21-bioc/meat/PhyloProfile.Rcheck/00install.out’ for details.
* checking installed package size ... OK
* checking package directory ... OK
* checking ‘build’ directory ... OK
* checking DESCRIPTION meta-information ... OK
* checking top-level files ... OK
* checking for left-over files ... OK
* checking index information ... OK
* checking package subdirectories ... OK
* checking code files for non-ASCII characters ... OK
* checking R files for syntax errors ... OK
* checking whether the package can be loaded ... OK
* checking whether the package can be loaded with stated dependencies ... OK
* checking whether the package can be unloaded cleanly ... OK
* checking whether the namespace can be loaded with stated dependencies ... NOTE
Warning: program compiled against libxml 212 using older 211

A namespace must be able to be loaded with just the base namespace
loaded: otherwise if the namespace gets loaded by a saved object, the
session will be unable to start.

Probably some imports need to be declared in the NAMESPACE file.
* checking whether the namespace can be unloaded cleanly ... OK
* checking loading without being on the library search path ... OK
* checking dependencies in R code ... NOTE
Warning: program compiled against libxml 212 using older 211
* checking S3 generic/method consistency ... WARNING
Warning: program compiled against libxml 212 using older 211
See section ‘Generic functions and methods’ in the ‘Writing R
Extensions’ manual.
* checking replacement functions ... WARNING
Warning: program compiled against libxml 212 using older 211
The argument of a replacement function which corresponds to the right
hand side must be named ‘value’.
* checking foreign function calls ... NOTE
Warning: program compiled against libxml 212 using older 211
See chapter ‘System and foreign language interfaces’ in the ‘Writing R
Extensions’ manual.
* checking R code for possible problems ... NOTE
Warning: program compiled against libxml 212 using older 211
* checking Rd files ... OK
* checking Rd metadata ... OK
* checking Rd cross-references ... OK
* checking for missing documentation entries ... WARNING
Warning: program compiled against libxml 212 using older 211
All user-level objects in a package should have documentation entries.
See chapter ‘Writing R documentation files’ in the ‘Writing R
Extensions’ manual.
* checking for code/documentation mismatches ... WARNING
Warning: program compiled against libxml 212 using older 211
Warning: program compiled against libxml 212 using older 211
Warning: program compiled against libxml 212 using older 211
* checking Rd \usage sections ... NOTE
Warning: program compiled against libxml 212 using older 211
The \usage entries for S3 methods should use the \method markup and not
their full name.
See chapter ‘Writing R documentation files’ in the ‘Writing R
Extensions’ manual.
* checking Rd contents ... OK
* checking for unstated dependencies in examples ... OK
* checking contents of ‘data’ directory ... OK
* checking data for non-ASCII characters ... OK
* checking data for ASCII and uncompressed saves ... OK
* checking files in ‘vignettes’ ... OK
* checking examples ... OK
* checking for unstated dependencies in ‘tests’ ... OK
* checking tests ...
  Running ‘testthat.R’
 OK
* checking for unstated dependencies in vignettes ... OK
* checking package vignettes ... OK
* checking running R code from vignettes ... SKIPPED
* checking re-building of vignette outputs ... SKIPPED
* checking PDF version of manual ... OK
* DONE

Status: 5 WARNINGs, 5 NOTEs
See
  ‘/home/biocbuild/bbs-3.21-bioc/meat/PhyloProfile.Rcheck/00check.log’
for details.


Installation output

PhyloProfile.Rcheck/00install.out

##############################################################################
##############################################################################
###
### Running command:
###
###   /home/biocbuild/R/R/bin/R CMD INSTALL PhyloProfile
###
##############################################################################
##############################################################################


* installing to library ‘/home/biocbuild/R/R-4.5.0-devel_2024-11-24/site-library’
* installing *source* package ‘PhyloProfile’ ...
** using staged installation
** R
** data
** inst
** byte-compile and prepare package for lazy loading
Warning: program compiled against libxml 212 using older 211
** help
*** installing help indices
** building package indices
** installing vignettes
** testing if installed package can be loaded from temporary location
Warning: program compiled against libxml 212 using older 211
** testing if installed package can be loaded from final location
Warning: program compiled against libxml 212 using older 211
** testing if installed package keeps a record of temporary installation path
* DONE (PhyloProfile)

Tests output

PhyloProfile.Rcheck/tests/testthat.Rout


R Under development (unstable) (2024-11-24 r87369) -- "Unsuffered Consequences"
Copyright (C) 2024 The R Foundation for Statistical Computing
Platform: aarch64-unknown-linux-gnu

R is free software and comes with ABSOLUTELY NO WARRANTY.
You are welcome to redistribute it under certain conditions.
Type 'license()' or 'licence()' for distribution details.

R is a collaborative project with many contributors.
Type 'contributors()' for more information and
'citation()' on how to cite R or R packages in publications.

Type 'demo()' for some demos, 'help()' for on-line help, or
'help.start()' for an HTML browser interface to help.
Type 'q()' to quit R.

> library(testthat)
> library(PhyloProfile)
Warning: program compiled against libxml 212 using older 211
> 
> test_check("PhyloProfile")
[ FAIL 0 | WARN 0 | SKIP 0 | PASS 22 ]
> 
> proc.time()
   user  system elapsed 
 10.380   0.929  11.317 

Example timings

PhyloProfile.Rcheck/PhyloProfile-Ex.timings

nameusersystemelapsed
addDimRedTaxaColors1.5890.0761.672
addFeatureColors0.0420.0000.043
addRankDivisionPlot1.0130.0281.042
calcPresSpec0.0450.0120.058
checkColorPalette0.0000.0000.001
checkInputValidity0.0050.0000.006
checkNewick0.0030.0000.003
checkOmaID000
checkOverlapDomains0.0180.0040.022
clusterDataDend0.0230.0000.024
compareMedianTaxonGroups0.0270.0040.032
compareTaxonGroups0.0370.0040.042
createArchiPlot3.1210.0683.196
createDimRedPlotData0.8490.0080.858
createGeneAgePlot0.2850.0040.290
createLongMatrix0.0130.0040.016
createPercentageDistributionData0.0880.0040.092
createProfileFromOma000
createUnrootedTree0.0170.0000.018
createVarDistPlot0.2310.0000.232
createVariableDistributionData0.0070.0000.010
createVariableDistributionDataSubset0.0090.0000.009
dataCustomizedPlot0.0410.0000.041
dataFeatureTaxGroup0.0170.0000.017
dataMainPlot0.0450.0040.049
dataVarDistTaxGroup0.0030.0040.007
dimReduction1.4800.0721.554
estimateGeneAge0.1540.0040.159
fastaParser0.0380.0040.043
featureDistTaxPlot0.2690.0000.270
filterProfileData0.1550.0040.159
fromInputToProfile0.1560.0000.157
geneAgePlotDf0.0110.0000.011
generateSinglePlot0.5330.0000.533
getAllDomainsOma000
getAllFastaOma000
getCommonAncestor0.0620.0000.062
getCoreGene0.1240.0000.124
getDataClustering0.0220.0000.022
getDataForOneOma000
getDendrogram0.0660.0000.067
getDistanceMatrix0.020.000.02
getDomainFolder0.0010.0000.001
getFastaFromFasInput0.0210.0080.029
getFastaFromFile0.0090.0040.014
getFastaFromFolder0.010.000.01
getIDsRank0.0290.0000.029
getInputTaxaID0.0040.0000.003
getInputTaxaName0.0150.0000.014
getNameList0.0150.0040.019
getOmaDataForOneOrtholog000
getOmaDomainFromURL0.0010.0000.000
getOmaMembers000
getQualColForVector000
getSelectedFastaOma000
getSelectedTaxonNames0.0220.0000.022
getTaxHierarchy0.0210.0000.021
getTaxonomyInfo0.0190.0000.018
getTaxonomyMatrix0.0880.0160.105
getTaxonomyRanks000
gridArrangeSharedLegend000
groupLabelDimRedData0.0650.0080.073
heatmapPlotting0.4320.0320.465
heatmapPlottingFast4.4630.1104.471
highlightProfilePlot0.4260.0040.432
id2name0.0050.0000.004
joinPlotMergeLegends0.7880.0000.790
linearizeArchitecture0.0110.0000.011
mainTaxonomyRank0.0010.0000.001
modifyFeatureName0.0150.0000.015
pairDomainPlotting0.5890.0000.595
parseDomainInput0.0140.0000.014
parseInfoProfile0.1670.0120.180
plotDimRed1.2340.0001.236
plotDimRed3D1.1850.0361.223
prepareDimRedData0.0620.0000.063
processNcbiTaxonomy000
processOrthoID0.1540.0260.306
qualitativeColours000
rankIndexing0.0630.0000.064
reduceProfile0.0150.0000.015
resolveOverlapFeatures0.0190.0000.020
runPhyloProfile000
singleDomainPlotting0.2660.0040.270
sortDomains0.0080.0000.009
sortDomainsByList0.0110.0000.010
sortInputTaxa0.0370.0000.037
sortTaxaFromTree0.0340.0000.035
taxonomyTableCreator0.1180.0000.119
varDistTaxPlot1.1270.0041.133
wideToLong0.0070.0040.010
xmlParser0.0200.0000.021