Back to Multiple platform build/check report for BioC 3.21:   simplified   long
[A]BCDEFGHIJKLMNOPQRSTUVWXYZ

This page was generated on 2025-02-04 11:39 -0500 (Tue, 04 Feb 2025).

HostnameOSArch (*)R versionInstalled pkgs
nebbiolo1Linux (Ubuntu 24.04.1 LTS)x86_64R Under development (unstable) (2025-01-20 r87609) -- "Unsuffered Consequences" 4716
palomino7Windows Server 2022 Datacenterx64R Under development (unstable) (2025-01-21 r87610 ucrt) -- "Unsuffered Consequences" 4478
lconwaymacOS 12.7.1 Montereyx86_64R Under development (unstable) (2025-01-22 r87618) -- "Unsuffered Consequences" 4489
kjohnson3macOS 13.7.1 Venturaarm64R Under development (unstable) (2025-01-20 r87609) -- "Unsuffered Consequences" 4442
Click on any hostname to see more info about the system (e.g. compilers)      (*) as reported by 'uname -p', except on Windows and Mac OS X

Package 24/2295HostnameOS / ArchINSTALLBUILDCHECKBUILD BIN
affy 1.85.1  (landing page)
Robert D. Shear
Snapshot Date: 2025-02-03 13:40 -0500 (Mon, 03 Feb 2025)
git_url: https://git.bioconductor.org/packages/affy
git_branch: devel
git_last_commit: 38ca5fd
git_last_commit_date: 2025-01-10 11:23:07 -0500 (Fri, 10 Jan 2025)
nebbiolo1Linux (Ubuntu 24.04.1 LTS) / x86_64  OK    OK    WARNINGS  UNNEEDED, same version is already published
palomino7Windows Server 2022 Datacenter / x64  OK    OK    WARNINGS    OK  UNNEEDED, same version is already published
lconwaymacOS 12.7.1 Monterey / x86_64  OK    OK    WARNINGS    OK  UNNEEDED, same version is already published
kjohnson3macOS 13.7.1 Ventura / arm64  OK    OK    WARNINGS    OK  UNNEEDED, same version is already published


CHECK results for affy on nebbiolo1

To the developers/maintainers of the affy package:
- Allow up to 24 hours (and sometimes 48 hours) for your latest push to git@git.bioconductor.org:packages/affy.git to reflect on this report. See Troubleshooting Build Report for more information.
- Use the following Renviron settings to reproduce errors and warnings.
- If 'R CMD check' started to fail recently on the Linux builder(s) over a missing dependency, add the missing dependency to 'Suggests:' in your DESCRIPTION file. See Renviron.bioc for more information.

raw results


Summary

Package: affy
Version: 1.85.1
Command: /home/biocbuild/bbs-3.21-bioc/R/bin/R CMD check --install=check:affy.install-out.txt --library=/home/biocbuild/bbs-3.21-bioc/R/site-library --timings affy_1.85.1.tar.gz
StartedAt: 2025-02-03 20:02:43 -0500 (Mon, 03 Feb 2025)
EndedAt: 2025-02-03 20:05:31 -0500 (Mon, 03 Feb 2025)
EllapsedTime: 167.3 seconds
RetCode: 0
Status:   WARNINGS  
CheckDir: affy.Rcheck
Warnings: 1

Command output

##############################################################################
##############################################################################
###
### Running command:
###
###   /home/biocbuild/bbs-3.21-bioc/R/bin/R CMD check --install=check:affy.install-out.txt --library=/home/biocbuild/bbs-3.21-bioc/R/site-library --timings affy_1.85.1.tar.gz
###
##############################################################################
##############################################################################


* using log directory ‘/home/biocbuild/bbs-3.21-bioc/meat/affy.Rcheck’
* using R Under development (unstable) (2025-01-20 r87609)
* using platform: x86_64-pc-linux-gnu
* R was compiled by
    gcc (Ubuntu 13.3.0-6ubuntu2~24.04) 13.3.0
    GNU Fortran (Ubuntu 13.3.0-6ubuntu2~24.04) 13.3.0
* running under: Ubuntu 24.04.1 LTS
* using session charset: UTF-8
* checking for file ‘affy/DESCRIPTION’ ... OK
* this is package ‘affy’ version ‘1.85.1’
* checking package namespace information ... OK
* checking package dependencies ... OK
* checking if this is a source package ... OK
* checking if there is a namespace ... OK
* checking for hidden files and directories ... OK
* checking for portable file names ... OK
* checking for sufficient/correct file permissions ... OK
* checking whether package ‘affy’ can be installed ... OK
* used C compiler: ‘gcc (Ubuntu 13.3.0-6ubuntu2~24.04) 13.3.0’
* checking installed package size ... OK
* checking package directory ... OK
* checking ‘build’ directory ... OK
* checking DESCRIPTION meta-information ... OK
* checking top-level files ... OK
* checking for left-over files ... OK
* checking index information ... OK
* checking package subdirectories ... NOTE
Problems with news in ‘NEWS’:
  Cannot process chunk/lines:
    Things done:
      0 (wh:) moved everything related to Cdf-class from 'affy' to 'makecdfenv':
        R/Cdf.R, R/getLocationsData.Cdf.R, locate.name.R, pmormm.R
        R/read.cdffile.R, data/cdf.example.rda, man/Cdf-class.Rd
        man/getLocationsData.Cdf.Rd, man/locate.name.Rd, man/pmormm.Rd
        man/read.cdffile.Rd, src/read_cdffile.c
      o read.affybatch2 reads all cel files together in one big hit
        into an affybatch
      o the baseline in normalize.AffyBatch,invariant can be selected
        using a baseline.type parameter. Also changed "progress" to the 
        more standard "verbose". Seemed to be an error since both PM and
        MM probes were normalized by only PM's where used to establish the 
        normalization, now follows same standard as been introduced for
        normalize.AffyBatch.quantiles.
      o Most normalization routines can now be called with the parameter 
        type which specifies whether to be pmonly, mmonly, both together 
        or both separately. This introduces more consistency to the how
        the normalization routines are actually applied to affybatchs.
      o express() has been completely removed.
* checking code files for non-ASCII characters ... OK
* checking R files for syntax errors ... OK
* checking whether the package can be loaded ... OK
* checking whether the package can be loaded with stated dependencies ... OK
* checking whether the package can be unloaded cleanly ... OK
* checking whether the namespace can be loaded with stated dependencies ... OK
* checking whether the namespace can be unloaded cleanly ... OK
* checking loading without being on the library search path ... OK
* checking whether startup messages can be suppressed ... OK
* checking dependencies in R code ... NOTE
Unexported objects imported by ':::' calls:
  ‘stats:::C_loess_raw’ ‘stats:::C_lowesp’ ‘stats:::C_lowesw’
  See the note in ?`:::` about the use of this operator.
* checking S3 generic/method consistency ... OK
* checking replacement functions ... OK
* checking foreign function calls ... WARNING
Foreign function calls to a base package:
  .C(stats:::C_loess_raw, ...)
  .Fortran(stats:::C_lowesp, ...)
  .Fortran(stats:::C_lowesw, ...)
Packages should not make .C/.Call/.External/.Fortran calls to a base
package. They are not part of the API, for use only by R itself and
subject to change without notice.
* checking R code for possible problems ... OK
* checking Rd files ... NOTE
checkRd: (-1) xy2indices.Rd:51: Escaped LaTeX specials: \_ \_
* checking Rd metadata ... OK
* checking Rd cross-references ... NOTE
Found the following Rd file(s) with Rd \link{} targets missing package
anchors:
  AffyBatch-class.Rd: normalize
  normalize-methods.Rd: normalize
  normalize.invariantset.Rd: normalize
  normalize.loess.Rd: normalize
  normalize.quantiles.Rd: normalize
  normalize.quantiles.robust.Rd: normalize
Please provide package anchors for all Rd \link{} targets not in the
package itself and the base packages.
* checking for missing documentation entries ... OK
* checking for code/documentation mismatches ... OK
* checking Rd \usage sections ... OK
* checking Rd contents ... OK
* checking for unstated dependencies in examples ... OK
* checking contents of ‘data’ directory ... OK
* checking data for non-ASCII characters ... OK
* checking data for ASCII and uncompressed saves ... OK
* checking line endings in shell scripts ... OK
* checking line endings in C/C++/Fortran sources/headers ... OK
* checking line endings in Makefiles ... OK
* checking compilation flags in Makevars ... OK
* checking for GNU extensions in Makefiles ... OK
* checking for portable use of $(BLAS_LIBS) and $(LAPACK_LIBS) ... OK
* checking use of PKG_*FLAGS in Makefiles ... OK
* checking compiled code ... NOTE
Note: information on .o files is not available
* checking files in ‘vignettes’ ... OK
* checking examples ... OK
Examples with CPU (user + system) or elapsed time > 5s
                        user system elapsed
mas5                  17.408  0.242  17.652
MAplot                11.221  0.378  11.601
expresso               7.758  0.142   7.901
ProgressBarText-class  0.901  0.033  16.423
* checking for unstated dependencies in vignettes ... OK
* checking package vignettes ... OK
* checking re-building of vignette outputs ... OK
* checking PDF version of manual ... OK
* DONE

Status: 1 WARNING, 5 NOTEs
See
  ‘/home/biocbuild/bbs-3.21-bioc/meat/affy.Rcheck/00check.log’
for details.


Installation output

affy.Rcheck/00install.out

##############################################################################
##############################################################################
###
### Running command:
###
###   /home/biocbuild/bbs-3.21-bioc/R/bin/R CMD INSTALL affy
###
##############################################################################
##############################################################################


* installing to library ‘/home/biocbuild/bbs-3.21-bioc/R/site-library’
* installing *source* package ‘affy’ ...
** this is package ‘affy’ version ‘1.85.1’
** using staged installation
creating cache ./config.cache
checking how to run the C preprocessor... gcc -E
checking for main in -lz... yes
checking for zlib.h... yes
checking if zlib version >= 1.1.3... yes
updating cache ./config.cache
creating ./config.status
creating src/Makevars
** libs
using C compiler: ‘gcc (Ubuntu 13.3.0-6ubuntu2~24.04) 13.3.0’
gcc -I"/home/biocbuild/bbs-3.21-bioc/R/include" -DNDEBUG -DHAVE_ZLIB=1  -I'/home/biocbuild/bbs-3.21-bioc/R/site-library/preprocessCore/include' -I/usr/local/include   -g -O2 -fpic  -g -O2  -c chipbackground.c -o chipbackground.o
gcc -I"/home/biocbuild/bbs-3.21-bioc/R/include" -DNDEBUG -DHAVE_ZLIB=1  -I'/home/biocbuild/bbs-3.21-bioc/R/site-library/preprocessCore/include' -I/usr/local/include   -g -O2 -fpic  -g -O2  -c getall_locations.c -o getall_locations.o
gcc -I"/home/biocbuild/bbs-3.21-bioc/R/include" -DNDEBUG -DHAVE_ZLIB=1  -I'/home/biocbuild/bbs-3.21-bioc/R/site-library/preprocessCore/include' -I/usr/local/include   -g -O2 -fpic  -g -O2  -c mas5calls.c -o mas5calls.o
gcc -I"/home/biocbuild/bbs-3.21-bioc/R/include" -DNDEBUG -DHAVE_ZLIB=1  -I'/home/biocbuild/bbs-3.21-bioc/R/site-library/preprocessCore/include' -I/usr/local/include   -g -O2 -fpic  -g -O2  -c rma2.c -o rma2.o
gcc -I"/home/biocbuild/bbs-3.21-bioc/R/include" -DNDEBUG -DHAVE_ZLIB=1  -I'/home/biocbuild/bbs-3.21-bioc/R/site-library/preprocessCore/include' -I/usr/local/include   -g -O2 -fpic  -g -O2  -c rma_common.c -o rma_common.o
gcc -shared -L/home/biocbuild/bbs-3.21-bioc/R/lib -L/usr/local/lib -o affy.so chipbackground.o getall_locations.o mas5calls.o rma2.o rma_common.o -lz -L/home/biocbuild/bbs-3.21-bioc/R/lib -lR
installing to /home/biocbuild/bbs-3.21-bioc/R/site-library/00LOCK-affy/00new/affy/libs
** R
** data
** demo
** inst
** byte-compile and prepare package for lazy loading
** help
*** installing help indices
** building package indices
** installing vignettes
** testing if installed package can be loaded from temporary location
** checking absolute paths in shared objects and dynamic libraries
** testing if installed package can be loaded from final location
** testing if installed package keeps a record of temporary installation path
* DONE (affy)

Tests output


Example timings

affy.Rcheck/affy-Ex.timings

nameusersystemelapsed
AffyBatch-class3.5880.2633.851
AffyRNAdeg2.0270.0382.065
MAplot11.221 0.37811.601
ProbeSet-class0.2760.0090.285
ProgressBarText-class 0.901 0.03316.423
affy-options0.0000.0010.000
barplot.ProbeSet0.5430.0080.551
bgc3.3850.0863.472
cleancdfname0.0040.0030.008
expresso7.7580.1427.901
expressoWidget0.0000.0010.000
fit.li.wong3.3520.0553.407
generateExprSet-methods0.3180.0130.331
generateExprVal-methods0.3060.0200.325
generateExprVal.method.avgdiff0.1380.0230.161
list.celfiles000
maffy.subset0.0090.0020.011
mas517.408 0.24217.652
mas5calls0.9640.0330.998
mva.pairs0.0730.0000.073
normalize-methods0.2340.0050.239
normalize.loess0.0090.0010.009
plot.ProbeSet0.0100.0020.012
plot.density0.4410.0100.452
plotLocation1.1380.0201.159
pmcorrect0.2490.0050.255
ppsetApply0.0010.0000.000
read.affybatch1.0650.0551.123
rma1.4880.0051.495
setAffyOptions0.0000.0000.001
xy2indices1.5490.0311.580