Back to Multiple platform build/check report for BioC 3.21: simplified long |
|
This page was generated on 2025-02-04 11:44 -0500 (Tue, 04 Feb 2025).
Hostname | OS | Arch (*) | R version | Installed pkgs |
---|---|---|---|---|
nebbiolo1 | Linux (Ubuntu 24.04.1 LTS) | x86_64 | R Under development (unstable) (2025-01-20 r87609) -- "Unsuffered Consequences" | 4716 |
palomino7 | Windows Server 2022 Datacenter | x64 | R Under development (unstable) (2025-01-21 r87610 ucrt) -- "Unsuffered Consequences" | 4478 |
lconway | macOS 12.7.1 Monterey | x86_64 | R Under development (unstable) (2025-01-22 r87618) -- "Unsuffered Consequences" | 4489 |
kjohnson3 | macOS 13.7.1 Ventura | arm64 | R Under development (unstable) (2025-01-20 r87609) -- "Unsuffered Consequences" | 4442 |
Click on any hostname to see more info about the system (e.g. compilers) (*) as reported by 'uname -p', except on Windows and Mac OS X |
Package 128/2295 | Hostname | OS / Arch | INSTALL | BUILD | CHECK | BUILD BIN | ||||||||
bandle 1.11.0 (landing page) Oliver M. Crook
| nebbiolo1 | Linux (Ubuntu 24.04.1 LTS) / x86_64 | OK | OK | WARNINGS | |||||||||
palomino7 | Windows Server 2022 Datacenter / x64 | ERROR | ERROR | skipped | skipped | |||||||||
lconway | macOS 12.7.1 Monterey / x86_64 | OK | OK | WARNINGS | OK | |||||||||
kjohnson3 | macOS 13.7.1 Ventura / arm64 | OK | OK | WARNINGS | OK | |||||||||
To the developers/maintainers of the bandle package: - Allow up to 24 hours (and sometimes 48 hours) for your latest push to git@git.bioconductor.org:packages/bandle.git to reflect on this report. See Troubleshooting Build Report for more information. - Use the following Renviron settings to reproduce errors and warnings. - If 'R CMD check' started to fail recently on the Linux builder(s) over a missing dependency, add the missing dependency to 'Suggests:' in your DESCRIPTION file. See Renviron.bioc for more information. |
Package: bandle |
Version: 1.11.0 |
Command: /Library/Frameworks/R.framework/Resources/bin/R CMD check --install=check:bandle.install-out.txt --library=/Library/Frameworks/R.framework/Resources/library --no-vignettes --timings bandle_1.11.0.tar.gz |
StartedAt: 2025-02-03 18:44:20 -0500 (Mon, 03 Feb 2025) |
EndedAt: 2025-02-03 18:47:53 -0500 (Mon, 03 Feb 2025) |
EllapsedTime: 212.4 seconds |
RetCode: 0 |
Status: WARNINGS |
CheckDir: bandle.Rcheck |
Warnings: 1 |
############################################################################## ############################################################################## ### ### Running command: ### ### /Library/Frameworks/R.framework/Resources/bin/R CMD check --install=check:bandle.install-out.txt --library=/Library/Frameworks/R.framework/Resources/library --no-vignettes --timings bandle_1.11.0.tar.gz ### ############################################################################## ############################################################################## * using log directory ‘/Users/biocbuild/bbs-3.21-bioc/meat/bandle.Rcheck’ * using R Under development (unstable) (2025-01-20 r87609) * using platform: aarch64-apple-darwin20 * R was compiled by Apple clang version 14.0.0 (clang-1400.0.29.202) GNU Fortran (GCC) 14.2.0 * running under: macOS Ventura 13.7.1 * using session charset: UTF-8 * using option ‘--no-vignettes’ * checking for file ‘bandle/DESCRIPTION’ ... OK * checking extension type ... Package * this is package ‘bandle’ version ‘1.11.0’ * package encoding: UTF-8 * checking package namespace information ... OK * checking package dependencies ... OK * checking if this is a source package ... OK * checking if there is a namespace ... OK * checking for hidden files and directories ... OK * checking for portable file names ... OK * checking for sufficient/correct file permissions ... OK * checking whether package ‘bandle’ can be installed ... OK * used C++ compiler: ‘Apple clang version 15.0.0 (clang-1500.1.0.2.5)’ * used SDK: ‘MacOSX11.3.sdk’ * checking C++ specification ... NOTE Specified C++14: please drop specification unless essential * checking installed package size ... OK * checking package directory ... OK * checking ‘build’ directory ... OK * checking DESCRIPTION meta-information ... OK * checking top-level files ... OK * checking for left-over files ... OK * checking index information ... OK * checking package subdirectories ... OK * checking code files for non-ASCII characters ... OK * checking R files for syntax errors ... OK * checking whether the package can be loaded ... OK * checking whether the package can be loaded with stated dependencies ... OK * checking whether the package can be unloaded cleanly ... OK * checking whether the namespace can be loaded with stated dependencies ... OK * checking whether the namespace can be unloaded cleanly ... OK * checking dependencies in R code ... NOTE 'library' or 'require' call to ‘Biobase’ which was already attached by Depends. Please remove these calls from your code. ':::' call which should be '::': ‘dplyr:::summarise’ See the note in ?`:::` about the use of this operator. * checking S3 generic/method consistency ... OK * checking replacement functions ... OK * checking foreign function calls ... OK * checking R code for possible problems ... OK * checking Rd files ... OK * checking Rd metadata ... OK * checking Rd cross-references ... OK * checking for missing documentation entries ... OK * checking for code/documentation mismatches ... OK * checking Rd \usage sections ... WARNING Undocumented arguments in Rd file 'bandle_get_outliers.Rd' ‘params’ Documented arguments not in \usage in Rd file 'bandle_get_outliers.Rd': ‘x’ Functions with \usage entries need to have the appropriate \alias entries, and all their arguments documented. The \usage entries must correspond to syntactically valid R code. See chapter ‘Writing R documentation files’ in the ‘Writing R Extensions’ manual. * checking Rd contents ... NOTE Auto-generated content requiring editing in Rd file 'bandle-package.Rd': \details: ‘...o use the package, including the most important functions ~~’ \references: ‘~~ Literature or other references for background information ~~’ * checking for unstated dependencies in examples ... OK * checking line endings in C/C++/Fortran sources/headers ... OK * checking line endings in Makefiles ... OK * checking compilation flags in Makevars ... OK * checking for GNU extensions in Makefiles ... OK * checking for portable use of $(BLAS_LIBS) and $(LAPACK_LIBS) ... OK * checking use of PKG_*FLAGS in Makefiles ... OK * checking compiled code ... NOTE Note: information on .o files is not available * checking files in ‘vignettes’ ... OK * checking examples ... OK Examples with CPU (user + system) or elapsed time > 5s user system elapsed bandle-differentiallocalisation 6.778 0.326 7.143 * checking for unstated dependencies in ‘tests’ ... OK * checking tests ... Running ‘spelling.R’ Running ‘testthat.R’ OK * checking for unstated dependencies in vignettes ... OK * checking package vignettes ... OK * checking running R code from vignettes ... SKIPPED * checking re-building of vignette outputs ... SKIPPED * checking PDF version of manual ... OK * DONE Status: 1 WARNING, 4 NOTEs See ‘/Users/biocbuild/bbs-3.21-bioc/meat/bandle.Rcheck/00check.log’ for details.
bandle.Rcheck/00install.out
############################################################################## ############################################################################## ### ### Running command: ### ### /Library/Frameworks/R.framework/Resources/bin/R CMD INSTALL bandle ### ############################################################################## ############################################################################## * installing to library ‘/Library/Frameworks/R.framework/Versions/4.5-arm64/Resources/library’ * installing *source* package ‘bandle’ ... ** this is package ‘bandle’ version ‘1.11.0’ ** using staged installation ** libs using C++ compiler: ‘Apple clang version 15.0.0 (clang-1500.1.0.2.5)’ using C++14 using SDK: ‘MacOSX11.3.sdk’ clang++ -arch arm64 -std=gnu++14 -I"/Library/Frameworks/R.framework/Resources/include" -DNDEBUG -I'/Library/Frameworks/R.framework/Versions/4.5-arm64/Resources/library/Rcpp/include' -I'/Library/Frameworks/R.framework/Versions/4.5-arm64/Resources/library/RcppArmadillo/include' -I'/Library/Frameworks/R.framework/Versions/4.5-arm64/Resources/library/BH/include' -I/opt/R/arm64/include -fPIC -falign-functions=64 -Wall -g -O2 -DR_NO_REMAP -c Bessel2ndKind.cpp -o Bessel2ndKind.o clang++ -arch arm64 -std=gnu++14 -I"/Library/Frameworks/R.framework/Resources/include" -DNDEBUG -I'/Library/Frameworks/R.framework/Versions/4.5-arm64/Resources/library/Rcpp/include' -I'/Library/Frameworks/R.framework/Versions/4.5-arm64/Resources/library/RcppArmadillo/include' -I'/Library/Frameworks/R.framework/Versions/4.5-arm64/Resources/library/BH/include' -I/opt/R/arm64/include -fPIC -falign-functions=64 -Wall -g -O2 -DR_NO_REMAP -c RcppExports.cpp -o RcppExports.o clang++ -arch arm64 -std=gnu++14 -I"/Library/Frameworks/R.framework/Resources/include" -DNDEBUG -I'/Library/Frameworks/R.framework/Versions/4.5-arm64/Resources/library/Rcpp/include' -I'/Library/Frameworks/R.framework/Versions/4.5-arm64/Resources/library/RcppArmadillo/include' -I'/Library/Frameworks/R.framework/Versions/4.5-arm64/Resources/library/BH/include' -I/opt/R/arm64/include -fPIC -falign-functions=64 -Wall -g -O2 -DR_NO_REMAP -c dmvtCpp.cpp -o dmvtCpp.o clang++ -arch arm64 -std=gnu++14 -I"/Library/Frameworks/R.framework/Resources/include" -DNDEBUG -I'/Library/Frameworks/R.framework/Versions/4.5-arm64/Resources/library/Rcpp/include' -I'/Library/Frameworks/R.framework/Versions/4.5-arm64/Resources/library/RcppArmadillo/include' -I'/Library/Frameworks/R.framework/Versions/4.5-arm64/Resources/library/BH/include' -I/opt/R/arm64/include -fPIC -falign-functions=64 -Wall -g -O2 -DR_NO_REMAP -c leapfrogGPcpp.cpp -o leapfrogGPcpp.o clang++ -arch arm64 -std=gnu++14 -I"/Library/Frameworks/R.framework/Resources/include" -DNDEBUG -I'/Library/Frameworks/R.framework/Versions/4.5-arm64/Resources/library/Rcpp/include' -I'/Library/Frameworks/R.framework/Versions/4.5-arm64/Resources/library/RcppArmadillo/include' -I'/Library/Frameworks/R.framework/Versions/4.5-arm64/Resources/library/BH/include' -I/opt/R/arm64/include -fPIC -falign-functions=64 -Wall -g -O2 -DR_NO_REMAP -c pg_sample.cpp -o pg_sample.o clang++ -arch arm64 -std=gnu++14 -dynamiclib -Wl,-headerpad_max_install_names -undefined dynamic_lookup -L/Library/Frameworks/R.framework/Resources/lib -L/opt/R/arm64/lib -o bandle.so Bessel2ndKind.o RcppExports.o dmvtCpp.o leapfrogGPcpp.o pg_sample.o -L/Library/Frameworks/R.framework/Resources/lib -lRlapack -L/Library/Frameworks/R.framework/Resources/lib -lRblas -L/opt/gfortran/lib/gcc/aarch64-apple-darwin20.0/14.2.0 -L/opt/gfortran/lib -lemutls_w -lheapt_w -lgfortran -lquadmath -F/Library/Frameworks/R.framework/.. -framework R -Wl,-framework -Wl,CoreFoundation installing to /Library/Frameworks/R.framework/Versions/4.5-arm64/Resources/library/00LOCK-bandle/00new/bandle/libs ** R ** inst ** byte-compile and prepare package for lazy loading Creating a generic function from function ‘posteriorEstimates’ in package ‘bandle’ Creating a generic function from function ‘bandleJoint’ in package ‘bandle’ ** help *** installing help indices ** building package indices ** installing vignettes ** testing if installed package can be loaded from temporary location ** checking absolute paths in shared objects and dynamic libraries ** testing if installed package can be loaded from final location ** testing if installed package keeps a record of temporary installation path * DONE (bandle)
bandle.Rcheck/tests/spelling.Rout
R Under development (unstable) (2025-01-20 r87609) -- "Unsuffered Consequences" Copyright (C) 2025 The R Foundation for Statistical Computing Platform: aarch64-apple-darwin20 R is free software and comes with ABSOLUTELY NO WARRANTY. You are welcome to redistribute it under certain conditions. Type 'license()' or 'licence()' for distribution details. R is a collaborative project with many contributors. Type 'contributors()' for more information and 'citation()' on how to cite R or R packages in publications. Type 'demo()' for some demos, 'help()' for on-line help, or 'help.start()' for an HTML browser interface to help. Type 'q()' to quit R. > #if(requireNamespace('spelling', quietly = TRUE)) > # spelling::spell_check_test(vignettes = TRUE, error = FALSE, > # skip_on_cran = TRUE) > > proc.time() user system elapsed 0.073 0.025 0.097
bandle.Rcheck/tests/testthat.Rout
R Under development (unstable) (2025-01-20 r87609) -- "Unsuffered Consequences" Copyright (C) 2025 The R Foundation for Statistical Computing Platform: aarch64-apple-darwin20 R is free software and comes with ABSOLUTELY NO WARRANTY. You are welcome to redistribute it under certain conditions. Type 'license()' or 'licence()' for distribution details. R is a collaborative project with many contributors. Type 'contributors()' for more information and 'citation()' on how to cite R or R packages in publications. Type 'demo()' for some demos, 'help()' for on-line help, or 'help.start()' for an HTML browser interface to help. Type 'q()' to quit R. > # The setting of R_TESTS exists to work around an R bug. See > # https://github.com/hadley/testthat/issues/144 > # We should remove it when the issue is resolved. > Sys.setenv("R_TESTS" = "") > > library("testthat") > library("bandle") Loading required package: S4Vectors Loading required package: stats4 Loading required package: BiocGenerics Loading required package: generics Attaching package: 'generics' The following objects are masked from 'package:base': as.difftime, as.factor, as.ordered, intersect, is.element, setdiff, setequal, union Attaching package: 'BiocGenerics' The following objects are masked from 'package:stats': IQR, mad, sd, var, xtabs The following objects are masked from 'package:base': Filter, Find, Map, Position, Reduce, anyDuplicated, aperm, append, as.data.frame, basename, cbind, colnames, dirname, do.call, duplicated, eval, evalq, get, grep, grepl, is.unsorted, lapply, mapply, match, mget, order, paste, pmax, pmax.int, pmin, pmin.int, rank, rbind, rownames, sapply, saveRDS, table, tapply, unique, unsplit, which.max, which.min Attaching package: 'S4Vectors' The following object is masked from 'package:utils': findMatches The following objects are masked from 'package:base': I, expand.grid, unname Loading required package: Biobase Welcome to Bioconductor Vignettes contain introductory material; view with 'browseVignettes()'. To cite Bioconductor, see 'citation("Biobase")', and for packages 'citation("pkgname")'. Loading required package: MSnbase Loading required package: mzR Loading required package: Rcpp Loading required package: ProtGenerics Attaching package: 'ProtGenerics' The following object is masked from 'package:stats': smooth This is MSnbase version 2.33.2 Visit https://lgatto.github.io/MSnbase/ to get started. Consider switching to the 'R for Mass Spectrometry' packages - see https://RforMassSpectrometry.org for details. Attaching package: 'MSnbase' The following object is masked from 'package:base': trimws Loading required package: pRoloc Loading required package: MLInterfaces Loading required package: annotate Loading required package: AnnotationDbi Loading required package: IRanges Loading required package: XML Attaching package: 'annotate' The following object is masked from 'package:mzR': nChrom Loading required package: cluster Loading required package: BiocParallel This is pRoloc version 1.47.1 Visit https://lgatto.github.io/pRoloc/ to get started. Attaching package: 'bandle' The following object is masked from 'package:pRoloc': spatial2D > library("pRolocdata") This is pRolocdata version 1.45.1. Use 'pRolocdata()' to list available data sets. > > test_check("bandle") [1] "markers" [1] "markers" [1] "markers" | | | 0% | |============== | 20% | |============================ | 40% | |========================================== | 60%[1] "markers" [1] "markers" | | | 0% | |============== | 20% | |============================ | 40% | |========================================== | 60%[1] "xx" [1] "xx" | | | 0% | |============== | 20% | |============================ | 40% | |========================================== | 60%[1] "xx" [1] "xx" | | | 0% | |============== | 20% | |============================ | 40% | |========================================== | 60%[1] "markers" [1] "markers" | | | 0% | |============== | 20% | |============================ | 40% | |========================================== | 60%[1] "markers" [1] "markers" | | | 0% | |============== | 20% | |============================ | 40% | |========================================== | 60%[1] "xx" [1] "xx" | | | 0% | |============== | 20% | |============================ | 40% | |========================================== | 60%[1] "xx" [1] "xx" | | | 0% | |============== | 20% | |============================ | 40% | |========================================== | 60%[1] "markers" [1] "markers" | | | 0% | |============== | 20% | |============================ | 40% | |========================================== | 60%[1] "markers" [1] "markers" | | | 0% | |============== | 20% | |============================ | 40% | |========================================== | 60%[1] "xx" [1] "xx" | | | 0% | |============== | 20% | |============================ | 40% | |========================================== | 60%[1] "xx" [1] "xx" | | | 0% | |============== | 20% | |============================ | 40% | |========================================== | 60%[1] "markers" [1] "markers" | | | 0% | |============== | 20% | |============================ | 40% | |========================================== | 60%[1] "markers" [1] "markers" | | | 0% | |============== | 20% | |============================ | 40% | |========================================== | 60%[1] "xx" [1] "xx" | | | 0% | |============== | 20% | |============================ | 40% | |========================================== | 60%[1] "xx" [1] "xx" | | | 0% | |============== | 20% | |============================ | 40% | |========================================== | 60%[1] "markers" [1] "markers" | | | 0% | |==== | 5% | |======= | 10% | |========== | 15% | |============== | 20% | |================== | 25% | |===================== | 30% | |======================== | 35% | |============================ | 40% | |================================ | 45% | |=================================== | 50% | |====================================== | 55% | |========================================== | 60% | |============================================== | 65% | |================================================= | 70% | |==================================================== | 75% | |======================================================== | 80% | |============================================================ | 85% | |=============================================================== | 90%[1] "markers" [1] "markers" | | | 0% | |==== | 5% | |======= | 10% | |========== | 15% | |============== | 20% | |================== | 25% | |===================== | 30% | |======================== | 35% | |============================ | 40% | |================================ | 45% | |=================================== | 50% | |====================================== | 55% | |========================================== | 60% | |============================================== | 65% | |================================================= | 70% | |==================================================== | 75% | |======================================================== | 80% | |============================================================ | 85% | |=============================================================== | 90%[1] "xx" [1] "xx" | | | 0% | |==== | 5% | |======= | 10% | |========== | 15% | |============== | 20% | |================== | 25% | |===================== | 30% | |======================== | 35% | |============================ | 40% | |================================ | 45% | |=================================== | 50% | |====================================== | 55% | |========================================== | 60% | |============================================== | 65% | |================================================= | 70% | |==================================================== | 75% | |======================================================== | 80% | |============================================================ | 85% | |=============================================================== | 90%[1] "xx" [1] "xx" | | | 0% | |==== | 5% | |======= | 10% | |========== | 15% | |============== | 20% | |================== | 25% | |===================== | 30% | |======================== | 35% | |============================ | 40% | |================================ | 45% | |=================================== | 50% | |====================================== | 55% | |========================================== | 60% | |============================================== | 65% | |================================================= | 70% | |==================================================== | 75% | |======================================================== | 80% | |============================================================ | 85% | |=============================================================== | 90%[1] "markers" [1] "markers" [1] "markers" | | | 0% | |============== | 20% | |============================ | 40% | |========================================== | 60%[1] "markers" [1] "markers" | | | 0% | |============== | 20% | |============================ | 40% | |========================================== | 60%[1] "markers" [1] "markers" | | | 0% | |============== | 20% | |============================ | 40% | |========================================== | 60%[1] "markers" [1] "markers" | | | 0% | |============== | 20% | |============================ | 40% | |========================================== | 60%[1] "markers" [1] "markers" | | | 0% | |============== | 20% | |============================ | 40% | |========================================== | 60%[1] "markers" [1] "markers" [1] "markers" | | | 0% | |======= | 10% | |============== | 20% | |===================== | 30% | |============================ | 40% | |=================================== | 50% | |========================================== | 60% | |================================================= | 70% | |======================================================== | 80%[1] "markers" [1] "markers" | | | 0% | |======= | 10% | |============== | 20% | |===================== | 30% | |============================ | 40% | |=================================== | 50% | |========================================== | 60% | |================================================= | 70% | |======================================================== | 80%[1] "markers" [1] "markers" | | | 0% | |======= | 10% | |============== | 20% | |===================== | 30% | |============================ | 40% | |=================================== | 50% | |========================================== | 60% | |================================================= | 70% | |======================================================== | 80%[1] "markers" [1] "markers" | | | 0% | |======= | 10% | |============== | 20% | |===================== | 30% | |============================ | 40% | |=================================== | 50% | |========================================== | 60% | |================================================= | 70% | |======================================================== | 80%[1] "markers" [1] "markers" | | | 0% | |======= | 10% | |============== | 20% | |===================== | 30% | |============================ | 40% | |=================================== | 50% | |========================================== | 60% | |================================================= | 70% | |======================================================== | 80%[1] "markers" [1] "markers" | | | 0% | |======= | 10% | |============== | 20% | |===================== | 30% | |============================ | 40% | |=================================== | 50% | |========================================== | 60% | |================================================= | 70% | |======================================================== | 80%[1] "markers" [1] "markers" [1] "markers" [1] "markers" [ FAIL 0 | WARN 0 | SKIP 0 | PASS 37 ] > > proc.time() user system elapsed 38.651 2.364 41.768
bandle.Rcheck/bandle-Ex.timings
name | user | system | elapsed | |
bandle-EFDR | 2.280 | 0.133 | 2.486 | |
bandle-cpp | 0 | 0 | 0 | |
bandle-differentiallocalisation | 6.778 | 0.326 | 7.143 | |
bandle-gp | 0 | 0 | 0 | |
bandle-gpfit | 4.521 | 0.119 | 4.660 | |
bandle-internal | 0.137 | 0.008 | 0.144 | |
bandle-meanOrganelle | 0.014 | 0.002 | 0.015 | |
bandle-plots-convergence | 1.837 | 0.053 | 1.903 | |
bandle-plots-prob | 1.573 | 0.039 | 1.656 | |
bandle-plots-spatial | 0 | 0 | 0 | |
bandle-plots-translocations-table | 1.822 | 0.044 | 1.872 | |
bandle-plots-translocations | 2.291 | 0.032 | 2.343 | |
bandle-predict | 2.163 | 0.042 | 2.242 | |
bandle-prior | 2.722 | 0.222 | 3.151 | |
bandle-process | 2.048 | 0.062 | 2.140 | |
bandle-sim | 0.139 | 0.008 | 0.148 | |
bandle | 2.767 | 0.089 | 2.954 | |
calculateGelman | 1.460 | 0.331 | 1.810 | |
method-mr | 0.594 | 0.025 | 0.630 | |
plotOutliers | 1.495 | 0.310 | 1.879 | |