Back to Multiple platform build/check report for BioC 3.21:   simplified   long
AB[C]DEFGHIJKLMNOPQRSTUVWXYZ

This page was generated on 2025-02-06 11:43 -0500 (Thu, 06 Feb 2025).

HostnameOSArch (*)R versionInstalled pkgs
nebbiolo1Linux (Ubuntu 24.04.1 LTS)x86_64R Under development (unstable) (2025-01-20 r87609) -- "Unsuffered Consequences" 4719
palomino7Windows Server 2022 Datacenterx64R Under development (unstable) (2025-01-21 r87610 ucrt) -- "Unsuffered Consequences" 4480
lconwaymacOS 12.7.1 Montereyx86_64R Under development (unstable) (2025-01-22 r87618) -- "Unsuffered Consequences" 4491
kjohnson3macOS 13.7.1 Venturaarm64R Under development (unstable) (2025-01-20 r87609) -- "Unsuffered Consequences" 4444
Click on any hostname to see more info about the system (e.g. compilers)      (*) as reported by 'uname -p', except on Windows and Mac OS X

Package 373/2295HostnameOS / ArchINSTALLBUILDCHECKBUILD BIN
clusterExperiment 2.27.0  (landing page)
Elizabeth Purdom
Snapshot Date: 2025-02-05 13:48 -0500 (Wed, 05 Feb 2025)
git_url: https://git.bioconductor.org/packages/clusterExperiment
git_branch: devel
git_last_commit: 3bb82fb
git_last_commit_date: 2024-10-29 10:12:11 -0500 (Tue, 29 Oct 2024)
nebbiolo1Linux (Ubuntu 24.04.1 LTS) / x86_64  OK    OK    WARNINGS  UNNEEDED, same version is already published
palomino7Windows Server 2022 Datacenter / x64  OK    OK    WARNINGS    OK  UNNEEDED, same version is already published
lconwaymacOS 12.7.1 Monterey / x86_64  OK    OK    WARNINGS    OK  UNNEEDED, same version is already published
kjohnson3macOS 13.7.1 Ventura / arm64  OK    OK    WARNINGS    OK  UNNEEDED, same version is already published


CHECK results for clusterExperiment on kjohnson3

To the developers/maintainers of the clusterExperiment package:
- Allow up to 24 hours (and sometimes 48 hours) for your latest push to git@git.bioconductor.org:packages/clusterExperiment.git to reflect on this report. See Troubleshooting Build Report for more information.
- Use the following Renviron settings to reproduce errors and warnings.
- If 'R CMD check' started to fail recently on the Linux builder(s) over a missing dependency, add the missing dependency to 'Suggests:' in your DESCRIPTION file. See Renviron.bioc for more information.

raw results


Summary

Package: clusterExperiment
Version: 2.27.0
Command: /Library/Frameworks/R.framework/Resources/bin/R CMD check --install=check:clusterExperiment.install-out.txt --library=/Library/Frameworks/R.framework/Resources/library --no-vignettes --timings clusterExperiment_2.27.0.tar.gz
StartedAt: 2025-02-05 18:38:21 -0500 (Wed, 05 Feb 2025)
EndedAt: 2025-02-05 18:42:46 -0500 (Wed, 05 Feb 2025)
EllapsedTime: 265.3 seconds
RetCode: 0
Status:   WARNINGS  
CheckDir: clusterExperiment.Rcheck
Warnings: 2

Command output

##############################################################################
##############################################################################
###
### Running command:
###
###   /Library/Frameworks/R.framework/Resources/bin/R CMD check --install=check:clusterExperiment.install-out.txt --library=/Library/Frameworks/R.framework/Resources/library --no-vignettes --timings clusterExperiment_2.27.0.tar.gz
###
##############################################################################
##############################################################################


* using log directory ‘/Users/biocbuild/bbs-3.21-bioc/meat/clusterExperiment.Rcheck’
* using R Under development (unstable) (2025-01-20 r87609)
* using platform: aarch64-apple-darwin20
* R was compiled by
    Apple clang version 14.0.0 (clang-1400.0.29.202)
    GNU Fortran (GCC) 14.2.0
* running under: macOS Ventura 13.7.1
* using session charset: UTF-8
* using option ‘--no-vignettes’
* checking for file ‘clusterExperiment/DESCRIPTION’ ... OK
* this is package ‘clusterExperiment’ version ‘2.27.0’
* package encoding: UTF-8
* checking package namespace information ... OK
* checking package dependencies ... INFO
Imports includes 21 non-default packages.
Importing from so many packages makes the package vulnerable to any of
them becoming unavailable.  Move as many as possible to Suggests and
use conditionally.
* checking if this is a source package ... OK
* checking if there is a namespace ... OK
* checking for hidden files and directories ... NOTE
Found the following hidden files and directories:
  .BBSoptions
These were most likely included in error. See section ‘Package
structure’ in the ‘Writing R Extensions’ manual.
* checking for portable file names ... OK
* checking for sufficient/correct file permissions ... OK
* checking whether package ‘clusterExperiment’ can be installed ... OK
* used C++ compiler: ‘Apple clang version 15.0.0 (clang-1500.1.0.2.5)’
* used SDK: ‘MacOSX11.3.sdk’
* checking C++ specification ... NOTE
  Specified C++11: please drop specification unless essential
* checking installed package size ... INFO
  installed size is  5.6Mb
  sub-directories of 1Mb or more:
    R      1.4Mb
    data   3.6Mb
* checking package directory ... OK
* checking ‘build’ directory ... OK
* checking DESCRIPTION meta-information ... OK
* checking top-level files ... OK
* checking for left-over files ... OK
* checking index information ... OK
* checking package subdirectories ... OK
* checking code files for non-ASCII characters ... OK
* checking R files for syntax errors ... OK
* checking whether the package can be loaded ... OK
* checking whether the package can be loaded with stated dependencies ... OK
* checking whether the package can be unloaded cleanly ... OK
* checking whether the namespace can be loaded with stated dependencies ... OK
* checking whether the namespace can be unloaded cleanly ... OK
* checking dependencies in R code ... OK
* checking S3 generic/method consistency ... OK
* checking replacement functions ... OK
* checking foreign function calls ... NOTE
Foreign function calls to a different package:
  .C(ape::node_depth, ...)
  .C(ape::node_depth_edgelength, ...)
  .C(ape::node_height, ...)
  .C(ape::node_height_clado, ...)
See chapter ‘System and foreign language interfaces’ in the ‘Writing R
Extensions’ manual.
* checking R code for possible problems ... OK
* checking Rd files ... NOTE
checkRd: (-1) ClusterExperiment-class.Rd:177-180: Lost braces in \itemize; meant \describe ?
checkRd: (-1) ClusterExperiment-class.Rd:181-182: Lost braces in \itemize; meant \describe ?
checkRd: (-1) ClusterFunction-class.Rd:70: Lost braces in \itemize; meant \describe ?
checkRd: (-1) ClusterFunction-class.Rd:71-77: Lost braces in \itemize; meant \describe ?
checkRd: (-1) ClusterFunction-class.Rd:78-84: Lost braces in \itemize; meant \describe ?
checkRd: (-1) ClusterFunction-class.Rd:85-94: Lost braces in \itemize; meant \describe ?
checkRd: (-1) ClusterFunction-class.Rd:95-97: Lost braces in \itemize; meant \describe ?
checkRd: (-1) ClusterFunction-class.Rd:98-99: Lost braces in \itemize; meant \describe ?
checkRd: (-1) ClusterFunction-class.Rd:104-105: Lost braces in \itemize; meant \describe ?
checkRd: (-1) ClusterFunction-class.Rd:106: Lost braces in \itemize; meant \describe ?
checkRd: (-1) ClusterFunction-class.Rd:107-111: Lost braces in \itemize; meant \describe ?
checkRd: (-1) builtInClusteringFunctions.Rd:60-63: Lost braces in \itemize; meant \describe ?
checkRd: (-1) builtInClusteringFunctions.Rd:64-73: Lost braces in \itemize; meant \describe ?
checkRd: (-1) builtInClusteringFunctions.Rd:74-77: Lost braces in \itemize; meant \describe ?
checkRd: (-1) builtInClusteringFunctions.Rd:78: Lost braces in \itemize; meant \describe ?
checkRd: (-1) builtInClusteringFunctions.Rd:79-92: Lost braces in \itemize; meant \describe ?
checkRd: (-1) builtInClusteringFunctions.Rd:93-96: Lost braces in \itemize; meant \describe ?
checkRd: (-1) builtInClusteringFunctions.Rd:97-105: Lost braces in \itemize; meant \describe ?
checkRd: (-1) builtInClusteringFunctions.Rd:106-110: Lost braces in \itemize; meant \describe ?
checkRd: (-1) clusterContrasts.Rd:55-59: Lost braces in \itemize; \value handles \item{}{} directly
checkRd: (-1) clusterContrasts.Rd:60-61: Lost braces in \itemize; \value handles \item{}{} directly
checkRd: (-1) clusterDendrogram.Rd:125-132: Lost braces in \itemize; meant \describe ?
checkRd: (-1) clusterDendrogram.Rd:133-150: Lost braces in \itemize; meant \describe ?
checkRd: (-1) clusterDendrogram.Rd:137-138: Lost braces in \itemize; meant \describe ?
checkRd: (-1) clusterDendrogram.Rd:139-142: Lost braces in \itemize; meant \describe ?
checkRd: (-1) clusterDendrogram.Rd:143-147: Lost braces in \itemize; meant \describe ?
checkRd: (-1) clusterDendrogram.Rd:148-150: Lost braces in \itemize; meant \describe ?
checkRd: (-1) clusterDendrogram.Rd:154-158: Lost braces in \itemize; meant \describe ?
checkRd: (-1) clusterDendrogram.Rd:159-172: Lost braces in \itemize; meant \describe ?
checkRd: (-1) clusterDendrogram.Rd:163-165: Lost braces in \itemize; meant \describe ?
checkRd: (-1) clusterDendrogram.Rd:166-168: Lost braces in \itemize; meant \describe ?
checkRd: (-1) clusterDendrogram.Rd:169-170: Lost braces in \itemize; meant \describe ?
checkRd: (-1) clusterMany.Rd:210-213: Lost braces in \itemize; \value handles \item{}{} directly
checkRd: (-1) clusterMany.Rd:214-215: Lost braces in \itemize; \value handles \item{}{} directly
checkRd: (-1) clusterMany.Rd:216-217: Lost braces in \itemize; \value handles \item{}{} directly
checkRd: (-1) clusterMany.Rd:218-219: Lost braces in \itemize; \value handles \item{}{} directly
checkRd: (-1) clusterSingle.Rd:177-191: Lost braces in \itemize; meant \describe ?
checkRd: (-1) clusterSingle.Rd:192-197: Lost braces in \itemize; meant \describe ?
checkRd: (-1) clusterSingle.Rd:198-203: Lost braces in \itemize; meant \describe ?
checkRd: (-1) clusterSingle.Rd:205-213: Lost braces in \itemize; meant \describe ?
checkRd: (-1) clusterSingle.Rd:215-233: Lost braces in \itemize; meant \describe ?
checkRd: (-1) clusterSingle.Rd:140: Lost braces in \itemize; \value handles \item{}{} directly
checkRd: (-1) clusterSingle.Rd:141-142: Lost braces in \itemize; \value handles \item{}{} directly
checkRd: (-1) clusterSingle.Rd:143: Lost braces in \itemize; \value handles \item{}{} directly
checkRd: (-1) getBestFeatures.Rd:99-100: Lost braces in \itemize; \value handles \item{}{} directly
checkRd: (-1) getBestFeatures.Rd:102-103: Lost braces in \itemize; \value handles \item{}{} directly
checkRd: (-1) getBestFeatures.Rd:105-106: Lost braces in \itemize; \value handles \item{}{} directly
checkRd: (-1) getBestFeatures.Rd:108-111: Lost braces in \itemize; \value handles \item{}{} directly
checkRd: (-1) getBestFeatures.Rd:113-117: Lost braces in \itemize; \value handles \item{}{} directly
checkRd: (-1) getBestFeatures.Rd:119-120: Lost braces in \itemize; \value handles \item{}{} directly
checkRd: (-1) getBestFeatures.Rd:122-123: Lost braces in \itemize; \value handles \item{}{} directly
checkRd: (-1) getClusterIndex.Rd:53: Lost braces in \itemize; meant \describe ?
checkRd: (-1) getClusterIndex.Rd:54: Lost braces in \itemize; meant \describe ?
checkRd: (-1) getClusterIndex.Rd:55: Lost braces in \itemize; meant \describe ?
checkRd: (-1) getClusterIndex.Rd:56: Lost braces in \itemize; meant \describe ?
checkRd: (-1) getClusterIndex.Rd:57: Lost braces in \itemize; meant \describe ?
checkRd: (-1) mainClustering.Rd:107-108: Lost braces in \itemize; meant \describe ?
checkRd: (-1) mainClustering.Rd:109-114: Lost braces in \itemize; meant \describe ?
checkRd: (-1) mainClustering.Rd:115-117: Lost braces in \itemize; meant \describe ?
checkRd: (-1) mainClustering.Rd:118-119: Lost braces in \itemize; meant \describe ?
checkRd: (-1) mainClustering.Rd:88: Lost braces in \itemize; \value handles \item{}{} directly
checkRd: (-1) mainClustering.Rd:89: Lost braces in \itemize; \value handles \item{}{} directly
checkRd: (-1) makeConsensus.Rd:84-85: Lost braces in \itemize; \value handles \item{}{} directly
checkRd: (-1) makeConsensus.Rd:87-89: Lost braces in \itemize; \value handles \item{}{} directly
checkRd: (-1) makeConsensus.Rd:89-92: Lost braces
    89 |  out of those not '-1'} \item{\code{noUnassignedCorrection}{ a vector of 
       |                                                            ^
checkRd: (-1) mergeClusters.Rd:186-188: Lost braces in \itemize; \value handles \item{}{} directly
checkRd: (-1) mergeClusters.Rd:189-190: Lost braces in \itemize; \value handles \item{}{} directly
checkRd: (-1) mergeClusters.Rd:191-195: Lost braces in \itemize; \value handles \item{}{} directly
checkRd: (-1) mergeClusters.Rd:196-205: Lost braces in \itemize; \value handles \item{}{} directly
checkRd: (-1) mergeClusters.Rd:206-208: Lost braces in \itemize; \value handles \item{}{} directly
checkRd: (-1) mergeClusters.Rd:209-211: Lost braces in \itemize; \value handles \item{}{} directly
checkRd: (-1) mergeClusters.Rd:223: Lost braces in \itemize; \value handles \item{}{} directly
checkRd: (-1) mergeClusters.Rd:224-225: Lost braces in \itemize; \value handles \item{}{} directly
checkRd: (-1) mergeClusters.Rd:226-227: Lost braces in \itemize; \value handles \item{}{} directly
checkRd: (-1) mergeClusters.Rd:228-230: Lost braces in \itemize; \value handles \item{}{} directly
checkRd: (-1) mergeClusters.Rd:231-233: Lost braces in \itemize; \value handles \item{}{} directly
checkRd: (-1) plotClusters.Rd:169-172: Lost braces in \itemize; \value handles \item{}{} directly
checkRd: (-1) plotClusters.Rd:174-177: Lost braces in \itemize; \value handles \item{}{} directly
checkRd: (-1) plotClusters.Rd:179-183: Lost braces in \itemize; \value handles \item{}{} directly
checkRd: (-1) plotClusters.Rd:185-189: Lost braces in \itemize; \value handles \item{}{} directly
checkRd: (-1) plotClusters.Rd:191-192: Lost braces in \itemize; \value handles \item{}{} directly
checkRd: (-1) plotDendrogram.Rd:91: Lost braces in \itemize; \value handles \item{}{} directly
checkRd: (-1) plotDendrogram.Rd:92-93: Lost braces in \itemize; \value handles \item{}{} directly
checkRd: (-1) plotHeatmap.Rd:294-295: Lost braces in \itemize; meant \describe ?
checkRd: (-1) plotHeatmap.Rd:296-299: Lost braces in \itemize; meant \describe ?
checkRd: (-1) plotHeatmap.Rd:299-302: Lost braces in \itemize; meant \describe ?
checkRd: (-1) plotHeatmap.Rd:302: Lost braces in \itemize; meant \describe ?
checkRd: (-1) plotHeatmap.Rd:303: Lost braces in \itemize; meant \describe ?
checkRd: (-1) plotHeatmap.Rd:304-307: Lost braces in \itemize; meant \describe ?
checkRd: (-1) plotHeatmap.Rd:218-219: Lost braces in \itemize; \value handles \item{}{} directly
checkRd: (-1) plotHeatmap.Rd:220-221: Lost braces in \itemize; \value handles \item{}{} directly
checkRd: (-1) plotHeatmap.Rd:222-223: Lost braces in \itemize; \value handles \item{}{} directly
checkRd: (-1) plotHeatmap.Rd:224-225: Lost braces in \itemize; \value handles \item{}{} directly
checkRd: (-1) plottingFunctions.Rd:144-145: Lost braces in \itemize; \value handles \item{}{} directly
checkRd: (-1) plottingFunctions.Rd:146-150: Lost braces in \itemize; \value handles \item{}{} directly
checkRd: (-1) plottingFunctions.Rd:151-154: Lost braces in \itemize; \value handles \item{}{} directly
checkRd: (-1) plottingFunctions.Rd:155-161: Lost braces in \itemize; \value handles \item{}{} directly
checkRd: (-1) plottingFunctions.Rd:162-167: Lost braces in \itemize; \value handles \item{}{} directly
checkRd: (-1) plottingFunctions.Rd:173-174: Lost braces in \itemize; \value handles \item{}{} directly
checkRd: (-1) plottingFunctions.Rd:175-176: Lost braces in \itemize; \value handles \item{}{} directly
checkRd: (-1) plottingFunctions.Rd:177-178: Lost braces in \itemize; \value handles \item{}{} directly
checkRd: (-1) reduceFunctions.Rd:191-192: Lost braces in \itemize; \value handles \item{}{} directly
checkRd: (-1) reduceFunctions.Rd:193-194: Lost braces in \itemize; \value handles \item{}{} directly
checkRd: (-1) seqCluster.Rd:80-83: Lost braces in \itemize; \value handles \item{}{} directly
checkRd: (-1) seqCluster.Rd:85-88: Lost braces in \itemize; \value handles \item{}{} directly
checkRd: (-1) seqCluster.Rd:90-91: Lost braces in \itemize; \value handles \item{}{} directly
* checking Rd metadata ... OK
* checking Rd cross-references ... NOTE
Found the following Rd file(s) with Rd \link{} targets missing package
anchors:
  clusterContrasts.Rd: makeContrasts
  clusterSingle.Rd: SingleCellExperiment
  getBestFeatures.Rd: topTable
  mainClustering.Rd: SingleCellExperiment
  mergeClusters.Rd: plot.phylo, locfdr
  plotClustersTable.Rd: NMF
  plotDendrogram.Rd: phydataplot, ape, plot.phylo
  reduceFunctions.Rd: SingleCellExperiment
  seqCluster.Rd: SingleCellExperiment
  subsampleClustering.Rd: SingleCellExperiment
  subset.Rd: SingleCellExperiment
Please provide package anchors for all Rd \link{} targets not in the
package itself and the base packages.
* checking for missing documentation entries ... OK
* checking for code/documentation mismatches ... OK
* checking Rd \usage sections ... WARNING
Undocumented arguments in Rd file 'renameClusters.Rd'
  ‘object’

Functions with \usage entries need to have the appropriate \alias
entries, and all their arguments documented.
The \usage entries must correspond to syntactically valid R code.
See chapter ‘Writing R documentation files’ in the ‘Writing R
Extensions’ manual.
* checking Rd contents ... OK
* checking for unstated dependencies in examples ... OK
* checking contents of ‘data’ directory ... WARNING
Output for data("rsecFluidigm", package = "clusterExperiment"):
  Search path was changed
* checking data for non-ASCII characters ... OK
* checking data for ASCII and uncompressed saves ... OK
* checking line endings in C/C++/Fortran sources/headers ... OK
* checking line endings in Makefiles ... OK
* checking compilation flags in Makevars ... OK
* checking for GNU extensions in Makefiles ... OK
* checking for portable use of $(BLAS_LIBS) and $(LAPACK_LIBS) ... OK
* checking use of PKG_*FLAGS in Makefiles ... OK
* checking compiled code ... NOTE
Note: information on .o files is not available
* checking files in ‘vignettes’ ... OK
* checking examples ... OK
* checking for unstated dependencies in ‘tests’ ... OK
* checking tests ...
  Running ‘testthat_a-c.R’
  Running ‘testthat_d-i.R’
  Running ‘testthat_j-z.R’
 OK
* checking for unstated dependencies in vignettes ... OK
* checking package vignettes ... OK
* checking running R code from vignettes ... SKIPPED
* checking re-building of vignette outputs ... SKIPPED
* checking PDF version of manual ... OK
* DONE

Status: 2 WARNINGs, 6 NOTEs
See
  ‘/Users/biocbuild/bbs-3.21-bioc/meat/clusterExperiment.Rcheck/00check.log’
for details.


Installation output

clusterExperiment.Rcheck/00install.out

##############################################################################
##############################################################################
###
### Running command:
###
###   /Library/Frameworks/R.framework/Resources/bin/R CMD INSTALL clusterExperiment
###
##############################################################################
##############################################################################


* installing to library ‘/Library/Frameworks/R.framework/Versions/4.5-arm64/Resources/library’
* installing *source* package ‘clusterExperiment’ ...
** this is package ‘clusterExperiment’ version ‘2.27.0’
** using staged installation
** libs
using C++ compiler: ‘Apple clang version 15.0.0 (clang-1500.1.0.2.5)’
using C++11
using SDK: ‘MacOSX11.3.sdk’
clang++ -arch arm64 -std=gnu++11 -I"/Library/Frameworks/R.framework/Resources/include" -DNDEBUG  -I'/Library/Frameworks/R.framework/Versions/4.5-arm64/Resources/library/Rcpp/include' -I/opt/R/arm64/include    -fPIC  -falign-functions=64 -Wall -g -O2  -DR_NO_REMAP -c RcppExports.cpp -o RcppExports.o
clang++ -arch arm64 -std=gnu++11 -I"/Library/Frameworks/R.framework/Resources/include" -DNDEBUG  -I'/Library/Frameworks/R.framework/Versions/4.5-arm64/Resources/library/Rcpp/include' -I/opt/R/arm64/include    -fPIC  -falign-functions=64 -Wall -g -O2  -DR_NO_REMAP -c search_pairs.cpp -o search_pairs.o
clang++ -arch arm64 -std=gnu++11 -I"/Library/Frameworks/R.framework/Resources/include" -DNDEBUG  -I'/Library/Frameworks/R.framework/Versions/4.5-arm64/Resources/library/Rcpp/include' -I/opt/R/arm64/include    -fPIC  -falign-functions=64 -Wall -g -O2  -DR_NO_REMAP -c subsampleLoop.cpp -o subsampleLoop.o
clang++ -arch arm64 -std=gnu++11 -dynamiclib -Wl,-headerpad_max_install_names -undefined dynamic_lookup -L/Library/Frameworks/R.framework/Resources/lib -L/opt/R/arm64/lib -o clusterExperiment.so RcppExports.o search_pairs.o subsampleLoop.o -L/Library/Frameworks/R.framework/Resources/lib -lRlapack -L/Library/Frameworks/R.framework/Resources/lib -lRblas -L/opt/gfortran/lib/gcc/aarch64-apple-darwin20.0/14.2.0 -L/opt/gfortran/lib -lemutls_w -lheapt_w -lgfortran -lquadmath -F/Library/Frameworks/R.framework/.. -framework R -Wl,-framework -Wl,CoreFoundation
installing to /Library/Frameworks/R.framework/Versions/4.5-arm64/Resources/library/00LOCK-clusterExperiment/00new/clusterExperiment/libs
** R
** data
** byte-compile and prepare package for lazy loading
Found more than one class "Annotated" in cache; using the first, from namespace 'S4Vectors'
Also defined by ‘RNeXML’
Found more than one class "Annotated" in cache; using the first, from namespace 'S4Vectors'
Also defined by ‘RNeXML’
Found more than one class "Annotated" in cache; using the first, from namespace 'S4Vectors'
Also defined by ‘RNeXML’
Found more than one class "Annotated" in cache; using the first, from namespace 'S4Vectors'
Also defined by ‘RNeXML’
** help
*** installing help indices
** building package indices
** installing vignettes
** testing if installed package can be loaded from temporary location
** checking absolute paths in shared objects and dynamic libraries
** testing if installed package can be loaded from final location
** testing if installed package keeps a record of temporary installation path
* DONE (clusterExperiment)

Tests output

clusterExperiment.Rcheck/tests/testthat_a-c.Rout


R Under development (unstable) (2025-01-20 r87609) -- "Unsuffered Consequences"
Copyright (C) 2025 The R Foundation for Statistical Computing
Platform: aarch64-apple-darwin20

R is free software and comes with ABSOLUTELY NO WARRANTY.
You are welcome to redistribute it under certain conditions.
Type 'license()' or 'licence()' for distribution details.

R is a collaborative project with many contributors.
Type 'contributors()' for more information and
'citation()' on how to cite R or R packages in publications.

Type 'demo()' for some demos, 'help()' for on-line help, or
'help.start()' for an HTML browser interface to help.
Type 'q()' to quit R.

> library(testthat)
> test_check("clusterExperiment",filter = "^[A-Ca-c]")
Loading required package: clusterExperiment
Loading required package: SingleCellExperiment
Loading required package: SummarizedExperiment
Loading required package: MatrixGenerics
Loading required package: matrixStats

Attaching package: 'MatrixGenerics'

The following objects are masked from 'package:matrixStats':

    colAlls, colAnyNAs, colAnys, colAvgsPerRowSet, colCollapse,
    colCounts, colCummaxs, colCummins, colCumprods, colCumsums,
    colDiffs, colIQRDiffs, colIQRs, colLogSumExps, colMadDiffs,
    colMads, colMaxs, colMeans2, colMedians, colMins, colOrderStats,
    colProds, colQuantiles, colRanges, colRanks, colSdDiffs, colSds,
    colSums2, colTabulates, colVarDiffs, colVars, colWeightedMads,
    colWeightedMeans, colWeightedMedians, colWeightedSds,
    colWeightedVars, rowAlls, rowAnyNAs, rowAnys, rowAvgsPerColSet,
    rowCollapse, rowCounts, rowCummaxs, rowCummins, rowCumprods,
    rowCumsums, rowDiffs, rowIQRDiffs, rowIQRs, rowLogSumExps,
    rowMadDiffs, rowMads, rowMaxs, rowMeans2, rowMedians, rowMins,
    rowOrderStats, rowProds, rowQuantiles, rowRanges, rowRanks,
    rowSdDiffs, rowSds, rowSums2, rowTabulates, rowVarDiffs, rowVars,
    rowWeightedMads, rowWeightedMeans, rowWeightedMedians,
    rowWeightedSds, rowWeightedVars

Loading required package: GenomicRanges
Loading required package: stats4
Loading required package: BiocGenerics
Loading required package: generics

Attaching package: 'generics'

The following objects are masked from 'package:base':

    as.difftime, as.factor, as.ordered, intersect, is.element, setdiff,
    setequal, union


Attaching package: 'BiocGenerics'

The following objects are masked from 'package:stats':

    IQR, mad, sd, var, xtabs

The following objects are masked from 'package:base':

    Filter, Find, Map, Position, Reduce, anyDuplicated, aperm, append,
    as.data.frame, basename, cbind, colnames, dirname, do.call,
    duplicated, eval, evalq, get, grep, grepl, is.unsorted, lapply,
    mapply, match, mget, order, paste, pmax, pmax.int, pmin, pmin.int,
    rank, rbind, rownames, sapply, saveRDS, table, tapply, unique,
    unsplit, which.max, which.min

Loading required package: S4Vectors

Attaching package: 'S4Vectors'

The following object is masked from 'package:utils':

    findMatches

The following objects are masked from 'package:base':

    I, expand.grid, unname

Loading required package: IRanges
Loading required package: GenomeInfoDb
Loading required package: Biobase
Welcome to Bioconductor

    Vignettes contain introductory material; view with
    'browseVignettes()'. To cite Bioconductor, see
    'citation("Biobase")', and for packages 'citation("pkgname")'.


Attaching package: 'Biobase'

The following object is masked from 'package:MatrixGenerics':

    rowMedians

The following objects are masked from 'package:matrixStats':

    anyMissing, rowMedians

Found more than one class "Annotated" in cache; using the first, from namespace 'S4Vectors'
Also defined by 'RNeXML'
[ FAIL 0 | WARN 0 | SKIP 3 | PASS 750 ]

══ Skipped tests (3) ═══════════════════════════════════════════════════════════
• On Mac (3): 'test-clusterMany.R:255:2', 'test-clusterMany.R:311:2',
  'test-clusterSingle.R:389:2'

[ FAIL 0 | WARN 0 | SKIP 3 | PASS 750 ]
> 
> proc.time()
   user  system elapsed 
 46.005   1.485  48.031 

clusterExperiment.Rcheck/tests/testthat_d-i.Rout


R Under development (unstable) (2025-01-20 r87609) -- "Unsuffered Consequences"
Copyright (C) 2025 The R Foundation for Statistical Computing
Platform: aarch64-apple-darwin20

R is free software and comes with ABSOLUTELY NO WARRANTY.
You are welcome to redistribute it under certain conditions.
Type 'license()' or 'licence()' for distribution details.

R is a collaborative project with many contributors.
Type 'contributors()' for more information and
'citation()' on how to cite R or R packages in publications.

Type 'demo()' for some demos, 'help()' for on-line help, or
'help.start()' for an HTML browser interface to help.
Type 'q()' to quit R.

> library(testthat)
> test_check("clusterExperiment",filter = "^[D-Id-i]")
Loading required package: clusterExperiment
Loading required package: SingleCellExperiment
Loading required package: SummarizedExperiment
Loading required package: MatrixGenerics
Loading required package: matrixStats

Attaching package: 'MatrixGenerics'

The following objects are masked from 'package:matrixStats':

    colAlls, colAnyNAs, colAnys, colAvgsPerRowSet, colCollapse,
    colCounts, colCummaxs, colCummins, colCumprods, colCumsums,
    colDiffs, colIQRDiffs, colIQRs, colLogSumExps, colMadDiffs,
    colMads, colMaxs, colMeans2, colMedians, colMins, colOrderStats,
    colProds, colQuantiles, colRanges, colRanks, colSdDiffs, colSds,
    colSums2, colTabulates, colVarDiffs, colVars, colWeightedMads,
    colWeightedMeans, colWeightedMedians, colWeightedSds,
    colWeightedVars, rowAlls, rowAnyNAs, rowAnys, rowAvgsPerColSet,
    rowCollapse, rowCounts, rowCummaxs, rowCummins, rowCumprods,
    rowCumsums, rowDiffs, rowIQRDiffs, rowIQRs, rowLogSumExps,
    rowMadDiffs, rowMads, rowMaxs, rowMeans2, rowMedians, rowMins,
    rowOrderStats, rowProds, rowQuantiles, rowRanges, rowRanks,
    rowSdDiffs, rowSds, rowSums2, rowTabulates, rowVarDiffs, rowVars,
    rowWeightedMads, rowWeightedMeans, rowWeightedMedians,
    rowWeightedSds, rowWeightedVars

Loading required package: GenomicRanges
Loading required package: stats4
Loading required package: BiocGenerics
Loading required package: generics

Attaching package: 'generics'

The following objects are masked from 'package:base':

    as.difftime, as.factor, as.ordered, intersect, is.element, setdiff,
    setequal, union


Attaching package: 'BiocGenerics'

The following objects are masked from 'package:stats':

    IQR, mad, sd, var, xtabs

The following objects are masked from 'package:base':

    Filter, Find, Map, Position, Reduce, anyDuplicated, aperm, append,
    as.data.frame, basename, cbind, colnames, dirname, do.call,
    duplicated, eval, evalq, get, grep, grepl, is.unsorted, lapply,
    mapply, match, mget, order, paste, pmax, pmax.int, pmin, pmin.int,
    rank, rbind, rownames, sapply, saveRDS, table, tapply, unique,
    unsplit, which.max, which.min

Loading required package: S4Vectors

Attaching package: 'S4Vectors'

The following object is masked from 'package:utils':

    findMatches

The following objects are masked from 'package:base':

    I, expand.grid, unname

Loading required package: IRanges
Loading required package: GenomeInfoDb
Loading required package: Biobase
Welcome to Bioconductor

    Vignettes contain introductory material; view with
    'browseVignettes()'. To cite Bioconductor, see
    'citation("Biobase")', and for packages 'citation("pkgname")'.


Attaching package: 'Biobase'

The following object is masked from 'package:MatrixGenerics':

    rowMedians

The following objects are masked from 'package:matrixStats':

    anyMissing, rowMedians

Found more than one class "Annotated" in cache; using the first, from namespace 'S4Vectors'
Also defined by 'RNeXML'
[ FAIL 0 | WARN 2 | SKIP 2 | PASS 392 ]

══ Skipped tests (2) ═══════════════════════════════════════════════════════════
• On Mac (2): 'test-getBestFeatures.R:181:2', 'test-heatmaps.R:66:2'

[ FAIL 0 | WARN 2 | SKIP 2 | PASS 392 ]
> 
> proc.time()
   user  system elapsed 
 40.029   0.872  41.111 

clusterExperiment.Rcheck/tests/testthat_j-z.Rout


R Under development (unstable) (2025-01-20 r87609) -- "Unsuffered Consequences"
Copyright (C) 2025 The R Foundation for Statistical Computing
Platform: aarch64-apple-darwin20

R is free software and comes with ABSOLUTELY NO WARRANTY.
You are welcome to redistribute it under certain conditions.
Type 'license()' or 'licence()' for distribution details.

R is a collaborative project with many contributors.
Type 'contributors()' for more information and
'citation()' on how to cite R or R packages in publications.

Type 'demo()' for some demos, 'help()' for on-line help, or
'help.start()' for an HTML browser interface to help.
Type 'q()' to quit R.

> library(testthat)
> test_check("clusterExperiment",filter = "^[J-Zj-z]")
Loading required package: clusterExperiment
Loading required package: SingleCellExperiment
Loading required package: SummarizedExperiment
Loading required package: MatrixGenerics
Loading required package: matrixStats

Attaching package: 'MatrixGenerics'

The following objects are masked from 'package:matrixStats':

    colAlls, colAnyNAs, colAnys, colAvgsPerRowSet, colCollapse,
    colCounts, colCummaxs, colCummins, colCumprods, colCumsums,
    colDiffs, colIQRDiffs, colIQRs, colLogSumExps, colMadDiffs,
    colMads, colMaxs, colMeans2, colMedians, colMins, colOrderStats,
    colProds, colQuantiles, colRanges, colRanks, colSdDiffs, colSds,
    colSums2, colTabulates, colVarDiffs, colVars, colWeightedMads,
    colWeightedMeans, colWeightedMedians, colWeightedSds,
    colWeightedVars, rowAlls, rowAnyNAs, rowAnys, rowAvgsPerColSet,
    rowCollapse, rowCounts, rowCummaxs, rowCummins, rowCumprods,
    rowCumsums, rowDiffs, rowIQRDiffs, rowIQRs, rowLogSumExps,
    rowMadDiffs, rowMads, rowMaxs, rowMeans2, rowMedians, rowMins,
    rowOrderStats, rowProds, rowQuantiles, rowRanges, rowRanks,
    rowSdDiffs, rowSds, rowSums2, rowTabulates, rowVarDiffs, rowVars,
    rowWeightedMads, rowWeightedMeans, rowWeightedMedians,
    rowWeightedSds, rowWeightedVars

Loading required package: GenomicRanges
Loading required package: stats4
Loading required package: BiocGenerics
Loading required package: generics

Attaching package: 'generics'

The following objects are masked from 'package:base':

    as.difftime, as.factor, as.ordered, intersect, is.element, setdiff,
    setequal, union


Attaching package: 'BiocGenerics'

The following objects are masked from 'package:stats':

    IQR, mad, sd, var, xtabs

The following objects are masked from 'package:base':

    Filter, Find, Map, Position, Reduce, anyDuplicated, aperm, append,
    as.data.frame, basename, cbind, colnames, dirname, do.call,
    duplicated, eval, evalq, get, grep, grepl, is.unsorted, lapply,
    mapply, match, mget, order, paste, pmax, pmax.int, pmin, pmin.int,
    rank, rbind, rownames, sapply, saveRDS, table, tapply, unique,
    unsplit, which.max, which.min

Loading required package: S4Vectors

Attaching package: 'S4Vectors'

The following object is masked from 'package:utils':

    findMatches

The following objects are masked from 'package:base':

    I, expand.grid, unname

Loading required package: IRanges
Loading required package: GenomeInfoDb
Loading required package: Biobase
Welcome to Bioconductor

    Vignettes contain introductory material; view with
    'browseVignettes()'. To cite Bioconductor, see
    'citation("Biobase")', and for packages 'citation("pkgname")'.


Attaching package: 'Biobase'

The following object is masked from 'package:MatrixGenerics':

    rowMedians

The following objects are masked from 'package:matrixStats':

    anyMissing, rowMedians

Found more than one class "Annotated" in cache; using the first, from namespace 'S4Vectors'
Also defined by 'RNeXML'
[ FAIL 0 | WARN 0 | SKIP 3 | PASS 338 ]

══ Skipped tests (3) ═══════════════════════════════════════════════════════════
• On Mac (3): 'test-RSEC.R:42:2', 'test-RSEC.R:58:2', 'test-otherPlots.R:242:2'

[ FAIL 0 | WARN 0 | SKIP 3 | PASS 338 ]
> 
> proc.time()
   user  system elapsed 
 31.160   1.089  32.562 

Example timings

clusterExperiment.Rcheck/clusterExperiment-Ex.timings

nameusersystemelapsed
ClusterExperiment-class0.0780.0010.080
ClusterExperiment-methods1.0560.0311.093
ClusterFunction-class0.0040.0000.005
addClusterings0.2240.0150.240
assignUnassigned000
builtInClusteringFunctions0.0010.0000.000
clusterContrasts0.0000.0000.001
clusterDendrogram0.2050.0050.213
clusterMany000
clusterSingle0.0880.0060.094
fluidigmData000
getBestFeatures1.1050.0491.200
getClusterIndex0.1990.0040.203
getClusterManyParams000
mainClustering0.9950.0491.047
makeConsensus000
makeDendrogram0.5310.0270.558
mergeClusters1.1370.0421.202
numericalAsCharacter000
plotBarplot000
plotClusters000
plotClustersTable0.9070.0160.958
plotClustersWorkflow000
plotContrastHeatmap0.7780.0160.815
plotDendrogram0.7360.0250.783
plotFeatureBoxplot0.6860.0160.702
plotFeatureScatter0.5570.0110.570
plotHeatmap0.0000.0010.001
plotReducedDims0.7500.0130.767
plottingFunctions0.2500.0110.269
reduceFunctions0.1460.0040.155
renameClusters0.0710.0020.073
rsecFluidigm000
seqCluster000
simData0.0000.0000.001
subsampleClustering000
subset0.2450.0050.257
transformData0.0370.0000.037
workflowClusters000