Back to Multiple platform build/check report for BioC 3.21:   simplified   long
ABCDEF[G]HIJKLMNOPQRSTUVWXYZ

This page was generated on 2025-02-06 11:39 -0500 (Thu, 06 Feb 2025).

HostnameOSArch (*)R versionInstalled pkgs
nebbiolo1Linux (Ubuntu 24.04.1 LTS)x86_64R Under development (unstable) (2025-01-20 r87609) -- "Unsuffered Consequences" 4719
palomino7Windows Server 2022 Datacenterx64R Under development (unstable) (2025-01-21 r87610 ucrt) -- "Unsuffered Consequences" 4480
lconwaymacOS 12.7.1 Montereyx86_64R Under development (unstable) (2025-01-22 r87618) -- "Unsuffered Consequences" 4491
kjohnson3macOS 13.7.1 Venturaarm64R Under development (unstable) (2025-01-20 r87609) -- "Unsuffered Consequences" 4444
Click on any hostname to see more info about the system (e.g. compilers)      (*) as reported by 'uname -p', except on Windows and Mac OS X

Package 928/2295HostnameOS / ArchINSTALLBUILDCHECKBUILD BIN
gwascat 2.39.0  (landing page)
VJ Carey
Snapshot Date: 2025-02-05 13:48 -0500 (Wed, 05 Feb 2025)
git_url: https://git.bioconductor.org/packages/gwascat
git_branch: devel
git_last_commit: a659d47
git_last_commit_date: 2024-10-29 09:40:18 -0500 (Tue, 29 Oct 2024)
nebbiolo1Linux (Ubuntu 24.04.1 LTS) / x86_64  OK    OK    ERROR  
palomino7Windows Server 2022 Datacenter / x64  OK    OK    ERROR    OK  
lconwaymacOS 12.7.1 Monterey / x86_64  OK    OK    ERROR    OK  
kjohnson3macOS 13.7.1 Ventura / arm64  OK    OK    ERROR    OK  


CHECK results for gwascat on nebbiolo1

To the developers/maintainers of the gwascat package:
- Allow up to 24 hours (and sometimes 48 hours) for your latest push to git@git.bioconductor.org:packages/gwascat.git to reflect on this report. See Troubleshooting Build Report for more information.
- Use the following Renviron settings to reproduce errors and warnings.
- If 'R CMD check' started to fail recently on the Linux builder(s) over a missing dependency, add the missing dependency to 'Suggests:' in your DESCRIPTION file. See Renviron.bioc for more information.

raw results


Summary

Package: gwascat
Version: 2.39.0
Command: /home/biocbuild/bbs-3.21-bioc/R/bin/R CMD check --install=check:gwascat.install-out.txt --library=/home/biocbuild/bbs-3.21-bioc/R/site-library --timings gwascat_2.39.0.tar.gz
StartedAt: 2025-02-05 23:01:40 -0500 (Wed, 05 Feb 2025)
EndedAt: 2025-02-05 23:11:28 -0500 (Wed, 05 Feb 2025)
EllapsedTime: 587.9 seconds
RetCode: 1
Status:   ERROR  
CheckDir: gwascat.Rcheck
Warnings: NA

Command output

##############################################################################
##############################################################################
###
### Running command:
###
###   /home/biocbuild/bbs-3.21-bioc/R/bin/R CMD check --install=check:gwascat.install-out.txt --library=/home/biocbuild/bbs-3.21-bioc/R/site-library --timings gwascat_2.39.0.tar.gz
###
##############################################################################
##############################################################################


* using log directory ‘/home/biocbuild/bbs-3.21-bioc/meat/gwascat.Rcheck’
* using R Under development (unstable) (2025-01-20 r87609)
* using platform: x86_64-pc-linux-gnu
* R was compiled by
    gcc (Ubuntu 13.3.0-6ubuntu2~24.04) 13.3.0
    GNU Fortran (Ubuntu 13.3.0-6ubuntu2~24.04) 13.3.0
* running under: Ubuntu 24.04.1 LTS
* using session charset: UTF-8
* checking for file ‘gwascat/DESCRIPTION’ ... OK
* this is package ‘gwascat’ version ‘2.39.0’
* package encoding: UTF-8
* checking package namespace information ... OK
* checking package dependencies ... OK
* checking if this is a source package ... OK
* checking if there is a namespace ... OK
* checking for hidden files and directories ... OK
* checking for portable file names ... OK
* checking for sufficient/correct file permissions ... OK
* checking whether package ‘gwascat’ can be installed ... OK
* checking installed package size ... INFO
  installed size is 33.9Mb
  sub-directories of 1Mb or more:
    data     10.1Mb
    legacy   15.7Mb
    obo       3.1Mb
    olddata   2.3Mb
    tab       1.1Mb
* checking package directory ... OK
* checking ‘build’ directory ... OK
* checking DESCRIPTION meta-information ... OK
* checking top-level files ... OK
* checking for left-over files ... OK
* checking index information ... OK
* checking package subdirectories ... OK
* checking code files for non-ASCII characters ... OK
* checking R files for syntax errors ... OK
* checking whether the package can be loaded ... OK
* checking whether the package can be loaded with stated dependencies ... OK
* checking whether the package can be unloaded cleanly ... OK
* checking whether the namespace can be loaded with stated dependencies ... OK
* checking whether the namespace can be unloaded cleanly ... OK
* checking loading without being on the library search path ... OK
* checking whether startup messages can be suppressed ... OK
* checking dependencies in R code ... OK
* checking S3 generic/method consistency ... OK
* checking replacement functions ... OK
* checking foreign function calls ... OK
* checking R code for possible problems ... NOTE
bindcadd_snv: no visible global function definition for ‘TabixFile’
bindcadd_snv: no visible global function definition for ‘findOverlaps’
chklocs: no visible binding for global variable ‘gwrngs19’
chklocs: no visible global function definition for ‘snpsBySeqname’
gwascat_from_AHub: no visible binding for global variable ‘si.hs.38’
gwcat_snapshot: no visible binding for global variable ‘si.hs.38’
lo38to19: no visible global function definition for ‘liftOver’
lo38to19: no visible binding for global variable ‘si.hs.37’
makeCurrentGwascat: no visible binding for global variable ‘si.hs.38’
process_gwas_dataframe: no visible binding for global variable
  ‘si.hs.38’
snpGenos: no visible global function definition for ‘getSNPlocs’
tfilt: no visible binding for global variable ‘phr’
tpad: no visible binding for global variable ‘phr’
traitsManh: no visible global function definition for ‘aes’
traitsManh: no visible binding for global variable ‘PVALUE_MLOG’
variantProps: no visible binding for global variable ‘gwrngs’
Undefined global functions or variables:
  PVALUE_MLOG TabixFile aes findOverlaps getSNPlocs gwrngs gwrngs19
  liftOver phr si.hs.37 si.hs.38 snpsBySeqname
* checking Rd files ... NOTE
checkRd: (-1) gwcex2gviz.Rd:33: Escaped LaTeX specials: \_
checkRd: (-1) traitsManh.Rd:18: Escaped LaTeX specials: \_
* checking Rd metadata ... OK
* checking Rd cross-references ... OK
* checking for missing documentation entries ... OK
* checking for code/documentation mismatches ... OK
* checking Rd \usage sections ... OK
* checking Rd contents ... OK
* checking for unstated dependencies in examples ... OK
* checking contents of ‘data’ directory ... OK
* checking data for non-ASCII characters ... OK
* checking data for ASCII and uncompressed saves ... OK
* checking files in ‘vignettes’ ... OK
* checking examples ... ERROR
Running examples in ‘gwascat-Ex.R’ failed
The error most likely occurred in:

> base::assign(".ptime", proc.time(), pos = "CheckExEnv")
> ### Name: ldtagr
> ### Title: expand a list of variants by including those in a VCF with LD
> ###   exceeding some threshold; uses snpStats ld()
> ### Aliases: ldtagr
> ### Keywords: models
> 
> ### ** Examples
> 
>  cand = GenomicRanges::GRanges("1", IRanges::IRanges(113038694, width=1))
>  names(cand) = "rs883593"
>  requireNamespace("VariantAnnotation")
>  expath = dir(system.file("vcf", package="gwascat"), patt=".*exon.*gz$", full=TRUE)
>  tf = Rsamtools::TabixFile(expath)
>  ldtagr( cand, tf, lbR2 = .8)

 *** caught segfault ***
address 0x1, cause 'memory not mapped'

Traceback:
 1: snpStats::ld(gt[, snpid], gt, stats = "R.squared")
 2: ldtagr(cand, tf, lbR2 = 0.8)
An irrecoverable exception occurred. R is aborting now ...
Segmentation fault (core dumped)
Examples with CPU (user + system) or elapsed time > 5s
                    user system elapsed
gwascat_from_AHub 19.154  1.716  21.268
gwcat_snapshot    17.618  1.234  19.172
gwcex2gviz        10.497  0.519  11.166
gg17N              6.337  0.133   6.475
* checking for unstated dependencies in ‘tests’ ... OK
* checking tests ...
  Running ‘testthat.R’
 OK
* checking for unstated dependencies in vignettes ... OK
* checking package vignettes ... OK
* checking re-building of vignette outputs ... OK
* checking PDF version of manual ... OK
* DONE

Status: 1 ERROR, 2 NOTEs
See
  ‘/home/biocbuild/bbs-3.21-bioc/meat/gwascat.Rcheck/00check.log’
for details.


Installation output

gwascat.Rcheck/00install.out

##############################################################################
##############################################################################
###
### Running command:
###
###   /home/biocbuild/bbs-3.21-bioc/R/bin/R CMD INSTALL gwascat
###
##############################################################################
##############################################################################


* installing to library ‘/home/biocbuild/bbs-3.21-bioc/R/site-library’
* installing *source* package ‘gwascat’ ...
** this is package ‘gwascat’ version ‘2.39.0’
** using staged installation
** R
** data
** inst
** byte-compile and prepare package for lazy loading
** help
*** installing help indices
** building package indices
** installing vignettes
** testing if installed package can be loaded from temporary location
** testing if installed package can be loaded from final location
** testing if installed package keeps a record of temporary installation path
* DONE (gwascat)

Tests output

gwascat.Rcheck/tests/testthat.Rout


R Under development (unstable) (2025-01-20 r87609) -- "Unsuffered Consequences"
Copyright (C) 2025 The R Foundation for Statistical Computing
Platform: x86_64-pc-linux-gnu

R is free software and comes with ABSOLUTELY NO WARRANTY.
You are welcome to redistribute it under certain conditions.
Type 'license()' or 'licence()' for distribution details.

R is a collaborative project with many contributors.
Type 'contributors()' for more information and
'citation()' on how to cite R or R packages in publications.

Type 'demo()' for some demos, 'help()' for on-line help, or
'help.start()' for an HTML browser interface to help.
Type 'q()' to quit R.

> library(testthat)
> 
> test_check("gwascat")
Loading required package: gwascat
gwascat loaded.  Use makeCurrentGwascat() to extract current image.
 from EBI.  The data folder of this package has some legacy extracts.
[ FAIL 0 | WARN 0 | SKIP 0 | PASS 0 ]
> 
> 
> proc.time()
   user  system elapsed 
 13.821   0.729  14.655 

Example timings

gwascat.Rcheck/gwascat-Ex.timings

nameusersystemelapsed
bindcadd_snv000
gg17N6.3370.1336.475
gwascat_from_AHub19.154 1.71621.268
gwcat_snapshot17.618 1.23419.172
gwcex2gviz10.497 0.51911.166