Back to Multiple platform build/check report for BioC 3.21: simplified long |
|
This page was generated on 2025-01-28 11:47 -0500 (Tue, 28 Jan 2025).
Hostname | OS | Arch (*) | R version | Installed pkgs |
---|---|---|---|---|
nebbiolo1 | Linux (Ubuntu 24.04.1 LTS) | x86_64 | R Under development (unstable) (2025-01-20 r87609) -- "Unsuffered Consequences" | 4659 |
palomino7 | Windows Server 2022 Datacenter | x64 | R Under development (unstable) (2025-01-21 r87610 ucrt) -- "Unsuffered Consequences" | 4454 |
lconway | macOS 12.7.1 Monterey | x86_64 | R Under development (unstable) (2025-01-22 r87618) -- "Unsuffered Consequences" | 4465 |
kjohnson3 | macOS 13.7.1 Ventura | arm64 | R Under development (unstable) (2025-01-20 r87609) -- "Unsuffered Consequences" | 4419 |
kunpeng2 | Linux (openEuler 22.03 LTS-SP1) | aarch64 | R Under development (unstable) (2024-11-24 r87369) -- "Unsuffered Consequences" | 4409 |
Click on any hostname to see more info about the system (e.g. compilers) (*) as reported by 'uname -p', except on Windows and Mac OS X |
Package 1264/2286 | Hostname | OS / Arch | INSTALL | BUILD | CHECK | BUILD BIN | ||||||||
minfi 1.53.1 (landing page) Kasper Daniel Hansen
| nebbiolo1 | Linux (Ubuntu 24.04.1 LTS) / x86_64 | OK | OK | OK | ![]() | ||||||||
palomino7 | Windows Server 2022 Datacenter / x64 | OK | OK | OK | OK | ![]() | ||||||||
lconway | macOS 12.7.1 Monterey / x86_64 | OK | OK | OK | OK | ![]() | ||||||||
kjohnson3 | macOS 13.7.1 Ventura / arm64 | OK | OK | OK | OK | ![]() | ||||||||
kunpeng2 | Linux (openEuler 22.03 LTS-SP1) / aarch64 | OK | OK | WARNINGS | ||||||||||
To the developers/maintainers of the minfi package: - Allow up to 24 hours (and sometimes 48 hours) for your latest push to git@git.bioconductor.org:packages/minfi.git to reflect on this report. See Troubleshooting Build Report for more information. - Use the following Renviron settings to reproduce errors and warnings. - If 'R CMD check' started to fail recently on the Linux builder(s) over a missing dependency, add the missing dependency to 'Suggests:' in your DESCRIPTION file. See Renviron.bioc for more information. - See Martin Grigorov's blog post for how to debug Linux ARM64 related issues on a x86_64 host. |
Package: minfi |
Version: 1.53.1 |
Command: /home/biocbuild/R/R/bin/R CMD check --install=check:minfi.install-out.txt --library=/home/biocbuild/R/R/site-library --no-vignettes --timings minfi_1.53.1.tar.gz |
StartedAt: 2025-01-28 12:30:32 -0000 (Tue, 28 Jan 2025) |
EndedAt: 2025-01-28 12:41:12 -0000 (Tue, 28 Jan 2025) |
EllapsedTime: 639.8 seconds |
RetCode: 0 |
Status: WARNINGS |
CheckDir: minfi.Rcheck |
Warnings: 5 |
############################################################################## ############################################################################## ### ### Running command: ### ### /home/biocbuild/R/R/bin/R CMD check --install=check:minfi.install-out.txt --library=/home/biocbuild/R/R/site-library --no-vignettes --timings minfi_1.53.1.tar.gz ### ############################################################################## ############################################################################## * using log directory ‘/home/biocbuild/bbs-3.21-bioc/meat/minfi.Rcheck’ * using R Under development (unstable) (2024-11-24 r87369) * using platform: aarch64-unknown-linux-gnu * R was compiled by aarch64-unknown-linux-gnu-gcc (GCC) 14.2.0 GNU Fortran (GCC) 14.2.0 * running under: openEuler 24.03 (LTS) * using session charset: UTF-8 * using option ‘--no-vignettes’ * checking for file ‘minfi/DESCRIPTION’ ... OK * this is package ‘minfi’ version ‘1.53.1’ * checking package namespace information ... OK * checking package dependencies ... INFO Imports includes 24 non-default packages. Importing from so many packages makes the package vulnerable to any of them becoming unavailable. Move as many as possible to Suggests and use conditionally. * checking if this is a source package ... OK * checking if there is a namespace ... OK * checking for hidden files and directories ... OK * checking for portable file names ... OK * checking for sufficient/correct file permissions ... OK * checking whether package ‘minfi’ can be installed ... WARNING Found the following significant warnings: Warning: program compiled against libxml 212 using older 211 See ‘/home/biocbuild/bbs-3.21-bioc/meat/minfi.Rcheck/00install.out’ for details. * checking installed package size ... OK * checking package directory ... OK * checking ‘build’ directory ... OK * checking DESCRIPTION meta-information ... OK * checking top-level files ... OK * checking for left-over files ... OK * checking index information ... OK * checking package subdirectories ... OK * checking code files for non-ASCII characters ... OK * checking R files for syntax errors ... OK * checking whether the package can be loaded ... OK * checking whether the package can be loaded with stated dependencies ... OK * checking whether the package can be unloaded cleanly ... OK * checking whether the namespace can be loaded with stated dependencies ... NOTE Warning: program compiled against libxml 212 using older 211 A namespace must be able to be loaded with just the base namespace loaded: otherwise if the namespace gets loaded by a saved object, the session will be unable to start. Probably some imports need to be declared in the NAMESPACE file. * checking whether the namespace can be unloaded cleanly ... OK * checking loading without being on the library search path ... OK * checking dependencies in R code ... NOTE Warning: program compiled against libxml 212 using older 211 Unexported objects imported by ':::' calls: ‘DelayedArray:::get_verbose_block_processing’ ‘DelayedArray:::normarg_grid’ ‘bumphunter:::.getEstimate’ See the note in ?`:::` about the use of this operator. There are ::: calls to the package's namespace in its code. A package almost never needs to use ::: for its own objects: ‘.guessArrayTypes’ * checking S3 generic/method consistency ... WARNING Warning: program compiled against libxml 212 using older 211 See section ‘Generic functions and methods’ in the ‘Writing R Extensions’ manual. * checking replacement functions ... WARNING Warning: program compiled against libxml 212 using older 211 The argument of a replacement function which corresponds to the right hand side must be named ‘value’. * checking foreign function calls ... NOTE Warning: program compiled against libxml 212 using older 211 See chapter ‘System and foreign language interfaces’ in the ‘Writing R Extensions’ manual. * checking R code for possible problems ... NOTE Found the following possibly unsafe calls: File ‘minfi/R/IlluminaMethylationManifest-class.R’: unlockBinding(name, env = object@data) Warning: program compiled against libxml 212 using older 211 * checking Rd files ... NOTE checkRd: (-1) gaphunter.Rd:19: Lost braces 19 | If one of the first two, code{\link{getBeta}} is used to calculate beta values. If a | ^ checkRd: (-1) ratioConvert-methods.Rd:35: Lost braces 35 | \code{\link{RatioSet}} or code{\link{GenomicRatioSet}} for the output | ^ checkRd: (-1) ratioConvert-methods.Rd:36: Lost braces 36 | object and \code{\link{MethylSet}} or code{\link{GenomicMethylSet}} | ^ * checking Rd metadata ... OK * checking Rd cross-references ... NOTE Found the following Rd file(s) with Rd \link{} targets missing package anchors: MethylSet-class.Rd: eSet-class RGChannelSet-class.Rd: SummarizedExperiment-class RatioSet-class.Rd: eSet-class blockFinder.Rd: clusterMaker, bumphunter bumphunter.Rd: clusterMaker Please provide package anchors for all Rd \link{} targets not in the package itself and the base packages. * checking for missing documentation entries ... WARNING Warning: program compiled against libxml 212 using older 211 All user-level objects in a package should have documentation entries. See chapter ‘Writing R documentation files’ in the ‘Writing R Extensions’ manual. * checking for code/documentation mismatches ... WARNING Warning: program compiled against libxml 212 using older 211 Warning: program compiled against libxml 212 using older 211 Warning: program compiled against libxml 212 using older 211 * checking Rd \usage sections ... NOTE Warning: program compiled against libxml 212 using older 211 The \usage entries for S3 methods should use the \method markup and not their full name. See chapter ‘Writing R documentation files’ in the ‘Writing R Extensions’ manual. * checking Rd contents ... OK * checking for unstated dependencies in examples ... OK * checking files in ‘vignettes’ ... OK * checking examples ... OK Examples with CPU (user + system) or elapsed time > 5s user system elapsed combineArrays 73.232 1.724 79.917 bumphunter 34.265 0.546 36.335 read.metharray.exp 9.656 0.033 10.555 read.metharray 6.140 0.064 6.922 preprocessIllumina 5.891 0.056 6.132 IlluminaMethylationManifest-class 5.341 0.207 5.660 densityPlot 5.024 0.052 5.534 * checking for unstated dependencies in ‘tests’ ... OK * checking tests ... Running ‘runTests.R’ OK * checking for unstated dependencies in vignettes ... OK * checking package vignettes ... OK * checking running R code from vignettes ... SKIPPED * checking re-building of vignette outputs ... SKIPPED * checking PDF version of manual ... OK * DONE Status: 5 WARNINGs, 7 NOTEs See ‘/home/biocbuild/bbs-3.21-bioc/meat/minfi.Rcheck/00check.log’ for details.
minfi.Rcheck/00install.out
############################################################################## ############################################################################## ### ### Running command: ### ### /home/biocbuild/R/R/bin/R CMD INSTALL minfi ### ############################################################################## ############################################################################## * installing to library ‘/home/biocbuild/R/R-4.5.0-devel_2024-11-24/site-library’ * installing *source* package ‘minfi’ ... ** using staged installation ** R ** inst ** byte-compile and prepare package for lazy loading Warning: program compiled against libxml 212 using older 211 ** help *** installing help indices ** building package indices ** installing vignettes ** testing if installed package can be loaded from temporary location Warning: program compiled against libxml 212 using older 211 ** testing if installed package can be loaded from final location Warning: program compiled against libxml 212 using older 211 ** testing if installed package keeps a record of temporary installation path * DONE (minfi)
minfi.Rcheck/tests/runTests.Rout
R Under development (unstable) (2024-11-24 r87369) -- "Unsuffered Consequences" Copyright (C) 2024 The R Foundation for Statistical Computing Platform: aarch64-unknown-linux-gnu R is free software and comes with ABSOLUTELY NO WARRANTY. You are welcome to redistribute it under certain conditions. Type 'license()' or 'licence()' for distribution details. R is a collaborative project with many contributors. Type 'contributors()' for more information and 'citation()' on how to cite R or R packages in publications. Type 'demo()' for some demos, 'help()' for on-line help, or 'help.start()' for an HTML browser interface to help. Type 'q()' to quit R. > require("minfi") || stop("unable to load minfi") Loading required package: minfi Loading required package: BiocGenerics Loading required package: generics Attaching package: 'generics' The following objects are masked from 'package:base': as.difftime, as.factor, as.ordered, intersect, is.element, setdiff, setequal, union Attaching package: 'BiocGenerics' The following objects are masked from 'package:stats': IQR, mad, sd, var, xtabs The following objects are masked from 'package:base': Filter, Find, Map, Position, Reduce, anyDuplicated, aperm, append, as.data.frame, basename, cbind, colnames, dirname, do.call, duplicated, eval, evalq, get, grep, grepl, is.unsorted, lapply, mapply, match, mget, order, paste, pmax, pmax.int, pmin, pmin.int, rank, rbind, rownames, sapply, saveRDS, table, tapply, unique, unsplit, which.max, which.min Loading required package: GenomicRanges Loading required package: stats4 Loading required package: S4Vectors Attaching package: 'S4Vectors' The following object is masked from 'package:utils': findMatches The following objects are masked from 'package:base': I, expand.grid, unname Loading required package: IRanges Loading required package: GenomeInfoDb Loading required package: SummarizedExperiment Loading required package: MatrixGenerics Loading required package: matrixStats Attaching package: 'MatrixGenerics' The following objects are masked from 'package:matrixStats': colAlls, colAnyNAs, colAnys, colAvgsPerRowSet, colCollapse, colCounts, colCummaxs, colCummins, colCumprods, colCumsums, colDiffs, colIQRDiffs, colIQRs, colLogSumExps, colMadDiffs, colMads, colMaxs, colMeans2, colMedians, colMins, colOrderStats, colProds, colQuantiles, colRanges, colRanks, colSdDiffs, colSds, colSums2, colTabulates, colVarDiffs, colVars, colWeightedMads, colWeightedMeans, colWeightedMedians, colWeightedSds, colWeightedVars, rowAlls, rowAnyNAs, rowAnys, rowAvgsPerColSet, rowCollapse, rowCounts, rowCummaxs, rowCummins, rowCumprods, rowCumsums, rowDiffs, rowIQRDiffs, rowIQRs, rowLogSumExps, rowMadDiffs, rowMads, rowMaxs, rowMeans2, rowMedians, rowMins, rowOrderStats, rowProds, rowQuantiles, rowRanges, rowRanks, rowSdDiffs, rowSds, rowSums2, rowTabulates, rowVarDiffs, rowVars, rowWeightedMads, rowWeightedMeans, rowWeightedMedians, rowWeightedSds, rowWeightedVars Loading required package: Biobase Welcome to Bioconductor Vignettes contain introductory material; view with 'browseVignettes()'. To cite Bioconductor, see 'citation("Biobase")', and for packages 'citation("pkgname")'. Attaching package: 'Biobase' The following object is masked from 'package:MatrixGenerics': rowMedians The following objects are masked from 'package:matrixStats': anyMissing, rowMedians Loading required package: Biostrings Loading required package: XVector Attaching package: 'Biostrings' The following object is masked from 'package:base': strsplit Loading required package: bumphunter Loading required package: foreach Loading required package: iterators Loading required package: parallel Loading required package: locfit locfit 1.5-9.10 2024-06-24 Warning: program compiled against libxml 212 using older 211 Setting options('download.file.method.GEOquery'='auto') Setting options('GEOquery.inmemory.gpl'=FALSE) [1] TRUE > BiocGenerics:::testPackage("minfi") Loading required package: minfiData Loading required package: IlluminaHumanMethylation450kmanifest Loading required package: IlluminaHumanMethylation450kanno.ilmn12.hg19 Loading required package: digest Loading required package: DelayedArray Loading required package: Matrix Attaching package: 'Matrix' The following object is masked from 'package:S4Vectors': expand Loading required package: S4Arrays Loading required package: abind Attaching package: 'S4Arrays' The following object is masked from 'package:abind': abind The following object is masked from 'package:base': rowsum Loading required package: SparseArray Attaching package: 'DelayedArray' The following objects are masked from 'package:base': apply, scale, sweep RUNIT TEST PROTOCOL -- Tue Jan 28 12:41:01 2025 *********************************************** Number of test functions: 10 Number of errors: 0 Number of failures: 0 1 Test Suite : minfi RUnit Tests - 10 test functions, 0 errors, 0 failures Number of test functions: 10 Number of errors: 0 Number of failures: 0 > > proc.time() user system elapsed 49.914 1.419 55.265
minfi.Rcheck/minfi-Ex.timings
name | user | system | elapsed | |
GenomicMethylSet-class | 0.002 | 0.000 | 0.002 | |
GenomicRatioSet-class | 0.001 | 0.000 | 0.001 | |
IlluminaMethylationManifest-class | 5.341 | 0.207 | 5.660 | |
MethylSet-class | 0.001 | 0.000 | 0.001 | |
RGChannelSet-class | 0.001 | 0.000 | 0.001 | |
RatioSet-class | 0.000 | 0.000 | 0.001 | |
bumphunter | 34.265 | 0.546 | 36.335 | |
combineArrays | 73.232 | 1.724 | 79.917 | |
compartments | 3.337 | 0.160 | 3.515 | |
controlStripPlot | 2.415 | 0.044 | 2.470 | |
convertArray | 1.819 | 0.000 | 1.823 | |
densityBeanPlot | 4.185 | 0.052 | 4.487 | |
densityPlot | 5.024 | 0.052 | 5.534 | |
detectionP | 0.522 | 0.004 | 0.528 | |
dmpFinder | 0.144 | 0.000 | 0.144 | |
estimateCellCounts | 0 | 0 | 0 | |
fixMethOutliers | 1.164 | 0.004 | 1.174 | |
gaphunter | 0.116 | 0.000 | 0.115 | |
getAnnotation | 1.047 | 0.004 | 1.075 | |
getGenomicRatioSetFromGEO | 0 | 0 | 0 | |
getQC | 0.268 | 0.006 | 0.273 | |
getSex | 2.215 | 0.012 | 2.249 | |
logit2 | 0 | 0 | 0 | |
makeGenomicRatioSetFromMatrix | 0.537 | 0.000 | 0.537 | |
mapToGenome-methods | 0.258 | 0.000 | 0.384 | |
mdsPlot | 0.334 | 0.000 | 0.611 | |
minfiQC | 3.625 | 0.015 | 4.298 | |
plotBetasByType | 0 | 0 | 0 | |
plotCpg | 0.128 | 0.000 | 0.127 | |
preprocessFunnorm | 3.179 | 0.040 | 3.256 | |
preprocessIllumina | 5.891 | 0.056 | 6.132 | |
preprocessNoob | 0.956 | 0.004 | 0.962 | |
preprocessQuantile | 1.106 | 0.004 | 1.384 | |
preprocessRaw | 3.859 | 0.032 | 4.442 | |
preprocessSwan | 0.758 | 0.003 | 0.827 | |
qcReport | 0.054 | 0.000 | 0.055 | |
ratioConvert-methods | 0.093 | 0.000 | 0.094 | |
read.metharray | 6.140 | 0.064 | 6.922 | |
read.metharray.exp | 9.656 | 0.033 | 10.555 | |
read.metharray.sheet | 0.053 | 0.012 | 0.067 | |
readGEORawFile | 0 | 0 | 0 | |
readTCGA | 0 | 0 | 0 | |
subsetByLoci | 0.909 | 0.000 | 0.932 | |
utils | 0.239 | 0.012 | 0.251 | |