Back to Multiple platform build/check report for BioC 3.21: simplified long |
|
This page was generated on 2025-01-28 11:48 -0500 (Tue, 28 Jan 2025).
Hostname | OS | Arch (*) | R version | Installed pkgs |
---|---|---|---|---|
nebbiolo1 | Linux (Ubuntu 24.04.1 LTS) | x86_64 | R Under development (unstable) (2025-01-20 r87609) -- "Unsuffered Consequences" | 4659 |
palomino7 | Windows Server 2022 Datacenter | x64 | R Under development (unstable) (2025-01-21 r87610 ucrt) -- "Unsuffered Consequences" | 4454 |
lconway | macOS 12.7.1 Monterey | x86_64 | R Under development (unstable) (2025-01-22 r87618) -- "Unsuffered Consequences" | 4465 |
kjohnson3 | macOS 13.7.1 Ventura | arm64 | R Under development (unstable) (2025-01-20 r87609) -- "Unsuffered Consequences" | 4419 |
kunpeng2 | Linux (openEuler 22.03 LTS-SP1) | aarch64 | R Under development (unstable) (2024-11-24 r87369) -- "Unsuffered Consequences" | 4409 |
Click on any hostname to see more info about the system (e.g. compilers) (*) as reported by 'uname -p', except on Windows and Mac OS X |
Package 2014/2286 | Hostname | OS / Arch | INSTALL | BUILD | CHECK | BUILD BIN | ||||||||
spatialHeatmap 2.13.1 (landing page) Jianhai Zhang
| nebbiolo1 | Linux (Ubuntu 24.04.1 LTS) / x86_64 | OK | OK | OK | |||||||||
palomino7 | Windows Server 2022 Datacenter / x64 | OK | OK | OK | OK | |||||||||
lconway | macOS 12.7.1 Monterey / x86_64 | OK | OK | OK | OK | |||||||||
kjohnson3 | macOS 13.7.1 Ventura / arm64 | OK | OK | OK | OK | |||||||||
kunpeng2 | Linux (openEuler 22.03 LTS-SP1) / aarch64 | OK | OK | WARNINGS | ||||||||||
To the developers/maintainers of the spatialHeatmap package: - Allow up to 24 hours (and sometimes 48 hours) for your latest push to git@git.bioconductor.org:packages/spatialHeatmap.git to reflect on this report. See Troubleshooting Build Report for more information. - Use the following Renviron settings to reproduce errors and warnings. - If 'R CMD check' started to fail recently on the Linux builder(s) over a missing dependency, add the missing dependency to 'Suggests:' in your DESCRIPTION file. See Renviron.bioc for more information. - See Martin Grigorov's blog post for how to debug Linux ARM64 related issues on a x86_64 host. |
Package: spatialHeatmap |
Version: 2.13.1 |
Command: /home/biocbuild/R/R/bin/R CMD check --install=check:spatialHeatmap.install-out.txt --library=/home/biocbuild/R/R/site-library --no-vignettes --timings spatialHeatmap_2.13.1.tar.gz |
StartedAt: 2025-01-28 15:35:31 -0000 (Tue, 28 Jan 2025) |
EndedAt: 2025-01-28 15:44:01 -0000 (Tue, 28 Jan 2025) |
EllapsedTime: 509.5 seconds |
RetCode: 0 |
Status: WARNINGS |
CheckDir: spatialHeatmap.Rcheck |
Warnings: 5 |
############################################################################## ############################################################################## ### ### Running command: ### ### /home/biocbuild/R/R/bin/R CMD check --install=check:spatialHeatmap.install-out.txt --library=/home/biocbuild/R/R/site-library --no-vignettes --timings spatialHeatmap_2.13.1.tar.gz ### ############################################################################## ############################################################################## * using log directory ‘/home/biocbuild/bbs-3.21-bioc/meat/spatialHeatmap.Rcheck’ * using R Under development (unstable) (2024-11-24 r87369) * using platform: aarch64-unknown-linux-gnu * R was compiled by aarch64-unknown-linux-gnu-gcc (GCC) 14.2.0 GNU Fortran (GCC) 14.2.0 * running under: openEuler 24.03 (LTS) * using session charset: UTF-8 * using option ‘--no-vignettes’ * checking for file ‘spatialHeatmap/DESCRIPTION’ ... OK * checking extension type ... Package * this is package ‘spatialHeatmap’ version ‘2.13.1’ * package encoding: UTF-8 * checking package namespace information ... OK * checking package dependencies ... OK * checking if this is a source package ... OK * checking if there is a namespace ... OK * checking for hidden files and directories ... OK * checking for portable file names ... OK * checking for sufficient/correct file permissions ... OK * checking whether package ‘spatialHeatmap’ can be installed ... WARNING Found the following significant warnings: Warning: program compiled against libxml 212 using older 211 See ‘/home/biocbuild/bbs-3.21-bioc/meat/spatialHeatmap.Rcheck/00install.out’ for details. * checking installed package size ... INFO installed size is 31.9Mb sub-directories of 1Mb or more: R 1.2Mb extdata 30.2Mb * checking package directory ... OK * checking ‘build’ directory ... OK * checking DESCRIPTION meta-information ... OK * checking top-level files ... OK * checking for left-over files ... OK * checking index information ... OK * checking package subdirectories ... OK * checking code files for non-ASCII characters ... OK * checking R files for syntax errors ... OK * checking whether the package can be loaded ... OK * checking whether the package can be loaded with stated dependencies ... OK * checking whether the package can be unloaded cleanly ... OK * checking whether the namespace can be loaded with stated dependencies ... NOTE Warning: program compiled against libxml 212 using older 211 A namespace must be able to be loaded with just the base namespace loaded: otherwise if the namespace gets loaded by a saved object, the session will be unable to start. Probably some imports need to be declared in the NAMESPACE file. * checking whether the namespace can be unloaded cleanly ... OK * checking loading without being on the library search path ... OK * checking dependencies in R code ... NOTE Warning: program compiled against libxml 212 using older 211 * checking S3 generic/method consistency ... WARNING Warning: program compiled against libxml 212 using older 211 See section ‘Generic functions and methods’ in the ‘Writing R Extensions’ manual. * checking replacement functions ... WARNING Warning: program compiled against libxml 212 using older 211 The argument of a replacement function which corresponds to the right hand side must be named ‘value’. * checking foreign function calls ... NOTE Warning: program compiled against libxml 212 using older 211 See chapter ‘System and foreign language interfaces’ in the ‘Writing R Extensions’ manual. * checking R code for possible problems ... NOTE Warning: program compiled against libxml 212 using older 211 * checking Rd files ... OK * checking Rd metadata ... OK * checking Rd cross-references ... OK * checking for missing documentation entries ... WARNING Warning: program compiled against libxml 212 using older 211 All user-level objects in a package should have documentation entries. See chapter ‘Writing R documentation files’ in the ‘Writing R Extensions’ manual. * checking for code/documentation mismatches ... WARNING Warning: program compiled against libxml 212 using older 211 Warning: program compiled against libxml 212 using older 211 Warning: program compiled against libxml 212 using older 211 * checking Rd \usage sections ... NOTE Warning: program compiled against libxml 212 using older 211 The \usage entries for S3 methods should use the \method markup and not their full name. See chapter ‘Writing R documentation files’ in the ‘Writing R Extensions’ manual. * checking Rd contents ... OK * checking for unstated dependencies in examples ... OK * checking contents of ‘data’ directory ... OK * checking data for non-ASCII characters ... OK * checking data for ASCII and uncompressed saves ... OK * checking files in ‘vignettes’ ... OK * checking examples ... OK Examples with CPU (user + system) or elapsed time > 5s user system elapsed SPHM 25.225 0.416 25.697 covis 21.313 0.274 21.656 cell_group 16.100 0.152 16.279 process_cell_meta 8.962 0.024 9.019 reduce_dim 8.798 0.144 8.958 spatial_hm 6.506 0.262 6.929 SpatialEnrichment 5.676 0.401 6.116 shm 4.734 0.372 5.119 * checking for unstated dependencies in ‘tests’ ... OK * checking tests ... Running ‘runTests.R’ OK * checking for unstated dependencies in vignettes ... OK * checking package vignettes ... OK * checking running R code from vignettes ... SKIPPED * checking re-building of vignette outputs ... SKIPPED * checking PDF version of manual ... OK * DONE Status: 5 WARNINGs, 5 NOTEs See ‘/home/biocbuild/bbs-3.21-bioc/meat/spatialHeatmap.Rcheck/00check.log’ for details.
spatialHeatmap.Rcheck/00install.out
############################################################################## ############################################################################## ### ### Running command: ### ### /home/biocbuild/R/R/bin/R CMD INSTALL spatialHeatmap ### ############################################################################## ############################################################################## * installing to library ‘/home/biocbuild/R/R-4.5.0-devel_2024-11-24/site-library’ * installing *source* package ‘spatialHeatmap’ ... ** using staged installation ** R ** data ** inst ** byte-compile and prepare package for lazy loading Warning: program compiled against libxml 212 using older 211 Creating a new generic function for ‘svg’ in package ‘spatialHeatmap’ Creating a new generic function for ‘match’ in package ‘spatialHeatmap’ ** help *** installing help indices ** building package indices ** installing vignettes ** testing if installed package can be loaded from temporary location Warning: program compiled against libxml 212 using older 211 ** testing if installed package can be loaded from final location Warning: program compiled against libxml 212 using older 211 ** testing if installed package keeps a record of temporary installation path * DONE (spatialHeatmap)
spatialHeatmap.Rcheck/tests/runTests.Rout
R Under development (unstable) (2024-11-24 r87369) -- "Unsuffered Consequences" Copyright (C) 2024 The R Foundation for Statistical Computing Platform: aarch64-unknown-linux-gnu R is free software and comes with ABSOLUTELY NO WARRANTY. You are welcome to redistribute it under certain conditions. Type 'license()' or 'licence()' for distribution details. R is a collaborative project with many contributors. Type 'contributors()' for more information and 'citation()' on how to cite R or R packages in publications. Type 'demo()' for some demos, 'help()' for on-line help, or 'help.start()' for an HTML browser interface to help. Type 'q()' to quit R. > BiocGenerics:::testPackage("spatialHeatmap") Warning: program compiled against libxml 212 using older 211 Attaching package: 'spatialHeatmap' The following object is masked from 'package:grDevices': svg The following object is masked from 'package:base': match Loading required package: Biobase Loading required package: BiocGenerics Loading required package: generics Attaching package: 'generics' The following objects are masked from 'package:base': as.difftime, as.factor, as.ordered, intersect, is.element, setdiff, setequal, union Attaching package: 'BiocGenerics' The following object is masked from 'package:spatialHeatmap': match The following objects are masked from 'package:stats': IQR, mad, sd, var, xtabs The following objects are masked from 'package:base': Filter, Find, Map, Position, Reduce, anyDuplicated, aperm, append, as.data.frame, basename, cbind, colnames, dirname, do.call, duplicated, eval, evalq, get, grep, grepl, is.unsorted, lapply, mapply, match, mget, order, paste, pmax, pmax.int, pmin, pmin.int, rank, rbind, rownames, sapply, saveRDS, table, tapply, unique, unsplit, which.max, which.min Welcome to Bioconductor Vignettes contain introductory material; view with 'browseVignettes()'. To cite Bioconductor, see 'citation("Biobase")', and for packages 'citation("pkgname")'. Loading required package: SummarizedExperiment Loading required package: MatrixGenerics Loading required package: matrixStats Attaching package: 'matrixStats' The following objects are masked from 'package:Biobase': anyMissing, rowMedians Attaching package: 'MatrixGenerics' The following objects are masked from 'package:matrixStats': colAlls, colAnyNAs, colAnys, colAvgsPerRowSet, colCollapse, colCounts, colCummaxs, colCummins, colCumprods, colCumsums, colDiffs, colIQRDiffs, colIQRs, colLogSumExps, colMadDiffs, colMads, colMaxs, colMeans2, colMedians, colMins, colOrderStats, colProds, colQuantiles, colRanges, colRanks, colSdDiffs, colSds, colSums2, colTabulates, colVarDiffs, colVars, colWeightedMads, colWeightedMeans, colWeightedMedians, colWeightedSds, colWeightedVars, rowAlls, rowAnyNAs, rowAnys, rowAvgsPerColSet, rowCollapse, rowCounts, rowCummaxs, rowCummins, rowCumprods, rowCumsums, rowDiffs, rowIQRDiffs, rowIQRs, rowLogSumExps, rowMadDiffs, rowMads, rowMaxs, rowMeans2, rowMedians, rowMins, rowOrderStats, rowProds, rowQuantiles, rowRanges, rowRanks, rowSdDiffs, rowSds, rowSums2, rowTabulates, rowVarDiffs, rowVars, rowWeightedMads, rowWeightedMeans, rowWeightedMedians, rowWeightedSds, rowWeightedVars The following object is masked from 'package:Biobase': rowMedians Loading required package: GenomicRanges Loading required package: stats4 Loading required package: S4Vectors Attaching package: 'S4Vectors' The following object is masked from 'package:utils': findMatches The following objects are masked from 'package:base': I, expand.grid, unname Loading required package: IRanges Loading required package: GenomeInfoDb Loading required package: limma Attaching package: 'limma' The following object is masked from 'package:BiocGenerics': plotMA Loading required package: xml2 Loading required package: RCurl Loading required package: jsonlite Loading required package: BiocStyle Attaching package: 'BiocStyle' The following object is masked from 'package:spatialHeatmap': output Normalising: ESF type "ratio" Syntactically valid column names are made! Syntactically valid column names are made! All values before filtering: Min. 1st Qu. Median Mean 3rd Qu. Max. 0.000 0.000 0.287 2.442 4.268 19.991 All coefficient of variances (CVs) before filtering: Min. 1st Qu. Median Mean 3rd Qu. Max. 0.0007742 0.0767696 0.4019655 0.6217813 0.9956157 2.0000000 All values after filtering: Min. 1st Qu. Median Mean 3rd Qu. Max. 0.000 2.654 4.976 4.779 6.451 14.695 All coefficient of variances (CVs) after filtering: Min. 1st Qu. Median Mean 3rd Qu. Max. 0.3001 0.3648 0.4637 0.5651 0.7392 1.1548 Warning: variables of sample/condition are less than 5! ..connectivity.. ..matrix multiplication (system BLAS).. ..normalization.. ..done. ..done. ..done. ..done. ..done. Normalising: ESF type "ratio" Syntactically valid column names are made! Syntactically valid column names are made! All values before filtering: Min. 1st Qu. Median Mean 3rd Qu. Max. 0.000 0.000 0.287 2.442 4.268 19.991 All coefficient of variances (CVs) before filtering: Min. 1st Qu. Median Mean 3rd Qu. Max. 0.0007742 0.0767696 0.4019655 0.6217813 0.9956157 2.0000000 All values after filtering: Min. 1st Qu. Median Mean 3rd Qu. Max. 0.000 2.654 4.976 4.779 6.451 14.695 All coefficient of variances (CVs) after filtering: Min. 1st Qu. Median Mean 3rd Qu. Max. 0.3001 0.3648 0.4637 0.5651 0.7392 1.1548 RUNIT TEST PROTOCOL -- Tue Jan 28 15:43:53 2025 *********************************************** Number of test functions: 2 Number of errors: 0 Number of failures: 0 1 Test Suite : spatialHeatmap RUnit Tests - 2 test functions, 0 errors, 0 failures Number of test functions: 2 Number of errors: 0 Number of failures: 0 > > proc.time() user system elapsed 33.058 1.475 34.833
spatialHeatmap.Rcheck/spatialHeatmap-Ex.timings
name | user | system | elapsed | |
SPHM | 25.225 | 0.416 | 25.697 | |
SPHMMethods | 1.978 | 0.150 | 2.135 | |
SVG | 0.801 | 0.159 | 0.962 | |
SVGMethods | 0.510 | 0.108 | 0.617 | |
SpatialEnrichment | 5.676 | 0.401 | 6.116 | |
aSVG.remote.repo | 0.003 | 0.000 | 0.003 | |
adj_mod | 3.852 | 0.218 | 4.085 | |
aggr_rep | 1.238 | 0.035 | 1.279 | |
cell_group | 16.100 | 0.152 | 16.279 | |
cluster_cell | 1.159 | 0.032 | 1.193 | |
coclus_opt | 0.319 | 0.000 | 0.326 | |
cocluster | 0.278 | 0.004 | 0.284 | |
com_factor | 0.245 | 0.012 | 0.258 | |
covis | 21.313 | 0.274 | 21.656 | |
custom_shiny | 0.024 | 0.000 | 0.025 | |
cut_dendro | 0.906 | 0.024 | 0.933 | |
cvt_id | 0.676 | 0.019 | 0.699 | |
data_ref | 1.043 | 0.004 | 1.051 | |
database | 0.535 | 0.012 | 0.549 | |
edit_tar | 0.005 | 0.000 | 0.006 | |
filter_data | 1.332 | 0.004 | 1.340 | |
matrix_hm | 3.136 | 0.080 | 3.250 | |
network | 2.979 | 0.012 | 2.999 | |
norm_cell | 2.291 | 0.028 | 2.342 | |
norm_data | 1.268 | 0.040 | 1.312 | |
norm_srsc | 3.976 | 0.088 | 4.086 | |
opt_bar | 0.156 | 0.000 | 0.156 | |
opt_setting | 0.005 | 0.003 | 0.010 | |
opt_violin | 0.252 | 0.000 | 0.253 | |
optimal_k | 0.176 | 0.000 | 0.177 | |
plot_dim | 1.558 | 0.023 | 1.586 | |
plot_kmeans | 0.835 | 0.004 | 0.841 | |
plot_meta | 3.353 | 0.132 | 3.508 | |
process_cell_meta | 8.962 | 0.024 | 9.019 | |
qc_cell | 1.111 | 0.012 | 1.126 | |
read_cache | 2.721 | 0.032 | 2.759 | |
read_fr | 0.006 | 0.000 | 0.005 | |
read_svg | 0.558 | 0.150 | 0.720 | |
reduce_dim | 8.798 | 0.144 | 8.958 | |
reduce_rep | 0.001 | 0.000 | 0.001 | |
return_feature | 0.686 | 0.020 | 1.204 | |
save_cache | 2.671 | 0.220 | 2.902 | |
shiny_shm | 0 | 0 | 0 | |
shm | 4.734 | 0.372 | 5.119 | |
spatialHeatmap-package | 0 | 0 | 0 | |
spatial_hm | 6.506 | 0.262 | 6.929 | |
submatrix | 3.313 | 0.168 | 3.487 | |
true_bulk | 0.406 | 0.016 | 0.423 | |
update_feature | 0.001 | 0.000 | 0.001 | |
write_svg | 3.412 | 0.148 | 3.709 | |