Back to Multiple platform build/check report for BioC 3.21:   simplified   long
ABCDEFGHIJKLMNOPQRS[T]UVWXYZ

This page was generated on 2025-02-04 11:40 -0500 (Tue, 04 Feb 2025).

HostnameOSArch (*)R versionInstalled pkgs
nebbiolo1Linux (Ubuntu 24.04.1 LTS)x86_64R Under development (unstable) (2025-01-20 r87609) -- "Unsuffered Consequences" 4716
palomino7Windows Server 2022 Datacenterx64R Under development (unstable) (2025-01-21 r87610 ucrt) -- "Unsuffered Consequences" 4478
lconwaymacOS 12.7.1 Montereyx86_64R Under development (unstable) (2025-01-22 r87618) -- "Unsuffered Consequences" 4489
kjohnson3macOS 13.7.1 Venturaarm64R Under development (unstable) (2025-01-20 r87609) -- "Unsuffered Consequences" 4442
Click on any hostname to see more info about the system (e.g. compilers)      (*) as reported by 'uname -p', except on Windows and Mac OS X

Package 2151/2295HostnameOS / ArchINSTALLBUILDCHECKBUILD BIN
tigre 1.61.0  (landing page)
Antti Honkela
Snapshot Date: 2025-02-03 13:40 -0500 (Mon, 03 Feb 2025)
git_url: https://git.bioconductor.org/packages/tigre
git_branch: devel
git_last_commit: 34c6d0d
git_last_commit_date: 2024-10-29 09:33:42 -0500 (Tue, 29 Oct 2024)
nebbiolo1Linux (Ubuntu 24.04.1 LTS) / x86_64  OK    OK    ERROR  
palomino7Windows Server 2022 Datacenter / x64  OK    TIMEOUT  skippedskipped
lconwaymacOS 12.7.1 Monterey / x86_64  OK    OK    ERROR    OK  
kjohnson3macOS 13.7.1 Ventura / arm64  OK    OK    ERROR    OK  


CHECK results for tigre on nebbiolo1

To the developers/maintainers of the tigre package:
- Allow up to 24 hours (and sometimes 48 hours) for your latest push to git@git.bioconductor.org:packages/tigre.git to reflect on this report. See Troubleshooting Build Report for more information.
- Use the following Renviron settings to reproduce errors and warnings.
- If 'R CMD check' started to fail recently on the Linux builder(s) over a missing dependency, add the missing dependency to 'Suggests:' in your DESCRIPTION file. See Renviron.bioc for more information.

raw results


Summary

Package: tigre
Version: 1.61.0
Command: /home/biocbuild/bbs-3.21-bioc/R/bin/R CMD check --install=check:tigre.install-out.txt --library=/home/biocbuild/bbs-3.21-bioc/R/site-library --timings tigre_1.61.0.tar.gz
StartedAt: 2025-02-04 03:28:23 -0500 (Tue, 04 Feb 2025)
EndedAt: 2025-02-04 03:28:28 -0500 (Tue, 04 Feb 2025)
EllapsedTime: 5.0 seconds
RetCode: 1
Status:   ERROR  
CheckDir: tigre.Rcheck
Warnings: NA

Command output

##############################################################################
##############################################################################
###
### Running command:
###
###   /home/biocbuild/bbs-3.21-bioc/R/bin/R CMD check --install=check:tigre.install-out.txt --library=/home/biocbuild/bbs-3.21-bioc/R/site-library --timings tigre_1.61.0.tar.gz
###
##############################################################################
##############################################################################


* using log directory ‘/home/biocbuild/bbs-3.21-bioc/meat/tigre.Rcheck’
* using R Under development (unstable) (2025-01-20 r87609)
* using platform: x86_64-pc-linux-gnu
* R was compiled by
    gcc (Ubuntu 13.3.0-6ubuntu2~24.04) 13.3.0
    GNU Fortran (Ubuntu 13.3.0-6ubuntu2~24.04) 13.3.0
* running under: Ubuntu 24.04.1 LTS
* using session charset: UTF-8
* checking for file ‘tigre/DESCRIPTION’ ... OK
* this is package ‘tigre’ version ‘1.61.0’
* checking package namespace information ... OK
* checking package dependencies ... ERROR
Package suggested but not available: ‘puma’

The suggested packages are required for a complete check.
Checking can be attempted without them by setting the environment
variable _R_CHECK_FORCE_SUGGESTS_ to a false value.

See section ‘The DESCRIPTION file’ in the ‘Writing R Extensions’
manual.
* DONE

Status: 1 ERROR
See
  ‘/home/biocbuild/bbs-3.21-bioc/meat/tigre.Rcheck/00check.log’
for details.


Installation output


Tests output


Example timings