Back to Multiple platform build/check report for BioC 3.21:   simplified   long
ABCDEFGHIJKLMNOPQRSTUVWXY[Z]

This page was generated on 2025-02-05 11:40 -0500 (Wed, 05 Feb 2025).

HostnameOSArch (*)R versionInstalled pkgs
nebbiolo1Linux (Ubuntu 24.04.1 LTS)x86_64R Under development (unstable) (2025-01-20 r87609) -- "Unsuffered Consequences" 4717
palomino7Windows Server 2022 Datacenterx64R Under development (unstable) (2025-01-21 r87610 ucrt) -- "Unsuffered Consequences" 4478
lconwaymacOS 12.7.1 Montereyx86_64R Under development (unstable) (2025-01-22 r87618) -- "Unsuffered Consequences" 4489
kjohnson3macOS 13.7.1 Venturaarm64R Under development (unstable) (2025-01-20 r87609) -- "Unsuffered Consequences" 4442
Click on any hostname to see more info about the system (e.g. compilers)      (*) as reported by 'uname -p', except on Windows and Mac OS X

Package 2293/2295HostnameOS / ArchINSTALLBUILDCHECKBUILD BIN
zitools 1.1.0  (landing page)
Carlotta Meyring
Snapshot Date: 2025-02-04 13:40 -0500 (Tue, 04 Feb 2025)
git_url: https://git.bioconductor.org/packages/zitools
git_branch: devel
git_last_commit: 9887f7d
git_last_commit_date: 2024-10-29 11:31:47 -0500 (Tue, 29 Oct 2024)
nebbiolo1Linux (Ubuntu 24.04.1 LTS) / x86_64  OK    OK    WARNINGS  UNNEEDED, same version is already published
palomino7Windows Server 2022 Datacenter / x64  OK    OK    WARNINGS    OK  NO, package depends on 'DESeq2' which is only available as a source package that needs compilation
lconwaymacOS 12.7.1 Monterey / x86_64  OK    OK    WARNINGS    OK  NO, package depends on 'DESeq2' which is only available as a source package that needs compilation
kjohnson3macOS 13.7.1 Ventura / arm64  OK    OK    WARNINGS    OK  NO, package depends on 'DESeq2' which is only available as a source package that needs compilation


CHECK results for zitools on nebbiolo1

To the developers/maintainers of the zitools package:
- Allow up to 24 hours (and sometimes 48 hours) for your latest push to git@git.bioconductor.org:packages/zitools.git to reflect on this report. See Troubleshooting Build Report for more information.
- Use the following Renviron settings to reproduce errors and warnings.
- If 'R CMD check' started to fail recently on the Linux builder(s) over a missing dependency, add the missing dependency to 'Suggests:' in your DESCRIPTION file. See Renviron.bioc for more information.

raw results


Summary

Package: zitools
Version: 1.1.0
Command: /home/biocbuild/bbs-3.21-bioc/R/bin/R CMD check --install=check:zitools.install-out.txt --library=/home/biocbuild/bbs-3.21-bioc/R/site-library --timings zitools_1.1.0.tar.gz
StartedAt: 2025-02-05 03:57:53 -0500 (Wed, 05 Feb 2025)
EndedAt: 2025-02-05 04:04:13 -0500 (Wed, 05 Feb 2025)
EllapsedTime: 380.8 seconds
RetCode: 0
Status:   WARNINGS  
CheckDir: zitools.Rcheck
Warnings: 1

Command output

##############################################################################
##############################################################################
###
### Running command:
###
###   /home/biocbuild/bbs-3.21-bioc/R/bin/R CMD check --install=check:zitools.install-out.txt --library=/home/biocbuild/bbs-3.21-bioc/R/site-library --timings zitools_1.1.0.tar.gz
###
##############################################################################
##############################################################################


* using log directory ‘/home/biocbuild/bbs-3.21-bioc/meat/zitools.Rcheck’
* using R Under development (unstable) (2025-01-20 r87609)
* using platform: x86_64-pc-linux-gnu
* R was compiled by
    gcc (Ubuntu 13.3.0-6ubuntu2~24.04) 13.3.0
    GNU Fortran (Ubuntu 13.3.0-6ubuntu2~24.04) 13.3.0
* running under: Ubuntu 24.04.1 LTS
* using session charset: UTF-8
* checking for file ‘zitools/DESCRIPTION’ ... OK
* this is package ‘zitools’ version ‘1.1.0’
* package encoding: UTF-8
* checking package namespace information ... OK
* checking package dependencies ... OK
* checking if this is a source package ... OK
* checking if there is a namespace ... OK
* checking for hidden files and directories ... OK
* checking for portable file names ... OK
* checking for sufficient/correct file permissions ... OK
* checking whether package ‘zitools’ can be installed ... OK
* checking installed package size ... OK
* checking package directory ... OK
* checking ‘build’ directory ... OK
* checking DESCRIPTION meta-information ... NOTE
License stub is invalid DCF.
* checking top-level files ... OK
* checking for left-over files ... OK
* checking index information ... OK
* checking package subdirectories ... OK
* checking code files for non-ASCII characters ... OK
* checking R files for syntax errors ... OK
* checking whether the package can be loaded ... OK
* checking whether the package can be loaded with stated dependencies ... OK
* checking whether the package can be unloaded cleanly ... OK
* checking whether the namespace can be loaded with stated dependencies ... OK
* checking whether the namespace can be unloaded cleanly ... OK
* checking loading without being on the library search path ... OK
* checking dependencies in R code ... OK
* checking S3 generic/method consistency ... OK
* checking replacement functions ... OK
* checking foreign function calls ... OK
* checking R code for possible problems ... NOTE
calcWeights: no visible global function definition for ‘predict’
omit_str_zero: no visible global function definition for ‘predict’
Undefined global functions or variables:
  predict
Consider adding
  importFrom("stats", "predict")
to your NAMESPACE file.
* checking Rd files ... OK
* checking Rd metadata ... OK
* checking Rd cross-references ... OK
* checking for missing documentation entries ... OK
* checking for code/documentation mismatches ... WARNING
Codoc mismatches from Rd file 'rowQuantiles.Rd':
\S4method{rowQuantiles}{Zi}
  Code: function(x, rows = NULL, cols = NULL, probs = seq(from = 0, to
                 = 1, by = 0.25), na.rm = FALSE, type = 7L, digits =
                 7L, ..., useNames = TRUE, drop = TRUE)
  Docs: function(x, rows = NULL, cols = NULL, probs = seq(from = 0, to
                 = 1, by = 0.25), na.rm = TRUE, type = 7L, ...,
                 useNames = TRUE, drop = TRUE)
  Argument names in code not in docs:
    digits
  Mismatches in argument names:
    Position: 7 Code: digits Docs: ...
    Position: 8 Code: ... Docs: useNames
    Position: 9 Code: useNames Docs: drop
  Mismatches in argument default values:
    Name: 'na.rm' Code: FALSE Docs: TRUE
\S4method{colQuantiles}{Zi}
  Code: function(x, rows = NULL, cols = NULL, probs = seq(from = 0, to
                 = 1, by = 0.25), na.rm = FALSE, type = 7L, digits =
                 7L, ..., useNames = TRUE, drop = TRUE)
  Docs: function(x, rows = NULL, cols = NULL, probs = seq(from = 0, to
                 = 1, by = 0.25), na.rm = TRUE, type = 7L, ...,
                 useNames = TRUE, drop = TRUE)
  Argument names in code not in docs:
    digits
  Mismatches in argument names:
    Position: 7 Code: digits Docs: ...
    Position: 8 Code: ... Docs: useNames
    Position: 9 Code: useNames Docs: drop
  Mismatches in argument default values:
    Name: 'na.rm' Code: FALSE Docs: TRUE

* checking Rd \usage sections ... OK
* checking Rd contents ... OK
* checking for unstated dependencies in examples ... OK
* checking contents of ‘data’ directory ... OK
* checking data for non-ASCII characters ... OK
* checking data for ASCII and uncompressed saves ... OK
* checking files in ‘vignettes’ ... OK
* checking examples ... OK
* checking for unstated dependencies in ‘tests’ ... OK
* checking tests ...
  Running ‘testthat.R’
 OK
* checking for unstated dependencies in vignettes ... OK
* checking package vignettes ... OK
* checking re-building of vignette outputs ... OK
* checking PDF version of manual ... OK
* DONE

Status: 1 WARNING, 2 NOTEs
See
  ‘/home/biocbuild/bbs-3.21-bioc/meat/zitools.Rcheck/00check.log’
for details.


Installation output

zitools.Rcheck/00install.out

##############################################################################
##############################################################################
###
### Running command:
###
###   /home/biocbuild/bbs-3.21-bioc/R/bin/R CMD INSTALL zitools
###
##############################################################################
##############################################################################


* installing to library ‘/home/biocbuild/bbs-3.21-bioc/R/site-library’
* installing *source* package ‘zitools’ ...
** this is package ‘zitools’ version ‘1.1.0’
** using staged installation
** R
** data
** byte-compile and prepare package for lazy loading
Creating a new generic function for ‘weights’ in package ‘zitools’
Creating a new generic function for ‘weightedSd’ in package ‘zitools’
Creating a generic function for ‘cov’ from package ‘stats’ in package ‘zitools’
** help
*** installing help indices
** building package indices
** installing vignettes
** testing if installed package can be loaded from temporary location
** testing if installed package can be loaded from final location
** testing if installed package keeps a record of temporary installation path
* DONE (zitools)

Tests output

zitools.Rcheck/tests/testthat.Rout


R Under development (unstable) (2025-01-20 r87609) -- "Unsuffered Consequences"
Copyright (C) 2025 The R Foundation for Statistical Computing
Platform: x86_64-pc-linux-gnu

R is free software and comes with ABSOLUTELY NO WARRANTY.
You are welcome to redistribute it under certain conditions.
Type 'license()' or 'licence()' for distribution details.

R is a collaborative project with many contributors.
Type 'contributors()' for more information and
'citation()' on how to cite R or R packages in publications.

Type 'demo()' for some demos, 'help()' for on-line help, or
'help.start()' for an HTML browser interface to help.
Type 'q()' to quit R.

> library(testthat)
> library(zitools)

Attaching package: 'zitools'

The following objects are masked from 'package:stats':

    heatmap, weights

> 
> test_check("zitools")
[ FAIL 0 | WARN 0 | SKIP 0 | PASS 9 ]
> 
> 
> proc.time()
   user  system elapsed 
 25.531   1.756  27.285 

Example timings

zitools.Rcheck/zitools-Ex.timings

nameusersystemelapsed
MissingValueHeatmap0.0020.0000.002
assays3.1310.1173.248
boxplot2.5260.0302.555
colData1.8130.0271.839
colMeans21.7080.0071.716
colMedians1.7290.0121.742
cor2.3420.0092.351
cov1.7380.0121.751
deinflatedcounts1.7830.0131.796
heatmap1.8280.0121.840
inputcounts2.3700.0032.373
inputdata1.7380.0101.747
log1p1.8120.0071.819
log2p1.7840.0081.791
mean2.3510.0042.355
median1.8510.0101.861
model1.8150.0171.832
otu_table1.8290.0181.849
plot2.3460.0112.357
plus3.5440.0063.549
quantile1.7730.0011.773
resample_deinflatedcounts2.3620.0012.363
rowData1.7150.0201.735
rowQuantiles1.8220.0041.827
rowSds1.7820.0031.786
rowVars2.4030.0642.483
rowWeightedMeans1.7270.0041.731
rowWeightedSds1.7490.0081.757
sample_data1.7350.0011.737
sd2.2990.0482.347
show1.7430.0001.743
slash1.7400.0031.743
subset_feature1.8600.0261.926
subset_sample2.4020.0352.439
t1.7480.0041.752
tax_table1.7960.0081.804
times1.8340.0071.841
var2.2910.0052.296
weighted.mean1.7530.0011.754
weightedVar1.7380.0061.744
weights1.7740.0061.780
zi2deseq22.6970.0062.703
zi2phyloseq1.8220.0161.841
ziMain1.7370.0041.742