Back to the "Multiple platform build/check report" A  B  C  D  E  F  G  H  I  J  K  L  M  N  O  P  Q [R] S  T  U  V  W  X  Y  Z 

BioC 3.3: BUILD report for Rsubread on linux2.bioconductor.org

This page was generated on 2015-10-27 12:11:56 -0400 (Tue, 27 Oct 2015).

Package 919/1104HostnameOS / ArchINSTALLBUILDCHECKBUILD BIN
Rsubread 1.21.0
Wei Shi
Snapshot Date: 2015-10-26 20:20:04 -0400 (Mon, 26 Oct 2015)
URL: https://hedgehog.fhcrc.org/bioconductor/trunk/madman/Rpacks/Rsubread
Last Changed Rev: 109777 / Revision: 109948
Last Changed Date: 2015-10-19 23:43:43 -0400 (Mon, 19 Oct 2015)
linux2.bioconductor.org Linux (Ubuntu 14.04.2 LTS) / x86_64  OK [ ERROR ] skipped 
windows2.bioconductor.org Windows Server 2012 R2 Enterprise SP1 (64-bit) / x64 ...NOT SUPPORTED...NOT SUPPORTED...NOT SUPPORTED...

Summary

Package: Rsubread
Version: 1.21.0
Command: /home/biocbuild/bbs-3.3-bioc/R/bin/R CMD build --keep-empty-dirs --no-resave-data Rsubread
StartedAt: 2015-10-26 22:36:19 -0400 (Mon, 26 Oct 2015)
EndedAt: 2015-10-26 22:36:45 -0400 (Mon, 26 Oct 2015)
EllapsedTime: 25.7 seconds
RetCode: 1
Status:  ERROR 
PackageFile: None
PackageFileSize: NA

Command output

##############################################################################
##############################################################################
###
### Running command:
###
###   /home/biocbuild/bbs-3.3-bioc/R/bin/R CMD build --keep-empty-dirs --no-resave-data Rsubread
###
##############################################################################
##############################################################################


* checking for file ‘Rsubread/DESCRIPTION’ ... OK
* preparing ‘Rsubread’:
* checking DESCRIPTION meta-information ... OK
* cleaning src
* installing the package to build vignettes
* creating vignettes ... ERROR
subread-align: unrecognized option '--BAMoutput'
subread-align: unrecognized option '--BAMoutput'

Error: processing vignette 'Rsubread.Rnw' failed with diagnostics:
 chunk 4 
Error in featureCounts("alignResults.BAM", annot.ext = ann) : 
  No count data were generated.
Execution halted