piano 1.11.0 Leif Varemo
Snapshot Date: 2015-10-26 20:20:04 -0400 (Mon, 26 Oct 2015) | URL: https://hedgehog.fhcrc.org/bioconductor/trunk/madman/Rpacks/piano | Last Changed Rev: 109592 / Revision: 109948 | Last Changed Date: 2015-10-13 15:59:53 -0400 (Tue, 13 Oct 2015) |
| linux2.bioconductor.org | Linux (Ubuntu 14.04.2 LTS) / x86_64 | OK | OK | WARNINGS | | ![UNNEEDED, same version exists in internal repository UNNEEDED, same version exists in internal repository](../120px-Blue_Light_Icon.svg.png) |
windows2.bioconductor.org | Windows Server 2012 R2 Enterprise SP1 (64-bit) / x64 | OK | OK | [ WARNINGS ] | OK | ![UNNEEDED, same version exists in internal repository UNNEEDED, same version exists in internal repository](../120px-Blue_Light_Icon.svg.png) |
##############################################################################
##############################################################################
###
### Running command:
###
### rm -rf piano.buildbin-libdir piano.Rcheck && mkdir piano.buildbin-libdir piano.Rcheck && c:\biocbld\bbs-3.3-bioc\R\bin\R.exe CMD INSTALL --build --merge-multiarch --library=piano.buildbin-libdir piano_1.11.0.tar.gz >piano.Rcheck\00install.out 2>&1 && cp piano.Rcheck\00install.out piano-install.out && c:\biocbld\bbs-3.3-bioc\R\bin\R.exe CMD check --library=piano.buildbin-libdir --install="check:piano-install.out" --force-multiarch --no-vignettes --timings piano_1.11.0.tar.gz
###
##############################################################################
##############################################################################
* using log directory 'c:/biocbld/bbs-3.3-bioc/meat/piano.Rcheck'
* using R Under development (unstable) (2015-09-22 r69418)
* using platform: x86_64-w64-mingw32 (64-bit)
* using session charset: ISO8859-1
* using option '--no-vignettes'
* checking for file 'piano/DESCRIPTION' ... OK
* checking extension type ... Package
* this is package 'piano' version '1.11.0'
* checking package namespace information ... OK
* checking package dependencies ... OK
* checking if this is a source package ... OK
* checking if there is a namespace ... OK
* checking for hidden files and directories ... OK
* checking for portable file names ... OK
* checking whether package 'piano' can be installed ... WARNING
Found the following significant warnings:
Warning: replacing previous import by 'igraph::union' when loading 'piano'
Warning: replacing previous import by 'igraph::normalize' when loading 'piano'
See 'c:/biocbld/bbs-3.3-bioc/meat/piano.Rcheck/00install.out' for details.
* checking installed package size ... OK
* checking package directory ... OK
* checking 'build' directory ... OK
* checking DESCRIPTION meta-information ... OK
* checking top-level files ... OK
* checking for left-over files ... OK
* checking index information ... OK
* checking package subdirectories ... OK
* checking R files for non-ASCII characters ... OK
* checking R files for syntax errors ... OK
* loading checks for arch 'i386'
** checking whether the package can be loaded ... OK
** checking whether the package can be loaded with stated dependencies ... OK
** checking whether the package can be unloaded cleanly ... OK
** checking whether the namespace can be loaded with stated dependencies ... OK
** checking whether the namespace can be unloaded cleanly ... OK
* loading checks for arch 'x64'
** checking whether the package can be loaded ... OK
** checking whether the package can be loaded with stated dependencies ... OK
** checking whether the package can be unloaded cleanly ... OK
** checking whether the namespace can be loaded with stated dependencies ... OK
** checking whether the namespace can be unloaded cleanly ... OK
* checking dependencies in R code ... OK
* checking S3 generic/method consistency ... OK
* checking replacement functions ... OK
* checking foreign function calls ... OK
* checking R code for possible problems ... OK
* checking Rd files ... OK
* checking Rd metadata ... OK
* checking Rd cross-references ... OK
* checking for missing documentation entries ... OK
* checking for code/documentation mismatches ... OK
* checking Rd \usage sections ... OK
* checking Rd contents ... OK
* checking for unstated dependencies in examples ... OK
* checking contents of 'data' directory ... OK
* checking data for non-ASCII characters ... OK
* checking data for ASCII and uncompressed saves ... OK
* checking installed files from 'inst/doc' ... OK
* checking files in 'vignettes' ... OK
* checking examples ...
** running examples for arch 'i386' ... [23s] OK
** running examples for arch 'x64' ... [26s] OK
* checking for unstated dependencies in vignettes ... OK
* checking package vignettes in 'inst/doc' ... OK
* checking running R code from vignettes ... SKIPPED
* checking re-building of vignette outputs ... SKIPPED
* checking PDF version of manual ... OK
* DONE
Status: 1 WARNING
See
'c:/biocbld/bbs-3.3-bioc/meat/piano.Rcheck/00check.log'
for details.
install for i386
* installing *source* package 'piano' ...
** R
** data
** inst
** preparing package for lazy loading
Warning: replacing previous import by 'igraph::union' when loading 'piano'
Warning: replacing previous import by 'igraph::normalize' when loading 'piano'
** help
*** installing help indices
** building package indices
** installing vignettes
** testing if installed package can be loaded
Warning: replacing previous import by 'igraph::union' when loading 'piano'
Warning: replacing previous import by 'igraph::normalize' when loading 'piano'
install for x64
* installing *source* package 'piano' ...
** testing if installed package can be loaded
Warning: replacing previous import by 'igraph::union' when loading 'piano'
Warning: replacing previous import by 'igraph::normalize' when loading 'piano'
* MD5 sums
packaged installation of 'piano' as piano_1.11.0.zip
* DONE (piano)