Back to Multiple platform build/check report for BioC 3.7 experimental data |
This page was generated on 2018-10-16 14:19:33 -0400 (Tue, 16 Oct 2018).
Package 163/342 | Hostname | OS / Arch | INSTALL | BUILD | CHECK | BUILD BIN | ||||||
IHWpaper 1.8.0 Nikos Ignatiadis
| malbec2 | Linux (Ubuntu 16.04.1 LTS) / x86_64 | OK | [ ERROR ] | skipped |
Package: IHWpaper |
Version: 1.8.0 |
Command: /home/biocbuild/bbs-3.7-bioc/R/bin/R CMD build --keep-empty-dirs --no-resave-data IHWpaper |
StartedAt: 2018-10-16 09:59:53 -0400 (Tue, 16 Oct 2018) |
EndedAt: 2018-10-16 10:00:45 -0400 (Tue, 16 Oct 2018) |
EllapsedTime: 51.5 seconds |
RetCode: 1 |
Status: ERROR |
PackageFile: None |
PackageFileSize: NA |
############################################################################## ############################################################################## ### ### Running command: ### ### /home/biocbuild/bbs-3.7-bioc/R/bin/R CMD build --keep-empty-dirs --no-resave-data IHWpaper ### ############################################################################## ############################################################################## * checking for file ‘IHWpaper/DESCRIPTION’ ... OK * preparing ‘IHWpaper’: * checking DESCRIPTION meta-information ... OK * cleaning src * installing the package to build vignettes * creating vignettes ... ERROR Quitting from lines 29-65 (BH-explanation.Rmd) Error: processing vignette 'BH-explanation.Rmd' failed with diagnostics: Palette not found. Execution halted