Back to Multiple platform build/check report for BioC 3.8 |
|
This page was generated on 2019-04-16 11:59:00 -0400 (Tue, 16 Apr 2019).
Package 831/1649 | Hostname | OS / Arch | INSTALL | BUILD | CHECK | BUILD BIN | ||||||
lfa 1.12.0 Wei Hao
| malbec1 | Linux (Ubuntu 16.04.6 LTS) / x86_64 | OK | OK | WARNINGS | ![]() | ||||||
merida1 | OS X 10.11.6 El Capitan / x86_64 | OK | OK | [ WARNINGS ] | OK | ![]() |
Package: lfa |
Version: 1.12.0 |
Command: /Library/Frameworks/R.framework/Versions/Current/Resources/bin/R CMD check --install=check:lfa.install-out.txt --library=/Library/Frameworks/R.framework/Versions/Current/Resources/library --no-vignettes --timings lfa_1.12.0.tar.gz |
StartedAt: 2019-04-16 00:53:05 -0400 (Tue, 16 Apr 2019) |
EndedAt: 2019-04-16 00:54:24 -0400 (Tue, 16 Apr 2019) |
EllapsedTime: 78.5 seconds |
RetCode: 0 |
Status: WARNINGS |
CheckDir: lfa.Rcheck |
Warnings: 1 |
############################################################################## ############################################################################## ### ### Running command: ### ### /Library/Frameworks/R.framework/Versions/Current/Resources/bin/R CMD check --install=check:lfa.install-out.txt --library=/Library/Frameworks/R.framework/Versions/Current/Resources/library --no-vignettes --timings lfa_1.12.0.tar.gz ### ############################################################################## ############################################################################## * using log directory ‘/Users/biocbuild/bbs-3.8-bioc/meat/lfa.Rcheck’ * using R version 3.5.3 (2019-03-11) * using platform: x86_64-apple-darwin15.6.0 (64-bit) * using session charset: UTF-8 * using option ‘--no-vignettes’ * checking for file ‘lfa/DESCRIPTION’ ... OK * this is package ‘lfa’ version ‘1.12.0’ * checking package namespace information ... OK * checking package dependencies ... OK * checking if this is a source package ... OK * checking if there is a namespace ... OK * checking for hidden files and directories ... OK * checking for portable file names ... OK * checking for sufficient/correct file permissions ... OK * checking whether package ‘lfa’ can be installed ... OK * checking installed package size ... OK * checking package directory ... OK * checking ‘build’ directory ... OK * checking DESCRIPTION meta-information ... OK * checking top-level files ... OK * checking for left-over files ... OK * checking index information ... OK * checking package subdirectories ... OK * checking R files for non-ASCII characters ... OK * checking R files for syntax errors ... OK * checking whether the package can be loaded ... OK * checking whether the package can be loaded with stated dependencies ... OK * checking whether the package can be unloaded cleanly ... OK * checking whether the namespace can be loaded with stated dependencies ... OK * checking whether the namespace can be unloaded cleanly ... OK * checking dependencies in R code ... OK * checking S3 generic/method consistency ... OK * checking replacement functions ... OK * checking foreign function calls ... OK * checking R code for possible problems ... NOTE compute.nulls: no visible global function definition for ‘rbinom’ lfa: no visible global function definition for ‘complete.cases’ lfa: no visible global function definition for ‘residuals’ lfa: no visible global function definition for ‘lm’ lreg: no visible global function definition for ‘glm’ read.bed: no visible global function definition for ‘read.table’ trunc.svd: no visible global function definition for ‘rnorm’ Undefined global functions or variables: complete.cases glm lm rbinom read.table residuals rnorm Consider adding importFrom("stats", "complete.cases", "glm", "lm", "rbinom", "residuals", "rnorm") importFrom("utils", "read.table") to your NAMESPACE file. * checking Rd files ... OK * checking Rd metadata ... OK * checking Rd cross-references ... OK * checking for missing documentation entries ... OK * checking for code/documentation mismatches ... WARNING Codoc mismatches from documentation object 'lfa': lfa Code: function(X, d, adjustments = NULL, override = FALSE, safety = FALSE, ploidy = 2) Docs: function(X, d, adjustments = NULL, override = FALSE, safety = FALSE) Argument names in code not in docs: ploidy * checking Rd \usage sections ... OK * checking Rd contents ... OK * checking for unstated dependencies in examples ... OK * checking contents of ‘data’ directory ... OK * checking data for non-ASCII characters ... OK * checking data for ASCII and uncompressed saves ... OK * checking line endings in C/C++/Fortran sources/headers ... OK * checking line endings in Makefiles ... OK * checking compilation flags in Makevars ... OK * checking for GNU extensions in Makefiles ... OK * checking for portable use of $(BLAS_LIBS) and $(LAPACK_LIBS) ... OK * checking compiled code ... NOTE Note: information on .o files is not available * checking sizes of PDF files under ‘inst/doc’ ... OK * checking files in ‘vignettes’ ... OK * checking examples ... OK Examples with CPU or elapsed time > 5s user system elapsed sHWE 25.913 0.676 26.700 model.gof 23.436 0.674 24.218 * checking for unstated dependencies in vignettes ... OK * checking package vignettes in ‘inst/doc’ ... OK * checking running R code from vignettes ... SKIPPED * checking re-building of vignette outputs ... SKIPPED * checking PDF version of manual ... OK * DONE Status: 1 WARNING, 2 NOTEs See ‘/Users/biocbuild/bbs-3.8-bioc/meat/lfa.Rcheck/00check.log’ for details.
lfa.Rcheck/00install.out
############################################################################## ############################################################################## ### ### Running command: ### ### /Library/Frameworks/R.framework/Versions/Current/Resources/bin/R CMD INSTALL lfa ### ############################################################################## ############################################################################## * installing to library ‘/Library/Frameworks/R.framework/Versions/3.5/Resources/library’ * installing *source* package ‘lfa’ ... ** libs clang -I"/Library/Frameworks/R.framework/Resources/include" -DNDEBUG -I/usr/local/include -fPIC -Wall -g -O2 -c fastmat.c -o fastmat.o clang -I"/Library/Frameworks/R.framework/Resources/include" -DNDEBUG -I/usr/local/include -fPIC -Wall -g -O2 -c lfa-init.c -o lfa-init.o clang -I"/Library/Frameworks/R.framework/Resources/include" -DNDEBUG -I/usr/local/include -fPIC -Wall -g -O2 -c lfa.c -o lfa.o clang -I"/Library/Frameworks/R.framework/Resources/include" -DNDEBUG -I/usr/local/include -fPIC -Wall -g -O2 -c lreg.c -o lreg.o clang -dynamiclib -Wl,-headerpad_max_install_names -undefined dynamic_lookup -single_module -multiply_defined suppress -L/Library/Frameworks/R.framework/Resources/lib -L/usr/local/lib -o lfa.so fastmat.o lfa-init.o lfa.o lreg.o -L/Library/Frameworks/R.framework/Resources/lib -lRlapack -L/Library/Frameworks/R.framework/Resources/lib -lRblas -L/usr/local/gfortran/lib/gcc/x86_64-apple-darwin15/6.1.0 -L/usr/local/gfortran/lib -lgfortran -lquadmath -lm -F/Library/Frameworks/R.framework/.. -framework R -Wl,-framework -Wl,CoreFoundation installing to /Library/Frameworks/R.framework/Versions/3.5/Resources/library/lfa/libs ** R ** data *** moving datasets to lazyload DB ** byte-compile and prepare package for lazy loading ** help *** installing help indices ** building package indices ** installing vignettes ** testing if installed package can be loaded * DONE (lfa)
lfa.Rcheck/lfa-Ex.timings
name | user | system | elapsed | |
af | 1.682 | 0.117 | 1.867 | |
center | 0.596 | 0.387 | 0.986 | |
centerscale | 0.600 | 0.364 | 0.969 | |
lfa | 0.531 | 0.003 | 0.536 | |
model.gof | 23.436 | 0.674 | 24.218 | |
pca_af | 2.162 | 0.065 | 2.233 | |
read.bed | 0 | 0 | 0 | |
read.tped.recode | 0 | 0 | 0 | |
sHWE | 25.913 | 0.676 | 26.700 | |