Back to Multiple platform build/check report for BioC 3.21: simplified long |
|
This page was generated on 2025-02-04 11:41 -0500 (Tue, 04 Feb 2025).
Hostname | OS | Arch (*) | R version | Installed pkgs |
---|---|---|---|---|
nebbiolo1 | Linux (Ubuntu 24.04.1 LTS) | x86_64 | R Under development (unstable) (2025-01-20 r87609) -- "Unsuffered Consequences" | 4716 |
palomino7 | Windows Server 2022 Datacenter | x64 | R Under development (unstable) (2025-01-21 r87610 ucrt) -- "Unsuffered Consequences" | 4478 |
lconway | macOS 12.7.1 Monterey | x86_64 | R Under development (unstable) (2025-01-22 r87618) -- "Unsuffered Consequences" | 4489 |
kjohnson3 | macOS 13.7.1 Ventura | arm64 | R Under development (unstable) (2025-01-20 r87609) -- "Unsuffered Consequences" | 4442 |
Click on any hostname to see more info about the system (e.g. compilers) (*) as reported by 'uname -p', except on Windows and Mac OS X |
Package 458/2295 | Hostname | OS / Arch | INSTALL | BUILD | CHECK | BUILD BIN | ||||||||
CRISPRseek 1.47.1 (landing page) Lihua Julie Zhu
| nebbiolo1 | Linux (Ubuntu 24.04.1 LTS) / x86_64 | OK | ERROR | skipped | |||||||||
palomino7 | Windows Server 2022 Datacenter / x64 | OK | ERROR | skipped | skipped | |||||||||
lconway | macOS 12.7.1 Monterey / x86_64 | OK | OK | ERROR | OK | |||||||||
kjohnson3 | macOS 13.7.1 Ventura / arm64 | OK | OK | ERROR | OK | |||||||||
To the developers/maintainers of the CRISPRseek package: - Allow up to 24 hours (and sometimes 48 hours) for your latest push to git@git.bioconductor.org:packages/CRISPRseek.git to reflect on this report. See Troubleshooting Build Report for more information. - Use the following Renviron settings to reproduce errors and warnings. - If 'R CMD check' started to fail recently on the Linux builder(s) over a missing dependency, add the missing dependency to 'Suggests:' in your DESCRIPTION file. See Renviron.bioc for more information. |
Package: CRISPRseek |
Version: 1.47.1 |
Command: chmod a+r CRISPRseek -R && E:\biocbuild\bbs-3.21-bioc\R\bin\R.exe CMD build --keep-empty-dirs --no-resave-data CRISPRseek |
StartedAt: 2025-02-03 18:18:35 -0500 (Mon, 03 Feb 2025) |
EndedAt: 2025-02-03 18:21:38 -0500 (Mon, 03 Feb 2025) |
EllapsedTime: 183.6 seconds |
RetCode: 1 |
Status: ERROR |
PackageFile: None |
PackageFileSize: NA |
############################################################################## ############################################################################## ### ### Running command: ### ### chmod a+r CRISPRseek -R && E:\biocbuild\bbs-3.21-bioc\R\bin\R.exe CMD build --keep-empty-dirs --no-resave-data CRISPRseek ### ############################################################################## ############################################################################## * checking for file 'CRISPRseek/DESCRIPTION' ... OK * preparing 'CRISPRseek': * checking DESCRIPTION meta-information ... OK * installing the package to build vignettes * creating vignettes ... ERROR --- re-building 'CRISPRseek.Rmd' using rmarkdown trying URL 'https://github.com/snugel/cas-offinder/releases/download/3.0.0b3/cas-offinder_windows_x86_64.zip' Content type 'application/octet-stream' length 49367 bytes (48 KB) ================================================== downloaded 48 KB clGetPlatformIDs Failed: -1001 Quitting from lines 249-257 [unnamed-chunk-10] (CRISPRseek.Rmd) Error: processing vignette 'CRISPRseek.Rmd' failed with diagnostics: cannot open the connection --- failed re-building 'CRISPRseek.Rmd' SUMMARY: processing the following file failed: 'CRISPRseek.Rmd' Error: Vignette re-building failed. Execution halted