Back to Multiple platform build/check report for BioC 3.21:   simplified   long
ABC[D]EFGHIJKLMNOPQRSTUVWXYZ

This page was generated on 2025-02-06 11:40 -0500 (Thu, 06 Feb 2025).

HostnameOSArch (*)R versionInstalled pkgs
nebbiolo1Linux (Ubuntu 24.04.1 LTS)x86_64R Under development (unstable) (2025-01-20 r87609) -- "Unsuffered Consequences" 4719
palomino7Windows Server 2022 Datacenterx64R Under development (unstable) (2025-01-21 r87610 ucrt) -- "Unsuffered Consequences" 4480
lconwaymacOS 12.7.1 Montereyx86_64R Under development (unstable) (2025-01-22 r87618) -- "Unsuffered Consequences" 4491
kjohnson3macOS 13.7.1 Venturaarm64R Under development (unstable) (2025-01-20 r87609) -- "Unsuffered Consequences" 4444
Click on any hostname to see more info about the system (e.g. compilers)      (*) as reported by 'uname -p', except on Windows and Mac OS X

Package 553/2295HostnameOS / ArchINSTALLBUILDCHECKBUILD BIN
DESeq2 1.47.3  (landing page)
Michael Love
Snapshot Date: 2025-02-05 13:48 -0500 (Wed, 05 Feb 2025)
git_url: https://git.bioconductor.org/packages/DESeq2
git_branch: devel
git_last_commit: 2b499ea
git_last_commit_date: 2025-02-04 07:56:33 -0500 (Tue, 04 Feb 2025)
nebbiolo1Linux (Ubuntu 24.04.1 LTS) / x86_64  OK    OK    OK  UNNEEDED, same version is already published
palomino7Windows Server 2022 Datacenter / x64  OK    ERROR  skippedskipped
lconwaymacOS 12.7.1 Monterey / x86_64  OK    ERROR  skippedskipped
kjohnson3macOS 13.7.1 Ventura / arm64  OK    ERROR  skippedskipped


BUILD results for DESeq2 on palomino7

To the developers/maintainers of the DESeq2 package:
- Allow up to 24 hours (and sometimes 48 hours) for your latest push to git@git.bioconductor.org:packages/DESeq2.git to reflect on this report. See Troubleshooting Build Report for more information.
- Use the following Renviron settings to reproduce errors and warnings.
- If 'R CMD check' started to fail recently on the Linux builder(s) over a missing dependency, add the missing dependency to 'Suggests:' in your DESCRIPTION file. See Renviron.bioc for more information.

raw results


Summary

Package: DESeq2
Version: 1.47.3
Command: chmod a+r DESeq2 -R && E:\biocbuild\bbs-3.21-bioc\R\bin\R.exe CMD build --keep-empty-dirs --no-resave-data DESeq2
StartedAt: 2025-02-05 18:24:27 -0500 (Wed, 05 Feb 2025)
EndedAt: 2025-02-05 18:26:19 -0500 (Wed, 05 Feb 2025)
EllapsedTime: 111.7 seconds
RetCode: 1
Status:   ERROR  
PackageFile: None
PackageFileSize: NA

Command output

##############################################################################
##############################################################################
###
### Running command:
###
###   chmod a+r DESeq2 -R && E:\biocbuild\bbs-3.21-bioc\R\bin\R.exe CMD build --keep-empty-dirs --no-resave-data DESeq2
###
##############################################################################
##############################################################################


* checking for file 'DESeq2/DESCRIPTION' ... OK
* preparing 'DESeq2':
* checking DESCRIPTION meta-information ... OK
* cleaning src
* installing the package to build vignettes
* creating vignettes ... ERROR
--- re-building 'DESeq2.Rmd' using rmarkdown

Quitting from lines 420-432 [loadPasilla] (DESeq2.Rmd)
Error: processing vignette 'DESeq2.Rmd' failed with diagnostics:
there is no package called 'pasilla'
--- failed re-building 'DESeq2.Rmd'

SUMMARY: processing the following file failed:
  'DESeq2.Rmd'

Error: Vignette re-building failed.
Execution halted