Back to Multiple platform build/check report for BioC 3.21:   simplified   long
ABCDEFGHIJKL[M]NOPQRSTUVWXYZ

This page was generated on 2025-02-06 11:43 -0500 (Thu, 06 Feb 2025).

HostnameOSArch (*)R versionInstalled pkgs
nebbiolo1Linux (Ubuntu 24.04.1 LTS)x86_64R Under development (unstable) (2025-01-20 r87609) -- "Unsuffered Consequences" 4719
palomino7Windows Server 2022 Datacenterx64R Under development (unstable) (2025-01-21 r87610 ucrt) -- "Unsuffered Consequences" 4480
lconwaymacOS 12.7.1 Montereyx86_64R Under development (unstable) (2025-01-22 r87618) -- "Unsuffered Consequences" 4491
kjohnson3macOS 13.7.1 Venturaarm64R Under development (unstable) (2025-01-20 r87609) -- "Unsuffered Consequences" 4444
Click on any hostname to see more info about the system (e.g. compilers)      (*) as reported by 'uname -p', except on Windows and Mac OS X

Package 1198/2295HostnameOS / ArchINSTALLBUILDCHECKBUILD BIN
MesKit 1.17.0  (landing page)
Mengni Liu
Snapshot Date: 2025-02-05 13:48 -0500 (Wed, 05 Feb 2025)
git_url: https://git.bioconductor.org/packages/MesKit
git_branch: devel
git_last_commit: 471c27c
git_last_commit_date: 2024-10-29 10:48:53 -0500 (Tue, 29 Oct 2024)
nebbiolo1Linux (Ubuntu 24.04.1 LTS) / x86_64  OK    OK    WARNINGS  UNNEEDED, same version is already published
palomino7Windows Server 2022 Datacenter / x64  OK    OK    WARNINGS    OK  UNNEEDED, same version is already published
lconwaymacOS 12.7.1 Monterey / x86_64  OK    OK    WARNINGS    OK  UNNEEDED, same version is already published
kjohnson3macOS 13.7.1 Ventura / arm64  OK    OK    WARNINGS    OK  UNNEEDED, same version is already published


CHECK results for MesKit on kjohnson3

To the developers/maintainers of the MesKit package:
- Allow up to 24 hours (and sometimes 48 hours) for your latest push to git@git.bioconductor.org:packages/MesKit.git to reflect on this report. See Troubleshooting Build Report for more information.
- Use the following Renviron settings to reproduce errors and warnings.
- If 'R CMD check' started to fail recently on the Linux builder(s) over a missing dependency, add the missing dependency to 'Suggests:' in your DESCRIPTION file. See Renviron.bioc for more information.

raw results


Summary

Package: MesKit
Version: 1.17.0
Command: /Library/Frameworks/R.framework/Resources/bin/R CMD check --install=check:MesKit.install-out.txt --library=/Library/Frameworks/R.framework/Resources/library --no-vignettes --timings MesKit_1.17.0.tar.gz
StartedAt: 2025-02-05 20:05:21 -0500 (Wed, 05 Feb 2025)
EndedAt: 2025-02-05 20:08:15 -0500 (Wed, 05 Feb 2025)
EllapsedTime: 174.1 seconds
RetCode: 0
Status:   WARNINGS  
CheckDir: MesKit.Rcheck
Warnings: 1

Command output

##############################################################################
##############################################################################
###
### Running command:
###
###   /Library/Frameworks/R.framework/Resources/bin/R CMD check --install=check:MesKit.install-out.txt --library=/Library/Frameworks/R.framework/Resources/library --no-vignettes --timings MesKit_1.17.0.tar.gz
###
##############################################################################
##############################################################################


* using log directory ‘/Users/biocbuild/bbs-3.21-bioc/meat/MesKit.Rcheck’
* using R Under development (unstable) (2025-01-20 r87609)
* using platform: aarch64-apple-darwin20
* R was compiled by
    Apple clang version 14.0.0 (clang-1400.0.29.202)
    GNU Fortran (GCC) 14.2.0
* running under: macOS Ventura 13.7.1
* using session charset: UTF-8
* using option ‘--no-vignettes’
* checking for file ‘MesKit/DESCRIPTION’ ... OK
* checking extension type ... Package
* this is package ‘MesKit’ version ‘1.17.0’
* package encoding: UTF-8
* checking package namespace information ... OK
* checking package dependencies ... OK
* checking if this is a source package ... OK
* checking if there is a namespace ... OK
* checking for hidden files and directories ... OK
* checking for portable file names ... OK
* checking for sufficient/correct file permissions ... OK
* checking whether package ‘MesKit’ can be installed ... WARNING
Found the following significant warnings:
  Warning: replacing previous import ‘ape::degree’ by ‘circlize::degree’ when loading ‘MesKit’
  Warning: replacing previous import ‘ape::where’ by ‘dplyr::where’ when loading ‘MesKit’
See ‘/Users/biocbuild/bbs-3.21-bioc/meat/MesKit.Rcheck/00install.out’ for details.
* checking installed package size ... INFO
  installed size is  5.9Mb
  sub-directories of 1Mb or more:
    extdata   4.9Mb
* checking package directory ... OK
* checking ‘build’ directory ... OK
* checking DESCRIPTION meta-information ... OK
* checking top-level files ... NOTE
File
  LICENSE
is not mentioned in the DESCRIPTION file.
* checking for left-over files ... OK
* checking index information ... OK
* checking package subdirectories ... OK
* checking code files for non-ASCII characters ... OK
* checking R files for syntax errors ... OK
* checking whether the package can be loaded ... OK
* checking whether the package can be loaded with stated dependencies ... OK
* checking whether the package can be unloaded cleanly ... OK
* checking whether the namespace can be loaded with stated dependencies ... OK
* checking whether the namespace can be unloaded cleanly ... OK
* checking dependencies in R code ... OK
* checking S3 generic/method consistency ... OK
* checking replacement functions ... OK
* checking foreign function calls ... OK
* checking R code for possible problems ... NOTE
calJSI : processJSI: no visible binding for global variable ‘CCF’
cna2gene: no visible global function definition for ‘genes’
cna2gene: no visible binding for global variable ‘org.Hs.eg.db’
cna2gene: no visible binding for global variable ‘seqnames’
cna2gene: no visible binding for global variable ‘Chromosome’
cna2gene: no visible binding for global variable ‘Hugo_Symbol’
cna2gene: no visible binding for global variable ‘Start_Position’
cna2gene: no visible binding for global variable ‘End_Position’
cna2gene: no visible binding for global variable ‘i.End_Position’
cna2gene: no visible binding for global variable ‘i.Start_Position’
cna2gene: no visible binding for global variable ‘Patient_ID’
cna2gene: no visible binding for global variable ‘Tumor_Sample_Barcode’
cna2gene: no visible binding for global variable ‘seg_id’
cna2gene: no visible binding for global variable ‘overlap_width’
copyNumberFilter: no visible binding for global variable ‘Patient_ID’
drawVAFCombine: no visible binding for global variable ‘V’
drawVAFCombineVline: no visible binding for global variable ‘V’
fitSignatures : processFitSig: no visible binding for global variable
  ‘Branch’
fitSignatures : processFitSig: no visible binding for global variable
  ‘Original’
fitSignatures : processFitSig: no visible binding for global variable
  ‘Reconstructed’
mutCluster : processVafcluster_sample: no visible binding for global
  variable ‘cluster’
plotCNA: no visible binding for global variable ‘Cytoband’
plotCNA: no visible binding for global variable ‘Cytoband_pos’
plotCNA: no visible binding for global variable ‘gene_id’
plotCNA: no visible binding for global variable ‘gene_pos’
plotCNA: no visible binding for global variable ‘Hugo_Symbol’
plotTree: no visible binding for global variable ‘is.match’
plotTree: no visible binding for global variable ‘x’
plotTree: no visible binding for global variable ‘y’
plotTree: no visible binding for global variable ‘xend’
plotTree: no visible binding for global variable ‘yend’
Undefined global functions or variables:
  Branch CCF Chromosome Cytoband Cytoband_pos End_Position Hugo_Symbol
  Original Patient_ID Reconstructed Start_Position Tumor_Sample_Barcode
  V cluster gene_id gene_pos genes i.End_Position i.Start_Position
  is.match org.Hs.eg.db overlap_width seg_id seqnames x xend y yend
* checking Rd files ... OK
* checking Rd metadata ... OK
* checking Rd cross-references ... OK
* checking for missing documentation entries ... OK
* checking for code/documentation mismatches ... OK
* checking Rd \usage sections ... OK
* checking Rd contents ... OK
* checking for unstated dependencies in examples ... OK
* checking files in ‘vignettes’ ... OK
* checking examples ... OK
Examples with CPU (user + system) or elapsed time > 5s
                 user system elapsed
cna2gene        8.891  0.355   8.343
calFst          5.162  0.122   4.834
getPhyloTreeRef 5.013  0.217   4.821
* checking for unstated dependencies in vignettes ... OK
* checking package vignettes ... OK
* checking running R code from vignettes ... SKIPPED
* checking re-building of vignette outputs ... SKIPPED
* checking PDF version of manual ... OK
* DONE

Status: 1 WARNING, 2 NOTEs
See
  ‘/Users/biocbuild/bbs-3.21-bioc/meat/MesKit.Rcheck/00check.log’
for details.


Installation output

MesKit.Rcheck/00install.out

##############################################################################
##############################################################################
###
### Running command:
###
###   /Library/Frameworks/R.framework/Resources/bin/R CMD INSTALL MesKit
###
##############################################################################
##############################################################################


* installing to library ‘/Library/Frameworks/R.framework/Versions/4.5-arm64/Resources/library’
* installing *source* package ‘MesKit’ ...
** this is package ‘MesKit’ version ‘1.17.0’
** using staged installation
** R
** inst
** byte-compile and prepare package for lazy loading
Warning: replacing previous import ‘ape::degree’ by ‘circlize::degree’ when loading ‘MesKit’
Warning: replacing previous import ‘ape::where’ by ‘dplyr::where’ when loading ‘MesKit’
** help
*** installing help indices
** building package indices
** installing vignettes
** testing if installed package can be loaded from temporary location
Warning: replacing previous import ‘ape::degree’ by ‘circlize::degree’ when loading ‘MesKit’
Warning: replacing previous import ‘ape::where’ by ‘dplyr::where’ when loading ‘MesKit’
** testing if installed package can be loaded from final location
Warning: replacing previous import ‘ape::degree’ by ‘circlize::degree’ when loading ‘MesKit’
Warning: replacing previous import ‘ape::where’ by ‘dplyr::where’ when loading ‘MesKit’
** testing if installed package keeps a record of temporary installation path
* DONE (MesKit)

Tests output


Example timings

MesKit.Rcheck/MesKit-Ex.timings

nameusersystemelapsed
calFst5.1620.1224.834
calJSI3.3180.0782.990
calNeiDist3.4950.0673.161
ccfAUC3.4170.0953.119
classifyMut2.6950.1682.472
cna2gene8.8910.3558.343
compareCCF3.7220.3693.746
compareTree4.0530.1633.633
fitSignatures3.0710.1512.816
getBinaryMatrix4.3120.1894.188
getBootstrapValue4.3950.1894.170
getBranchType4.4370.2634.294
getCCFMatrix4.4750.2224.282
getMafData2.1740.0372.078
getMafPatient2.2260.0292.036
getMafRef2.2010.0262.013
getMutBranches4.4550.2324.269
getNonSyn_vc2.2160.0262.025
getPhyloTree4.4250.1474.156
getPhyloTreePatient4.5240.1924.319
getPhyloTreeRef5.0130.2174.821
getPhyloTreeTsbLabel4.3250.2314.244
getSampleInfo2.1300.0311.945
getTree4.3780.2024.191
getTreeMethod4.2370.1744.157
mathScore2.2470.0752.086
mutCluster3.0910.1712.881
mutHeatmap4.0210.0763.862
mutTrunkBranch3.0680.1152.885
plotCNA1.4360.0690.904
plotMutProfile2.9890.0672.776
plotMutSigProfile4.2500.1484.177
plotPhyloTree2.8720.0792.577
readMaf2.3360.0522.172
readSegment0.2640.0230.155
runMesKit000
subMaf2.2930.0332.107
testNeutral2.9970.0492.632
triMatrix3.1180.0982.818