Back to Multiple platform build/check report for BioC 3.21: simplified long |
|
This page was generated on 2025-02-06 11:42 -0500 (Thu, 06 Feb 2025).
Hostname | OS | Arch (*) | R version | Installed pkgs |
---|---|---|---|---|
nebbiolo1 | Linux (Ubuntu 24.04.1 LTS) | x86_64 | R Under development (unstable) (2025-01-20 r87609) -- "Unsuffered Consequences" | 4719 |
palomino7 | Windows Server 2022 Datacenter | x64 | R Under development (unstable) (2025-01-21 r87610 ucrt) -- "Unsuffered Consequences" | 4480 |
lconway | macOS 12.7.1 Monterey | x86_64 | R Under development (unstable) (2025-01-22 r87618) -- "Unsuffered Consequences" | 4491 |
kjohnson3 | macOS 13.7.1 Ventura | arm64 | R Under development (unstable) (2025-01-20 r87609) -- "Unsuffered Consequences" | 4444 |
Click on any hostname to see more info about the system (e.g. compilers) (*) as reported by 'uname -p', except on Windows and Mac OS X |
Package 1193/2295 | Hostname | OS / Arch | INSTALL | BUILD | CHECK | BUILD BIN | ||||||||
memes 1.15.0 (landing page) Spencer Nystrom
| nebbiolo1 | Linux (Ubuntu 24.04.1 LTS) / x86_64 | OK | OK | WARNINGS | ![]() | ||||||||
palomino7 | Windows Server 2022 Datacenter / x64 | OK | OK | WARNINGS | OK | ![]() | ||||||||
lconway | macOS 12.7.1 Monterey / x86_64 | OK | OK | WARNINGS | OK | ![]() | ||||||||
kjohnson3 | macOS 13.7.1 Ventura / arm64 | OK | OK | WARNINGS | OK | ![]() | ||||||||
To the developers/maintainers of the memes package: - Allow up to 24 hours (and sometimes 48 hours) for your latest push to git@git.bioconductor.org:packages/memes.git to reflect on this report. See Troubleshooting Build Report for more information. - Use the following Renviron settings to reproduce errors and warnings. - If 'R CMD check' started to fail recently on the Linux builder(s) over a missing dependency, add the missing dependency to 'Suggests:' in your DESCRIPTION file. See Renviron.bioc for more information. |
Package: memes |
Version: 1.15.0 |
Command: /Library/Frameworks/R.framework/Resources/bin/R CMD check --install=check:memes.install-out.txt --library=/Library/Frameworks/R.framework/Resources/library --no-vignettes --timings memes_1.15.0.tar.gz |
StartedAt: 2025-02-05 21:27:57 -0500 (Wed, 05 Feb 2025) |
EndedAt: 2025-02-05 21:30:40 -0500 (Wed, 05 Feb 2025) |
EllapsedTime: 163.0 seconds |
RetCode: 0 |
Status: WARNINGS |
CheckDir: memes.Rcheck |
Warnings: 1 |
############################################################################## ############################################################################## ### ### Running command: ### ### /Library/Frameworks/R.framework/Resources/bin/R CMD check --install=check:memes.install-out.txt --library=/Library/Frameworks/R.framework/Resources/library --no-vignettes --timings memes_1.15.0.tar.gz ### ############################################################################## ############################################################################## * using log directory ‘/Users/biocbuild/bbs-3.21-bioc/meat/memes.Rcheck’ * using R Under development (unstable) (2025-01-22 r87618) * using platform: x86_64-apple-darwin20 * R was compiled by Apple clang version 14.0.0 (clang-1400.0.29.202) GNU Fortran (GCC) 14.2.0 * running under: macOS Monterey 12.7.6 * using session charset: UTF-8 * using option ‘--no-vignettes’ * checking for file ‘memes/DESCRIPTION’ ... OK * checking extension type ... Package * this is package ‘memes’ version ‘1.15.0’ * package encoding: UTF-8 * checking package namespace information ... OK * checking package dependencies ... OK * checking if this is a source package ... OK * checking if there is a namespace ... OK * checking for hidden files and directories ... OK * checking for portable file names ... OK * checking for sufficient/correct file permissions ... OK * checking whether package ‘memes’ can be installed ... OK * checking installed package size ... OK * checking package directory ... OK * checking ‘build’ directory ... OK * checking DESCRIPTION meta-information ... OK * checking top-level files ... OK * checking for left-over files ... OK * checking index information ... OK * checking package subdirectories ... OK * checking code files for non-ASCII characters ... OK * checking R files for syntax errors ... OK * checking whether the package can be loaded ... OK * checking whether the package can be loaded with stated dependencies ... OK * checking whether the package can be unloaded cleanly ... OK * checking whether the namespace can be loaded with stated dependencies ... OK * checking whether the namespace can be unloaded cleanly ... OK * checking dependencies in R code ... OK * checking S3 generic/method consistency ... WARNING motif_input: function(x, ...) motif_input.universalmotif_df: function(input, path) motif_input: function(x, ...) motif_input.universalmotif: function(input, path) motif_input: function(x, ...) motif_input.list: function(input, path) motif_input: function(x, ...) motif_input.character: function(input, path) motif_input: function(x, ...) motif_input.data.frame: function(input, path) sequence_input: function(x) sequence_input.DNAStringSet: function(input) sequence_input: function(x) sequence_input.character: function(input) sequence_input: function(x) sequence_input.BStringSet: function(input) sequence_input: function(x) sequence_input.AAStringSet: function(input) See section ‘Generic functions and methods’ in the ‘Writing R Extensions’ manual. * checking replacement functions ... OK * checking foreign function calls ... OK * checking R code for possible problems ... OK * checking Rd files ... NOTE checkRd: (-1) runTomTom.Rd:51: Lost braces; missing escapes or markup? 51 | \item{...}{additional flags passed to tomtom using {cmdfun} formating (see table below for details)} | ^ * checking Rd metadata ... OK * checking Rd cross-references ... OK * checking for missing documentation entries ... OK * checking for code/documentation mismatches ... OK * checking Rd \usage sections ... OK * checking Rd contents ... OK * checking for unstated dependencies in examples ... OK * checking contents of ‘data’ directory ... OK * checking data for non-ASCII characters ... OK * checking LazyData ... OK * checking data for ASCII and uncompressed saves ... OK * checking files in ‘vignettes’ ... OK * checking examples ... OK Examples with CPU (user + system) or elapsed time > 5s user system elapsed runAme 13.947 8.010 20.201 add_sequence 8.359 0.293 8.704 * checking for unstated dependencies in vignettes ... OK * checking package vignettes ... OK * checking running R code from vignettes ... SKIPPED * checking re-building of vignette outputs ... SKIPPED * checking PDF version of manual ... OK * DONE Status: 1 WARNING, 1 NOTE See ‘/Users/biocbuild/bbs-3.21-bioc/meat/memes.Rcheck/00check.log’ for details.
memes.Rcheck/00install.out
############################################################################## ############################################################################## ### ### Running command: ### ### /Library/Frameworks/R.framework/Resources/bin/R CMD INSTALL memes ### ############################################################################## ############################################################################## * installing to library ‘/Library/Frameworks/R.framework/Versions/4.5-x86_64/Resources/library’ * installing *source* package ‘memes’ ... ** this is package ‘memes’ version ‘1.15.0’ ** using staged installation ** R ** data *** moving datasets to lazyload DB ** inst ** byte-compile and prepare package for lazy loading ** help *** installing help indices *** copying figures ** building package indices ** installing vignettes ** testing if installed package can be loaded from temporary location ** testing if installed package can be loaded from final location ** testing if installed package keeps a record of temporary installation path * DONE (memes)
memes.Rcheck/memes-Ex.timings
name | user | system | elapsed | |
add_sequence | 8.359 | 0.293 | 8.704 | |
ame_compare_heatmap_methods | 1.089 | 0.085 | 1.185 | |
check_meme_install | 0.733 | 0.028 | 0.769 | |
drop_best_match | 0.004 | 0.001 | 0.006 | |
example_ame | 0.067 | 0.003 | 0.070 | |
example_ame_large | 0.042 | 0.000 | 0.042 | |
force_best_match | 1.257 | 0.252 | 1.543 | |
get_sequence | 0.490 | 0.064 | 0.560 | |
has_duplicate_motifs | 0.004 | 0.002 | 0.007 | |
importAme | 0.251 | 0.064 | 0.305 | |
importDremeXML | 0.188 | 0.009 | 0.197 | |
importFimo | 0.036 | 0.010 | 0.040 | |
importMeme | 0.098 | 0.003 | 0.102 | |
importStremeXML | 0.150 | 0.003 | 0.154 | |
importTomTomXML | 0.288 | 0.005 | 0.295 | |
meme_is_installed | 0.060 | 0.002 | 0.063 | |
nest_tomtom | 1.061 | 0.178 | 1.238 | |
plot_ame_heatmap | 0.618 | 0.057 | 0.683 | |
plot_sequence_heatmap | 3.753 | 0.246 | 4.058 | |
remove_duplicate_motifs | 0.002 | 0.001 | 0.003 | |
runAme | 13.947 | 8.010 | 20.201 | |
runDreme | 3.421 | 0.463 | 3.959 | |
runFimo | 0.302 | 0.140 | 0.424 | |
runMeme | 0.819 | 0.256 | 1.097 | |
runTomTom | 0.925 | 0.202 | 1.142 | |
update_best_match | 0.079 | 0.008 | 0.087 | |
view_tomtom_hits | 1.018 | 0.073 | 1.096 | |
write_fasta | 0.002 | 0.001 | 0.003 | |