Back to Multiple platform build/check report for BioC 3.21: simplified long |
|
This page was generated on 2025-02-04 11:44 -0500 (Tue, 04 Feb 2025).
Hostname | OS | Arch (*) | R version | Installed pkgs |
---|---|---|---|---|
nebbiolo1 | Linux (Ubuntu 24.04.1 LTS) | x86_64 | R Under development (unstable) (2025-01-20 r87609) -- "Unsuffered Consequences" | 4716 |
palomino7 | Windows Server 2022 Datacenter | x64 | R Under development (unstable) (2025-01-21 r87610 ucrt) -- "Unsuffered Consequences" | 4478 |
lconway | macOS 12.7.1 Monterey | x86_64 | R Under development (unstable) (2025-01-22 r87618) -- "Unsuffered Consequences" | 4489 |
kjohnson3 | macOS 13.7.1 Ventura | arm64 | R Under development (unstable) (2025-01-20 r87609) -- "Unsuffered Consequences" | 4442 |
Click on any hostname to see more info about the system (e.g. compilers) (*) as reported by 'uname -p', except on Windows and Mac OS X |
Package 1266/2295 | Hostname | OS / Arch | INSTALL | BUILD | CHECK | BUILD BIN | ||||||||
mina 1.15.0 (landing page) Rui Guan
| nebbiolo1 | Linux (Ubuntu 24.04.1 LTS) / x86_64 | OK | OK | WARNINGS | |||||||||
palomino7 | Windows Server 2022 Datacenter / x64 | OK | OK | WARNINGS | OK | |||||||||
lconway | macOS 12.7.1 Monterey / x86_64 | OK | OK | WARNINGS | OK | |||||||||
kjohnson3 | macOS 13.7.1 Ventura / arm64 | OK | OK | WARNINGS | OK | |||||||||
To the developers/maintainers of the mina package: - Allow up to 24 hours (and sometimes 48 hours) for your latest push to git@git.bioconductor.org:packages/mina.git to reflect on this report. See Troubleshooting Build Report for more information. - Use the following Renviron settings to reproduce errors and warnings. - If 'R CMD check' started to fail recently on the Linux builder(s) over a missing dependency, add the missing dependency to 'Suggests:' in your DESCRIPTION file. See Renviron.bioc for more information. |
Package: mina |
Version: 1.15.0 |
Command: /Library/Frameworks/R.framework/Resources/bin/R CMD check --install=check:mina.install-out.txt --library=/Library/Frameworks/R.framework/Resources/library --no-vignettes --timings mina_1.15.0.tar.gz |
StartedAt: 2025-02-03 20:43:45 -0500 (Mon, 03 Feb 2025) |
EndedAt: 2025-02-03 20:45:20 -0500 (Mon, 03 Feb 2025) |
EllapsedTime: 95.1 seconds |
RetCode: 0 |
Status: WARNINGS |
CheckDir: mina.Rcheck |
Warnings: 1 |
############################################################################## ############################################################################## ### ### Running command: ### ### /Library/Frameworks/R.framework/Resources/bin/R CMD check --install=check:mina.install-out.txt --library=/Library/Frameworks/R.framework/Resources/library --no-vignettes --timings mina_1.15.0.tar.gz ### ############################################################################## ############################################################################## * using log directory ‘/Users/biocbuild/bbs-3.21-bioc/meat/mina.Rcheck’ * using R Under development (unstable) (2025-01-20 r87609) * using platform: aarch64-apple-darwin20 * R was compiled by Apple clang version 14.0.0 (clang-1400.0.29.202) GNU Fortran (GCC) 14.2.0 * running under: macOS Ventura 13.7.1 * using session charset: UTF-8 * using option ‘--no-vignettes’ * checking for file ‘mina/DESCRIPTION’ ... OK * this is package ‘mina’ version ‘1.15.0’ * package encoding: UTF-8 * checking package namespace information ... OK * checking package dependencies ... OK * checking if this is a source package ... OK * checking if there is a namespace ... OK * checking for hidden files and directories ... OK * checking for portable file names ... OK * checking for sufficient/correct file permissions ... OK * checking whether package ‘mina’ can be installed ... OK * used C++ compiler: ‘Apple clang version 15.0.0 (clang-1500.1.0.2.5)’ * used SDK: ‘MacOSX11.3.sdk’ * checking installed package size ... INFO installed size is 8.2Mb sub-directories of 1Mb or more: data 7.6Mb * checking package directory ... OK * checking ‘build’ directory ... OK * checking DESCRIPTION meta-information ... OK * checking top-level files ... OK * checking for left-over files ... OK * checking index information ... OK * checking package subdirectories ... OK * checking code files for non-ASCII characters ... OK * checking R files for syntax errors ... OK * checking whether the package can be loaded ... OK * checking whether the package can be loaded with stated dependencies ... OK * checking whether the package can be unloaded cleanly ... OK * checking whether the namespace can be loaded with stated dependencies ... OK * checking whether the namespace can be unloaded cleanly ... OK * checking dependencies in R code ... OK * checking S3 generic/method consistency ... OK * checking replacement functions ... OK * checking foreign function calls ... OK * checking R code for possible problems ... NOTE sparcc: no visible binding for global variable ‘i’ net_dis_pcoa,character: no visible binding for global variable ‘y’ net_dis_pcoa,character: no visible binding for global variable ‘Group’ net_dis_plot,mina: no visible binding for global variable ‘Group1’ net_dis_plot,mina: no visible binding for global variable ‘Group2’ net_dis_plot,mina: no visible binding for global variable ‘Distance’ net_dis_plot,mina: no visible binding for global variable ‘Sig’ Undefined global functions or variables: Distance Group Group1 Group2 Sig i y * checking Rd files ... NOTE checkRd: (-1) re_format_AP.Rd:10: Lost braces; missing escapes or markup? 10 | \item{x}{an {APResult} object from \pkg{apcluster}.} | ^ * checking Rd metadata ... OK * checking Rd cross-references ... OK * checking for missing documentation entries ... OK * checking for code/documentation mismatches ... OK * checking Rd \usage sections ... OK * checking Rd contents ... OK * checking for unstated dependencies in examples ... OK * checking contents of ‘data’ directory ... OK * checking data for non-ASCII characters ... OK * checking LazyData ... WARNING LazyData DB of 7.6 MB without LazyDataCompression set See §1.1.6 of 'Writing R Extensions' * checking data for ASCII and uncompressed saves ... OK * checking line endings in C/C++/Fortran sources/headers ... OK * checking compiled code ... NOTE Note: information on .o files is not available * checking files in ‘vignettes’ ... OK * checking examples ... OK Examples with CPU (user + system) or elapsed time > 5s user system elapsed net_dis_plot 13.552 4.023 14.919 net_dis-mina 7.104 2.077 7.821 net_cls-mina 7.032 0.472 7.563 dis_stat_accessor 5.727 1.244 6.117 net_cls-matrix 5.583 0.379 5.861 net_cls 5.543 0.281 5.781 * checking for unstated dependencies in vignettes ... OK * checking package vignettes ... OK * checking running R code from vignettes ... SKIPPED * checking re-building of vignette outputs ... SKIPPED * checking PDF version of manual ... OK * DONE Status: 1 WARNING, 3 NOTEs See ‘/Users/biocbuild/bbs-3.21-bioc/meat/mina.Rcheck/00check.log’ for details.
mina.Rcheck/00install.out
############################################################################## ############################################################################## ### ### Running command: ### ### /Library/Frameworks/R.framework/Resources/bin/R CMD INSTALL mina ### ############################################################################## ############################################################################## * installing to library ‘/Library/Frameworks/R.framework/Versions/4.5-arm64/Resources/library’ * installing *source* package ‘mina’ ... ** this is package ‘mina’ version ‘1.15.0’ ** using staged installation ** libs using C++ compiler: ‘Apple clang version 15.0.0 (clang-1500.1.0.2.5)’ using SDK: ‘MacOSX11.3.sdk’ clang++ -arch arm64 -std=gnu++17 -I"/Library/Frameworks/R.framework/Resources/include" -DNDEBUG -I'/Library/Frameworks/R.framework/Versions/4.5-arm64/Resources/library/Rcpp/include' -I'/Library/Frameworks/R.framework/Versions/4.5-arm64/Resources/library/RcppParallel/include' -I'/Library/Frameworks/R.framework/Versions/4.5-arm64/Resources/library/RcppArmadillo/include' -I/opt/R/arm64/include -fPIC -falign-functions=64 -Wall -g -O2 -DR_NO_REMAP -c RcppExports.cpp -o RcppExports.o clang++ -arch arm64 -std=gnu++17 -I"/Library/Frameworks/R.framework/Resources/include" -DNDEBUG -I'/Library/Frameworks/R.framework/Versions/4.5-arm64/Resources/library/Rcpp/include' -I'/Library/Frameworks/R.framework/Versions/4.5-arm64/Resources/library/RcppParallel/include' -I'/Library/Frameworks/R.framework/Versions/4.5-arm64/Resources/library/RcppArmadillo/include' -I/opt/R/arm64/include -fPIC -falign-functions=64 -Wall -g -O2 -DR_NO_REMAP -c cp_cor.cpp -o cp_cor.o clang++ -arch arm64 -std=gnu++17 -dynamiclib -Wl,-headerpad_max_install_names -undefined dynamic_lookup -L/Library/Frameworks/R.framework/Resources/lib -L/opt/R/arm64/lib -o mina.so RcppExports.o cp_cor.o -F/Library/Frameworks/R.framework/.. -framework R -Wl,-framework -Wl,CoreFoundation installing to /Library/Frameworks/R.framework/Versions/4.5-arm64/Resources/library/00LOCK-mina/00new/mina/libs ** R ** data *** moving datasets to lazyload DB ** byte-compile and prepare package for lazy loading Creating a new generic function for ‘norm’ in package ‘mina’ ** help *** installing help indices ** building package indices ** installing vignettes ** testing if installed package can be loaded from temporary location ** checking absolute paths in shared objects and dynamic libraries ** testing if installed package can be loaded from final location ** testing if installed package keeps a record of temporary installation path * DONE (mina)
mina.Rcheck/mina-Ex.timings
name | user | system | elapsed | |
adj-matrix | 0.315 | 0.018 | 0.127 | |
adj-mina | 0.445 | 0.015 | 0.268 | |
adj | 0.347 | 0.024 | 0.183 | |
adj_method_list | 0.024 | 0.014 | 0.046 | |
bs_pm-mina | 3.100 | 0.452 | 2.577 | |
bs_pm | 0.728 | 0.194 | 0.768 | |
check_mina | 0.020 | 0.007 | 0.030 | |
check_mina_de | 0.018 | 0.005 | 0.022 | |
check_mina_qu | 0.017 | 0.005 | 0.025 | |
cls_tab | 0.020 | 0.010 | 0.031 | |
com_dis-matrix | 0.291 | 0.008 | 0.121 | |
com_dis-mina | 0.222 | 0.008 | 0.048 | |
com_dis | 0.286 | 0.006 | 0.116 | |
com_dis_list | 0.031 | 0.015 | 0.050 | |
com_plot-mina | 3.737 | 0.832 | 0.802 | |
com_plot | 0.062 | 0.007 | 0.062 | |
com_r2-mina | 0.343 | 0.011 | 0.194 | |
com_r2 | 0.464 | 0.058 | 0.388 | |
data-hmp | 0.001 | 0.000 | 0.001 | |
data-maize | 0.000 | 0.001 | 0.000 | |
des_accessor | 0.001 | 0.000 | 0.001 | |
dis_accessor | 0.188 | 0.005 | 0.034 | |
dis_stat_accessor | 5.727 | 1.244 | 6.117 | |
dmr-matrix | 0.319 | 0.009 | 0.149 | |
dmr-mina | 0.327 | 0.026 | 0.168 | |
dmr | 0.32 | 0.01 | 0.15 | |
dmr_accessor | 0.317 | 0.014 | 0.156 | |
fit_tabs-mina | 0.210 | 0.056 | 0.265 | |
fit_tabs | 0.318 | 0.095 | 0.413 | |
get_net_cls_tab-matrix-data.frame-method | 0.733 | 0.062 | 0.604 | |
get_net_cls_tab | 0.770 | 0.081 | 0.684 | |
get_r2-mat | 0.330 | 0.011 | 0.173 | |
get_r2 | 0.336 | 0.015 | 0.196 | |
get_rep-matrix | 0.091 | 0.017 | 0.116 | |
get_rep-mima | 0.256 | 0.034 | 0.298 | |
hmp_des | 0.000 | 0.001 | 0.001 | |
hmp_otu | 0.001 | 0.000 | 0.001 | |
maize_asv | 0.000 | 0.001 | 0.000 | |
maize_asv2 | 0 | 0 | 0 | |
maize_des | 0.001 | 0.001 | 0.001 | |
maize_des2 | 0.000 | 0.000 | 0.001 | |
mina-class | 0 | 0 | 0 | |
net_cls-matrix | 5.583 | 0.379 | 5.861 | |
net_cls-mina | 7.032 | 0.472 | 7.563 | |
net_cls | 5.543 | 0.281 | 5.781 | |
net_cls_tab-mina-method | 1.383 | 0.091 | 1.300 | |
net_cls_tab | 0.755 | 0.087 | 0.674 | |
net_dis-mina | 7.104 | 2.077 | 7.821 | |
net_dis | 0.743 | 0.372 | 0.793 | |
net_dis_indi | 0.000 | 0.000 | 0.001 | |
net_dis_pcoa | 0.000 | 0.001 | 0.000 | |
net_dis_plot | 13.552 | 4.023 | 14.919 | |
net_grp_cmp | 0 | 0 | 0 | |
net_node_cmp | 0.000 | 0.000 | 0.001 | |
norm_accessor | 0.011 | 0.004 | 0.015 | |
norm_tab-matrix | 0.273 | 0.025 | 0.299 | |
norm_tab-mina | 0.270 | 0.023 | 0.293 | |
norm_tab | 0.011 | 0.004 | 0.015 | |
norm_tab_method_list | 0.019 | 0.011 | 0.035 | |
pcoa_plot | 0.648 | 0.043 | 0.353 | |
sim_par | 0 | 0 | 0 | |
sparcc | 0 | 0 | 0 | |
tab_accessor | 0.000 | 0.001 | 0.001 | |
tina-matrix-method | 0 | 0 | 0 | |
tina | 0 | 0 | 0 | |