Back to Multiple platform build/check report for BioC 3.21:   simplified   long
ABCDEFGHIJKL[M]NOPQRSTUVWXYZ

This page was generated on 2025-02-04 11:43 -0500 (Tue, 04 Feb 2025).

HostnameOSArch (*)R versionInstalled pkgs
nebbiolo1Linux (Ubuntu 24.04.1 LTS)x86_64R Under development (unstable) (2025-01-20 r87609) -- "Unsuffered Consequences" 4716
palomino7Windows Server 2022 Datacenterx64R Under development (unstable) (2025-01-21 r87610 ucrt) -- "Unsuffered Consequences" 4478
lconwaymacOS 12.7.1 Montereyx86_64R Under development (unstable) (2025-01-22 r87618) -- "Unsuffered Consequences" 4489
kjohnson3macOS 13.7.1 Venturaarm64R Under development (unstable) (2025-01-20 r87609) -- "Unsuffered Consequences" 4442
Click on any hostname to see more info about the system (e.g. compilers)      (*) as reported by 'uname -p', except on Windows and Mac OS X

Package 1286/2295HostnameOS / ArchINSTALLBUILDCHECKBUILD BIN
missMethyl 1.41.0  (landing page)
Belinda Phipson
Snapshot Date: 2025-02-03 13:40 -0500 (Mon, 03 Feb 2025)
git_url: https://git.bioconductor.org/packages/missMethyl
git_branch: devel
git_last_commit: 9006ed4
git_last_commit_date: 2024-10-29 09:53:27 -0500 (Tue, 29 Oct 2024)
nebbiolo1Linux (Ubuntu 24.04.1 LTS) / x86_64  OK    OK    WARNINGS  UNNEEDED, same version is already published
palomino7Windows Server 2022 Datacenter / x64  OK    OK    WARNINGS    OK  UNNEEDED, same version is already published
lconwaymacOS 12.7.1 Monterey / x86_64  OK    OK    WARNINGS    OK  UNNEEDED, same version is already published
kjohnson3macOS 13.7.1 Ventura / arm64  OK    OK    WARNINGS    OK  UNNEEDED, same version is already published


CHECK results for missMethyl on lconway

To the developers/maintainers of the missMethyl package:
- Allow up to 24 hours (and sometimes 48 hours) for your latest push to git@git.bioconductor.org:packages/missMethyl.git to reflect on this report. See Troubleshooting Build Report for more information.
- Use the following Renviron settings to reproduce errors and warnings.
- If 'R CMD check' started to fail recently on the Linux builder(s) over a missing dependency, add the missing dependency to 'Suggests:' in your DESCRIPTION file. See Renviron.bioc for more information.

raw results


Summary

Package: missMethyl
Version: 1.41.0
Command: /Library/Frameworks/R.framework/Resources/bin/R CMD check --install=check:missMethyl.install-out.txt --library=/Library/Frameworks/R.framework/Resources/library --no-vignettes --timings missMethyl_1.41.0.tar.gz
StartedAt: 2025-02-03 21:45:38 -0500 (Mon, 03 Feb 2025)
EndedAt: 2025-02-03 22:08:29 -0500 (Mon, 03 Feb 2025)
EllapsedTime: 1370.9 seconds
RetCode: 0
Status:   WARNINGS  
CheckDir: missMethyl.Rcheck
Warnings: 1

Command output

##############################################################################
##############################################################################
###
### Running command:
###
###   /Library/Frameworks/R.framework/Resources/bin/R CMD check --install=check:missMethyl.install-out.txt --library=/Library/Frameworks/R.framework/Resources/library --no-vignettes --timings missMethyl_1.41.0.tar.gz
###
##############################################################################
##############################################################################


* using log directory ‘/Users/biocbuild/bbs-3.21-bioc/meat/missMethyl.Rcheck’
* using R Under development (unstable) (2025-01-22 r87618)
* using platform: x86_64-apple-darwin20
* R was compiled by
    Apple clang version 14.0.0 (clang-1400.0.29.202)
    GNU Fortran (GCC) 14.2.0
* running under: macOS Monterey 12.7.6
* using session charset: UTF-8
* using option ‘--no-vignettes’
* checking for file ‘missMethyl/DESCRIPTION’ ... OK
* checking extension type ... Package
* this is package ‘missMethyl’ version ‘1.41.0’
* package encoding: UTF-8
* checking package namespace information ... OK
* checking package dependencies ... OK
* checking if this is a source package ... OK
* checking if there is a namespace ... OK
* checking for hidden files and directories ... OK
* checking for portable file names ... OK
* checking for sufficient/correct file permissions ... OK
* checking whether package ‘missMethyl’ can be installed ... OK
* checking installed package size ... OK
* checking package directory ... OK
* checking ‘build’ directory ... OK
* checking DESCRIPTION meta-information ... OK
* checking top-level files ... OK
* checking for left-over files ... OK
* checking index information ... OK
* checking package subdirectories ... OK
* checking code files for non-ASCII characters ... OK
* checking R files for syntax errors ... OK
* checking whether the package can be loaded ... OK
* checking whether the package can be loaded with stated dependencies ... OK
* checking whether the package can be unloaded cleanly ... OK
* checking whether the namespace can be loaded with stated dependencies ... OK
* checking whether the namespace can be unloaded cleanly ... OK
* checking dependencies in R code ... WARNING
'::' or ':::' import not declared from: ‘dplyr’
Package in Depends field not imported from: ‘IlluminaHumanMethylationEPICv2anno.20a1.hg38’
  These packages need to be imported from (in the NAMESPACE file)
  for when this namespace is loaded but not attached.
* checking S3 generic/method consistency ... OK
* checking replacement functions ... OK
* checking foreign function calls ... OK
* checking R code for possible problems ... NOTE
goregion: no visible global function definition for ‘seqlevelsStyle<-’
Undefined global functions or variables:
  seqlevelsStyle<-
* checking Rd files ... OK
* checking Rd metadata ... OK
* checking Rd cross-references ... NOTE
Found the following Rd file(s) with Rd \link{} targets missing package
anchors:
  RUVadj.Rd: variance_adjust, ruv, ruv_summary, MArrayLM-class, RUV2,
    RUV4, RUVinv, RUVrinv, get_empirical_variances, sigmashrink
  RUVfit.Rd: lmFit, limma, RUV2, RUV4, RUVinv, RUVrinv, ruv,
    design.matrix
  SWAN.Rd: RGChannelSet-class, MethylSet-class, MethyLumiSet-class,
    IlluminaMethylationManifest-class
  densityByProbeType.Rd: densityPlot, densityBeanPlot
  getAdj.Rd: MArrayLM-class
  getINCs.Rd: RGChannelSet-class
  getMappedEntrezIDs.Rd: minfi, getAnnotation
  gometh.Rd: minfi, getAnnotation
  goregion.Rd: minfi, getAnnotation
  gsameth.Rd: minfi, getAnnotation
  gsaregion.Rd: minfi, getAnnotation
  gsaseq.Rd: goana, kegga, camera, roast
  varFit.Rd: MArrayLM-class, lmFit, eBayes, topTable, decideTests, voom
Please provide package anchors for all Rd \link{} targets not in the
package itself and the base packages.
* checking for missing documentation entries ... OK
* checking for code/documentation mismatches ... OK
* checking Rd \usage sections ... OK
* checking Rd contents ... OK
* checking for unstated dependencies in examples ... OK
* checking files in ‘vignettes’ ... OK
* checking examples ... OK
Examples with CPU (user + system) or elapsed time > 5s
                     user system elapsed
RUVadj             38.585  1.447  40.234
topRUV             32.983  0.953  34.081
SWAN               27.544  1.133  28.815
getAdj             26.983  0.661  27.784
RUVfit             24.522  0.653  25.295
topGSA             23.034  0.599  23.779
densityByProbeType 13.130  0.440  13.637
* checking for unstated dependencies in vignettes ... OK
* checking package vignettes ... OK
* checking running R code from vignettes ... SKIPPED
* checking re-building of vignette outputs ... SKIPPED
* checking PDF version of manual ... OK
* DONE

Status: 1 WARNING, 2 NOTEs
See
  ‘/Users/biocbuild/bbs-3.21-bioc/meat/missMethyl.Rcheck/00check.log’
for details.


Installation output

missMethyl.Rcheck/00install.out

##############################################################################
##############################################################################
###
### Running command:
###
###   /Library/Frameworks/R.framework/Resources/bin/R CMD INSTALL missMethyl
###
##############################################################################
##############################################################################


* installing to library ‘/Library/Frameworks/R.framework/Versions/4.5-x86_64/Resources/library’
* installing *source* package ‘missMethyl’ ...
** this is package ‘missMethyl’ version ‘1.41.0’
** using staged installation
** R
** inst
** byte-compile and prepare package for lazy loading
** help
*** installing help indices
** building package indices
** installing vignettes
** testing if installed package can be loaded from temporary location
** testing if installed package can be loaded from final location
** testing if installed package keeps a record of temporary installation path
* DONE (missMethyl)

Tests output


Example timings

missMethyl.Rcheck/missMethyl-Ex.timings

nameusersystemelapsed
RUVadj38.585 1.44740.234
RUVfit24.522 0.65325.295
SWAN27.544 1.13328.815
contrasts.varFit0.0440.0020.046
densityByProbeType13.130 0.44013.637
getAdj26.983 0.66127.784
getINCs0.3430.0040.349
getLeveneResiduals0.0100.0020.013
getMappedEntrezIDs0.0010.0000.001
gometh0.0010.0010.001
goregion0.0010.0010.001
gsameth0.0010.0010.001
gsaregion0.0010.0010.001
gsaseq0.0010.0010.001
topGSA23.034 0.59923.779
topRUV32.983 0.95334.081
topVar0.0090.0010.010
varFit0.0100.0000.011