Back to Multiple platform build/check report for BioC 3.21:   simplified   long
ABCDEFGHIJKLMNOPQ[R]STUVWXYZ

This page was generated on 2025-02-06 11:44 -0500 (Thu, 06 Feb 2025).

HostnameOSArch (*)R versionInstalled pkgs
nebbiolo1Linux (Ubuntu 24.04.1 LTS)x86_64R Under development (unstable) (2025-01-20 r87609) -- "Unsuffered Consequences" 4719
palomino7Windows Server 2022 Datacenterx64R Under development (unstable) (2025-01-21 r87610 ucrt) -- "Unsuffered Consequences" 4480
lconwaymacOS 12.7.1 Montereyx86_64R Under development (unstable) (2025-01-22 r87618) -- "Unsuffered Consequences" 4491
kjohnson3macOS 13.7.1 Venturaarm64R Under development (unstable) (2025-01-20 r87609) -- "Unsuffered Consequences" 4444
Click on any hostname to see more info about the system (e.g. compilers)      (*) as reported by 'uname -p', except on Windows and Mac OS X

Package 1756/2295HostnameOS / ArchINSTALLBUILDCHECKBUILD BIN
rifi 1.11.0  (landing page)
Jens Georg
Snapshot Date: 2025-02-05 13:48 -0500 (Wed, 05 Feb 2025)
git_url: https://git.bioconductor.org/packages/rifi
git_branch: devel
git_last_commit: 73780f2
git_last_commit_date: 2024-10-29 11:11:44 -0500 (Tue, 29 Oct 2024)
nebbiolo1Linux (Ubuntu 24.04.1 LTS) / x86_64  OK    OK    WARNINGS  UNNEEDED, same version is already published
palomino7Windows Server 2022 Datacenter / x64... NOT SUPPORTED ...
lconwaymacOS 12.7.1 Monterey / x86_64  OK    OK    WARNINGS    OK  YES
kjohnson3macOS 13.7.1 Ventura / arm64  OK    OK    WARNINGS    OK  YES


CHECK results for rifi on kjohnson3

To the developers/maintainers of the rifi package:
- Allow up to 24 hours (and sometimes 48 hours) for your latest push to git@git.bioconductor.org:packages/rifi.git to reflect on this report. See Troubleshooting Build Report for more information.
- Use the following Renviron settings to reproduce errors and warnings.
- If 'R CMD check' started to fail recently on the Linux builder(s) over a missing dependency, add the missing dependency to 'Suggests:' in your DESCRIPTION file. See Renviron.bioc for more information.

raw results


Summary

Package: rifi
Version: 1.11.0
Command: /Library/Frameworks/R.framework/Resources/bin/R CMD check --install=check:rifi.install-out.txt --library=/Library/Frameworks/R.framework/Resources/library --no-vignettes --timings rifi_1.11.0.tar.gz
StartedAt: 2025-02-05 21:04:04 -0500 (Wed, 05 Feb 2025)
EndedAt: 2025-02-05 21:07:36 -0500 (Wed, 05 Feb 2025)
EllapsedTime: 211.5 seconds
RetCode: 0
Status:   WARNINGS  
CheckDir: rifi.Rcheck
Warnings: 2

Command output

##############################################################################
##############################################################################
###
### Running command:
###
###   /Library/Frameworks/R.framework/Resources/bin/R CMD check --install=check:rifi.install-out.txt --library=/Library/Frameworks/R.framework/Resources/library --no-vignettes --timings rifi_1.11.0.tar.gz
###
##############################################################################
##############################################################################


* using log directory ‘/Users/biocbuild/bbs-3.21-bioc/meat/rifi.Rcheck’
* using R Under development (unstable) (2025-01-20 r87609)
* using platform: aarch64-apple-darwin20
* R was compiled by
    Apple clang version 14.0.0 (clang-1400.0.29.202)
    GNU Fortran (GCC) 14.2.0
* running under: macOS Ventura 13.7.1
* using session charset: UTF-8
* using option ‘--no-vignettes’
* checking for file ‘rifi/DESCRIPTION’ ... OK
* this is package ‘rifi’ version ‘1.11.0’
* package encoding: UTF-8
* checking package namespace information ... OK
* checking package dependencies ... OK
* checking if this is a source package ... OK
* checking if there is a namespace ... OK
* checking for hidden files and directories ... NOTE
Found the following hidden files and directories:
  .BBSoptions
  R/.ipynb_checkpoints
  vignettes/.ipynb_checkpoints
These were most likely included in error. See section ‘Package
structure’ in the ‘Writing R Extensions’ manual.
* checking for portable file names ... OK
* checking for sufficient/correct file permissions ... OK
* checking whether package ‘rifi’ can be installed ... WARNING
Found the following significant warnings:
  Note: next used in wrong context: no loop is visible 
  Warning: /Users/biocbuild/bbs-3.21-bioc/meat/rifi/man/apply_Ttest_delay.Rd:55: unexpected '}'
  Warning: /Users/biocbuild/bbs-3.21-bioc/meat/rifi/man/predict_ps_itss.Rd:57: unexpected '}'
See ‘/Users/biocbuild/bbs-3.21-bioc/meat/rifi.Rcheck/00install.out’ for details.
Information on the location(s) of code generating the ‘Note’s can be
obtained by re-running with environment variable R_KEEP_PKG_SOURCE set
to ‘yes’.
* checking installed package size ... OK
* checking package directory ... OK
* checking ‘build’ directory ... OK
* checking DESCRIPTION meta-information ... OK
* checking top-level files ... OK
* checking for left-over files ... OK
* checking index information ... OK
* checking package subdirectories ... OK
* checking code files for non-ASCII characters ... OK
* checking R files for syntax errors ... OK
* checking whether the package can be loaded ... OK
* checking whether the package can be loaded with stated dependencies ... OK
* checking whether the package can be unloaded cleanly ... OK
* checking whether the namespace can be loaded with stated dependencies ... OK
* checking whether the namespace can be unloaded cleanly ... OK
* checking dependencies in R code ... OK
* checking S3 generic/method consistency ... OK
* checking replacement functions ... OK
* checking foreign function calls ... OK
* checking R code for possible problems ... OK
* checking Rd files ... WARNING
prepare_Rd: ./man/apply_Ttest_delay.Rd:55: unexpected '}'
prepare_Rd: ./man/predict_ps_itss.Rd:57: unexpected '}'
* checking Rd metadata ... OK
* checking Rd cross-references ...Warning: /Users/biocbuild/bbs-3.21-bioc/meat/rifi.Rcheck/00_pkg_src/rifi/man/apply_Ttest_delay.Rd:55: unexpected '}'
Warning: /Users/biocbuild/bbs-3.21-bioc/meat/rifi.Rcheck/00_pkg_src/rifi/man/predict_ps_itss.Rd:57: unexpected '}'
 OK
* checking for missing documentation entries ... OK
* checking for code/documentation mismatches ... OK
* checking Rd \usage sections ... OK
* checking Rd contents ... OK
* checking for unstated dependencies in examples ... OK
* checking contents of ‘data’ directory ... OK
* checking data for non-ASCII characters ... OK
* checking data for ASCII and uncompressed saves ... OK
* checking files in ‘vignettes’ ... OK
* checking examples ... OK
Examples with CPU (user + system) or elapsed time > 5s
                     user system elapsed
rifi_wrapper       32.121 17.904  45.544
rifi_penalties     14.088 13.649  26.983
nls2_fit           11.650  0.771   8.054
rifi_visualization 11.507  0.842  12.458
rifi_fit            7.478  0.269   7.827
make_pen            2.633  2.414   4.841
* checking for unstated dependencies in vignettes ... OK
* checking package vignettes ... OK
* checking running R code from vignettes ... SKIPPED
* checking re-building of vignette outputs ... SKIPPED
* checking PDF version of manual ... OK
* DONE

Status: 2 WARNINGs, 1 NOTE
See
  ‘/Users/biocbuild/bbs-3.21-bioc/meat/rifi.Rcheck/00check.log’
for details.


Installation output

rifi.Rcheck/00install.out

##############################################################################
##############################################################################
###
### Running command:
###
###   /Library/Frameworks/R.framework/Resources/bin/R CMD INSTALL rifi
###
##############################################################################
##############################################################################


* installing to library ‘/Library/Frameworks/R.framework/Versions/4.5-arm64/Resources/library’
* installing *source* package ‘rifi’ ...
** this is package ‘rifi’ version ‘1.11.0’
** using staged installation
** R
** data
** inst
** byte-compile and prepare package for lazy loading
Note: next used in wrong context: no loop is visible 
** help
Warning: /Users/biocbuild/bbs-3.21-bioc/meat/rifi/man/apply_Ttest_delay.Rd:55: unexpected '}'
Warning: /Users/biocbuild/bbs-3.21-bioc/meat/rifi/man/predict_ps_itss.Rd:57: unexpected '}'
*** installing help indices
** building package indices
** installing vignettes
** testing if installed package can be loaded from temporary location
** testing if installed package can be loaded from final location
** testing if installed package keeps a record of temporary installation path
* DONE (rifi)

Tests output


Example timings

rifi.Rcheck/rifi-Ex.timings

nameusersystemelapsed
TI_fit3.7690.7722.634
TUgether0.1240.0490.174
apply_Ttest_delay0.0310.0090.041
apply_ancova0.1220.0380.166
apply_event_position0.0280.0040.035
apply_manova0.5030.0840.589
apply_t_test0.1780.0050.183
apply_t_test_ti0.0470.0000.056
check_input0.0880.0010.089
dataframe_summary0.0270.0030.029
dataframe_summary_TI0.0140.0010.022
dataframe_summary_events0.2160.0070.230
dataframe_summary_events_HL_int0.1670.0070.173
dataframe_summary_events_ps_itss0.0720.0050.077
dataframe_summary_events_velocity0.0740.0050.080
event_dataframe0.2130.0090.222
finding_PDD0.0660.0350.098
finding_TI0.0940.0610.154
fold_change0.7920.0510.843
fragment_HL0.1630.0600.215
fragment_TI0.1190.0570.176
fragment_delay0.2730.1600.416
fragment_inty0.1540.0680.216
gff3_preprocess0.2230.0470.271
make_df0.1950.1440.227
make_pen2.6332.4144.841
nls2_fit11.650 0.771 8.054
predict_ps_itss0.0780.0360.114
rifi_fit7.4780.2697.827
rifi_fragmentation0.8360.4101.216
rifi_penalties14.08813.64926.983
rifi_preprocess0.4520.2790.640
rifi_stats0.8730.0500.929
rifi_summary0.5500.0150.565
rifi_visualization11.507 0.84212.458
rifi_wrapper32.12117.90445.544
segment_pos0.0490.0000.050
viz_pen_obj0.0050.0000.005