Back to Multiple platform build/check report for BioC 3.21:   simplified   long
ABCDEFGHIJKLMNOPQ[R]STUVWXYZ

This page was generated on 2025-02-10 11:40 -0500 (Mon, 10 Feb 2025).

HostnameOSArch (*)R versionInstalled pkgs
nebbiolo1Linux (Ubuntu 24.04.1 LTS)x86_64R Under development (unstable) (2025-01-20 r87609) -- "Unsuffered Consequences" 4719
palomino7Windows Server 2022 Datacenterx64R Under development (unstable) (2025-01-21 r87610 ucrt) -- "Unsuffered Consequences" 4480
lconwaymacOS 12.7.1 Montereyx86_64R Under development (unstable) (2025-01-22 r87618) -- "Unsuffered Consequences" 4491
kjohnson3macOS 13.7.1 Venturaarm64R Under development (unstable) (2025-01-20 r87609) -- "Unsuffered Consequences" 4444
Click on any hostname to see more info about the system (e.g. compilers)      (*) as reported by 'uname -p', except on Windows and Mac OS X

Package 1819/2295HostnameOS / ArchINSTALLBUILDCHECKBUILD BIN
rtracklayer 1.67.0  (landing page)
Michael Lawrence
Snapshot Date: 2025-02-09 13:40 -0500 (Sun, 09 Feb 2025)
git_url: https://git.bioconductor.org/packages/rtracklayer
git_branch: devel
git_last_commit: c1806e7
git_last_commit_date: 2024-12-13 12:03:58 -0500 (Fri, 13 Dec 2024)
nebbiolo1Linux (Ubuntu 24.04.1 LTS) / x86_64  OK    OK    WARNINGS  UNNEEDED, same version is already published
palomino7Windows Server 2022 Datacenter / x64  OK    OK    WARNINGS    OK  UNNEEDED, same version is already published
lconwaymacOS 12.7.1 Monterey / x86_64  OK    OK    WARNINGS    OK  UNNEEDED, same version is already published
kjohnson3macOS 13.7.1 Ventura / arm64  OK    OK    WARNINGS    OK  UNNEEDED, same version is already published


CHECK results for rtracklayer on nebbiolo1

To the developers/maintainers of the rtracklayer package:
- Allow up to 24 hours (and sometimes 48 hours) for your latest push to git@git.bioconductor.org:packages/rtracklayer.git to reflect on this report. See Troubleshooting Build Report for more information.
- Use the following Renviron settings to reproduce errors and warnings.
- If 'R CMD check' started to fail recently on the Linux builder(s) over a missing dependency, add the missing dependency to 'Suggests:' in your DESCRIPTION file. See Renviron.bioc for more information.

raw results


Summary

Package: rtracklayer
Version: 1.67.0
Command: /home/biocbuild/bbs-3.21-bioc/R/bin/R CMD check --install=check:rtracklayer.install-out.txt --library=/home/biocbuild/bbs-3.21-bioc/R/site-library --timings rtracklayer_1.67.0.tar.gz
StartedAt: 2025-02-10 02:09:01 -0500 (Mon, 10 Feb 2025)
EndedAt: 2025-02-10 02:15:30 -0500 (Mon, 10 Feb 2025)
EllapsedTime: 388.7 seconds
RetCode: 0
Status:   WARNINGS  
CheckDir: rtracklayer.Rcheck
Warnings: 5

Command output

##############################################################################
##############################################################################
###
### Running command:
###
###   /home/biocbuild/bbs-3.21-bioc/R/bin/R CMD check --install=check:rtracklayer.install-out.txt --library=/home/biocbuild/bbs-3.21-bioc/R/site-library --timings rtracklayer_1.67.0.tar.gz
###
##############################################################################
##############################################################################


* using log directory ‘/home/biocbuild/bbs-3.21-bioc/meat/rtracklayer.Rcheck’
* using R Under development (unstable) (2025-01-20 r87609)
* using platform: x86_64-pc-linux-gnu
* R was compiled by
    gcc (Ubuntu 13.3.0-6ubuntu2~24.04) 13.3.0
    GNU Fortran (Ubuntu 13.3.0-6ubuntu2~24.04) 13.3.0
* running under: Ubuntu 24.04.1 LTS
* using session charset: UTF-8
* checking for file ‘rtracklayer/DESCRIPTION’ ... OK
* this is package ‘rtracklayer’ version ‘1.67.0’
* checking package namespace information ... OK
* checking package dependencies ... OK
* checking if this is a source package ... OK
* checking if there is a namespace ... OK
* checking for hidden files and directories ... OK
* checking for portable file names ... OK
* checking for sufficient/correct file permissions ... OK
* checking whether package ‘rtracklayer’ can be installed ... WARNING
Found the following significant warnings:
  ucsc/errAbort.c:255:5: warning: ignoring return value of ‘write’ declared with attribute ‘warn_unused_result’ [-Wunused-result]
  ucsc/https.c:76:5: warning: ‘ERR_load_SSL_strings’ is deprecated: Since OpenSSL 3.0 [-Wdeprecated-declarations]
See ‘/home/biocbuild/bbs-3.21-bioc/meat/rtracklayer.Rcheck/00install.out’ for details.
* used C compiler: ‘gcc (Ubuntu 13.3.0-6ubuntu2~24.04) 13.3.0’
* checking installed package size ... OK
* checking package directory ... OK
* checking ‘build’ directory ... OK
* checking DESCRIPTION meta-information ... NOTE
License components with restrictions not permitted:
  Artistic-2.0 + file LICENSE
* checking top-level files ... OK
* checking for left-over files ... OK
* checking index information ... OK
* checking package subdirectories ... OK
* checking code files for non-ASCII characters ... OK
* checking R files for syntax errors ... OK
* checking whether the package can be loaded ... OK
* checking whether the package can be loaded with stated dependencies ... OK
* checking whether the package can be unloaded cleanly ... OK
* checking whether the namespace can be loaded with stated dependencies ... OK
* checking whether the namespace can be unloaded cleanly ... OK
* checking loading without being on the library search path ... OK
* checking whether startup messages can be suppressed ... OK
* checking dependencies in R code ... NOTE
':::' call which should be '::': ‘XVector:::open_input_files’
  See the note in ?`:::` about the use of this operator.
Unexported objects imported by ':::' calls:
  ‘BiocGenerics:::testPackage’ ‘GenomicRanges:::INVALID.GR.COLNAMES’
  ‘S4Vectors:::labeledLine’
  ‘S4Vectors:::make_XYZxyz_to_XxYyZz_subscript’
  ‘S4Vectors:::new_SimpleList_from_list’ ‘XVector:::rewind_filexp’
  See the note in ?`:::` about the use of this operator.
* checking S3 generic/method consistency ... OK
* checking replacement functions ... OK
* checking foreign function calls ... OK
* checking R code for possible problems ... NOTE
import,BEDPEFile-ANY-ANY: no visible binding for global variable
  ‘chrom2’
import,BEDPEFile-ANY-ANY: no visible binding for global variable
  ‘start2’
import,BEDPEFile-ANY-ANY: no visible binding for global variable ‘end2’
import,BEDPEFile-ANY-ANY: no visible binding for global variable
  ‘strand2’
Undefined global functions or variables:
  chrom2 end2 start2 strand2
* checking Rd files ... WARNING
checkRd: (5) BigBedFile.Rd:96-101: \item in \describe must have non-empty label
checkRd: (5) BigBedSelection.rd:23-30: \item in \describe must have non-empty label
checkRd: (5) BigBedSelection.rd:36-42: \item in \describe must have non-empty label
checkRd: (5) BigWigFile.Rd:137-142: \item in \describe must have non-empty label
checkRd: (5) BigWigFile.Rd:143-172: \item in \describe must have non-empty label
checkRd: (5) BigWigSelection-class.Rd:21-29: \item in \describe must have non-empty label
checkRd: (5) BigWigSelection-class.Rd:35-41: \item in \describe must have non-empty label
checkRd: (5) BrowserViewList-class.Rd:19-22: \item in \describe must have non-empty label
checkRd: (5) Chain-class.Rd:49-55: \item in \describe must have non-empty label
checkRd: (5) Chain-class.Rd:56-59: \item in \describe must have non-empty label
checkRd: (5) Chain-class.Rd:60-62: \item in \describe must have non-empty label
checkRd: (5) Chain-class.Rd:63-65: \item in \describe must have non-empty label
checkRd: (5) Chain-class.Rd:66-69: \item in \describe must have non-empty label
checkRd: (5) Chain-class.Rd:83-88: \item in \describe must have non-empty label
checkRd: (5) GFFFile-class.Rd:248-250: \item in \describe must have non-empty label
checkRd: (5) GenomicData.Rd:24-28: \item in \describe must have non-empty label
checkRd: (5) GenomicData.Rd:29-35: \item in \describe must have non-empty label
checkRd: (5) GenomicData.Rd:41-57: \item in \describe must have non-empty label
checkRd: (5) IntegerRangesList-methods.Rd:26-30: \item in \describe must have non-empty label
checkRd: (5) Quickload-class.Rd:36-43: \item in \describe must have non-empty label
checkRd: (5) Quickload-class.Rd:52-55: \item in \describe must have non-empty label
checkRd: (5) Quickload-class.Rd:56-57: \item in \describe must have non-empty label
checkRd: (5) Quickload-class.Rd:58-60: \item in \describe must have non-empty label
checkRd: (5) Quickload-class.Rd:61-63: \item in \describe must have non-empty label
checkRd: (5) QuickloadGenome-class.Rd:48-72: \item in \describe must have non-empty label
checkRd: (5) QuickloadGenome-class.Rd:81-86: \item in \describe must have non-empty label
checkRd: (5) QuickloadGenome-class.Rd:87-90: \item in \describe must have non-empty label
checkRd: (5) QuickloadGenome-class.Rd:91-94: \item in \describe must have non-empty label
checkRd: (5) QuickloadGenome-class.Rd:95-98: \item in \describe must have non-empty label
checkRd: (5) QuickloadGenome-class.Rd:99-102: \item in \describe must have non-empty label
checkRd: (5) QuickloadGenome-class.Rd:103-106: \item in \describe must have non-empty label
checkRd: (5) QuickloadGenome-class.Rd:112-114: \item in \describe must have non-empty label
checkRd: (5) QuickloadGenome-class.Rd:115-117: \item in \describe must have non-empty label
checkRd: (5) QuickloadGenome-class.Rd:118-120: \item in \describe must have non-empty label
checkRd: (5) QuickloadGenome-class.Rd:121-123: \item in \describe must have non-empty label
checkRd: (5) QuickloadGenome-class.Rd:124-150: \item in \describe must have non-empty label
checkRd: (5) QuickloadGenome-class.Rd:151-154: \item in \describe must have non-empty label
checkRd: (5) QuickloadGenome-class.Rd:155-159: \item in \describe must have non-empty label
checkRd: (-1) TabixFile-methods.Rd:16: Lost braces
    16 |   \code{Rsamtools:TabixFile}{TabixFile} objects. These are generally
       |                             ^
checkRd: (5) TrackDb-class.Rd:30-32: \item in \describe must have non-empty label
checkRd: (5) TrackDb-class.Rd:33-35: \item in \describe must have non-empty label
checkRd: (5) TrackDb-class.Rd:36-38: \item in \describe must have non-empty label
checkRd: (5) TrackDb-class.Rd:39-42: \item in \describe must have non-empty label
checkRd: (5) TrackDb-class.Rd:43-49: \item in \describe must have non-empty label
checkRd: (5) TrackHub-class.Rd:56-63: \item in \describe must have non-empty label
checkRd: (5) TrackHub-class.Rd:72-75: \item in \describe must have non-empty label
checkRd: (5) TrackHub-class.Rd:76-77: \item in \describe must have non-empty label
checkRd: (5) TrackHub-class.Rd:78-80: \item in \describe must have non-empty label
checkRd: (5) TrackHub-class.Rd:81-83: \item in \describe must have non-empty label
checkRd: (5) TrackHub-class.Rd:84-88: \item in \describe must have non-empty label
checkRd: (5) TrackHub-class.Rd:95-97: \item in \describe must have non-empty label
checkRd: (5) TrackHub-class.Rd:98-100: \item in \describe must have non-empty label
checkRd: (5) TrackHub-class.Rd:101-103: \item in \describe must have non-empty label
checkRd: (5) TrackHub-class.Rd:104-106: \item in \describe must have non-empty label
checkRd: (5) TrackHub-class.Rd:107-109: \item in \describe must have non-empty label
checkRd: (5) TrackHub-class.Rd:110-112: \item in \describe must have non-empty label
checkRd: (5) TrackHub-class.Rd:113-115: \item in \describe must have non-empty label
checkRd: (5) TrackHub-class.Rd:116-118: \item in \describe must have non-empty label
checkRd: (5) TrackHub-class.Rd:119-121: \item in \describe must have non-empty label
checkRd: (5) TrackHub-class.Rd:122-124: \item in \describe must have non-empty label
checkRd: (5) TrackHub-class.Rd:125-127: \item in \describe must have non-empty label
checkRd: (5) TrackHub-class.Rd:128-130: \item in \describe must have non-empty label
checkRd: (5) TrackHub-class.Rd:131-133: \item in \describe must have non-empty label
checkRd: (5) TrackHub-class.Rd:134-136: \item in \describe must have non-empty label
checkRd: (5) TrackHub-class.Rd:137-139: \item in \describe must have non-empty label
checkRd: (5) TrackHub-class.Rd:140-144: \item in \describe must have non-empty label
checkRd: (5) TrackHubGenome-class.Rd:45-59: \item in \describe must have non-empty label
checkRd: (5) TrackHubGenome-class.Rd:67-70: \item in \describe must have non-empty label
checkRd: (5) TrackHubGenome-class.Rd:71-74: \item in \describe must have non-empty label
checkRd: (5) TrackHubGenome-class.Rd:75-77: \item in \describe must have non-empty label
checkRd: (5) TrackHubGenome-class.Rd:78-80: \item in \describe must have non-empty label
checkRd: (5) TrackHubGenome-class.Rd:81-83: \item in \describe must have non-empty label
checkRd: (5) TrackHubGenome-class.Rd:84-87: \item in \describe must have non-empty label
checkRd: (5) TrackHubGenome-class.Rd:88-91: \item in \describe must have non-empty label
checkRd: (5) TrackHubGenome-class.Rd:92-94: \item in \describe must have non-empty label
checkRd: (5) TrackHubGenome-class.Rd:95-97: \item in \describe must have non-empty label
checkRd: (5) TrackHubGenome-class.Rd:98-100: \item in \describe must have non-empty label
checkRd: (5) TrackHubGenome-class.Rd:106-108: \item in \describe must have non-empty label
checkRd: (5) TrackHubGenome-class.Rd:109-128: \item in \describe must have non-empty label
checkRd: (5) TrackHubGenome-class.Rd:129-132: \item in \describe must have non-empty label
checkRd: (5) TrackHubGenome-class.Rd:133-137: \item in \describe must have non-empty label
checkRd: (5) TwoBitFile-class.Rd:106-111: \item in \describe must have non-empty label
checkRd: (5) UCSCSchema-class.Rd:25: \item in \describe must have non-empty label
checkRd: (5) UCSCSchema-class.Rd:26: \item in \describe must have non-empty label
checkRd: (5) UCSCSchema-class.Rd:27: \item in \describe must have non-empty label
checkRd: (5) UCSCTableQuery-class.Rd:92-102: \item in \describe must have non-empty label
checkRd: (5) UCSCTableQuery-class.Rd:110-114: \item in \describe must have non-empty label
checkRd: (5) UCSCTableQuery-class.Rd:115-122: \item in \describe must have non-empty label
checkRd: (5) UCSCTableQuery-class.Rd:123-126: \item in \describe must have non-empty label
checkRd: (5) UCSCTableQuery-class.Rd:135-137: \item in \describe must have non-empty label
checkRd: (5) UCSCTableQuery-class.Rd:138-140: \item in \describe must have non-empty label
checkRd: (5) UCSCTableQuery-class.Rd:141-145: \item in \describe must have non-empty label
checkRd: (5) UCSCTableQuery-class.Rd:146-152: \item in \describe must have non-empty label
checkRd: (5) UCSCTableQuery-class.Rd:153-156: \item in \describe must have non-empty label
checkRd: (5) UCSCTableQuery-class.Rd:157-158: \item in \describe must have non-empty label
checkRd: (5) UCSCTableQuery-class.Rd:159-162: \item in \describe must have non-empty label
checkRd: (-1) layTrack-methods.Rd:19: Lost braces in \itemize; meant \describe ?
checkRd: (-1) layTrack-methods.Rd:20: Lost braces in \itemize; meant \describe ?
checkRd: (5) ucscSession-class.Rd:100-105: \item in \describe must have non-empty label
* checking Rd metadata ... OK
* checking Rd cross-references ... NOTE
Found the following Rd file(s) with Rd \link{} targets missing package
anchors:
  BigBedFile.Rd: BiocFile-class
  BigWigSelection-class.Rd: IntegerRangesList-class
  GRangesForUCSCGenome.Rd: genome
  TrackHubGenome-class.Rd: BiocFile-class
  UCSCData-class.Rd: import, export
  browserSession-class.Rd: genome
  readGFF.Rd: import
  ucscSession-class.Rd: GRanges
  wigToBigWig.Rd: Seqinfo-class
Please provide package anchors for all Rd \link{} targets not in the
package itself and the base packages.
* checking for missing documentation entries ... WARNING
Undocumented code objects:
  ‘FileForFormat’ ‘Genome’ ‘Track’ ‘TrackContainer’ ‘browserSession<-’
  ‘cleanupBigBedCache’ ‘descriptionUrl’ ‘descriptionUrl<-’ ‘email’
  ‘email<-’ ‘genomeField’ ‘genomeField<-’ ‘genomeInfo’ ‘genomeInfo<-’
  ‘genomesFile’ ‘genomesFile<-’ ‘getTracks’ ‘hub’ ‘hub<-’ ‘hubUrl<-’
  ‘longLabel’ ‘longLabel<-’ ‘readGFFAsGRanges’ ‘readGFFPragmas’
  ‘shortLabel’ ‘shortLabel<-’ ‘sniffGFFVersion’ ‘trackField’
  ‘trackField<-’ ‘trackName’ ‘trackName<-’
Undocumented S4 classes:
  ‘Track’ ‘RTLFile’ ‘TrackContainer’ ‘RTLFileList’
Undocumented S4 methods:
  generic 'as.character' and siglist 'RTLFile'
  generic 'browserSession' and siglist 'UCSCTableQuery'
  generic 'browserSession<-' and siglist 'UCSCTableQuery'
  generic 'export' and siglist 'CompressedGRangesList,BEDFile,ANY'
  generic 'export' and siglist 'CompressedGRangesList,GFFFile,ANY'
  generic 'export' and siglist 'GRangesList,UCSCFile,ANY'
  generic 'export' and siglist 'SimpleGRangesList,BEDFile,ANY'
  generic 'export' and siglist 'SimpleGRangesList,GFFFile,ANY'
  generic 'export' and siglist 'SimpleGRangesList,WIGFile,ANY'
  generic 'fileFormat' and siglist 'Bed15TrackLine'
  generic 'fileFormat' and siglist 'GraphTrackLine'
  generic 'fileFormat' and siglist 'RTLFile'
  generic 'fileFormat' and siglist 'TrackLine'
  generic 'genomesFile' and siglist 'TrackHub'
  generic 'genomesFile<-' and siglist 'TrackHub'
  generic 'initialize' and siglist 'RTLFile'
  generic 'liftOver' and siglist 'GRangesList,Chain'
  generic 'names' and siglist 'GenomeContainer'
  generic 'names' and siglist 'Quickload'
  generic 'names' and siglist 'TrackContainer'
  generic 'names' and siglist 'TrackHub'
  generic 'path' and siglist 'RTLFile'
  generic 'show' and siglist 'RTLFile'
  generic 'show' and siglist 'UCSCSchema'
  generic 'track<-' and siglist 'TrackHubGenome,BiocFile'
  generic 'track<-' and siglist 'UCSCSession,SimpleGRangesList'
  generic 'trackName' and siglist 'UCSCTableQuery'
  generic 'trackName<-' and siglist 'UCSCTableQuery'
  generic 'trackNames' and siglist 'QuickloadGenome'
  generic 'trackNames' and siglist 'TrackHubGenome'
  generic 'trackNames' and siglist 'UCSCTableQuery'
  generic 'uri' and siglist 'Quickload'
  generic 'uri' and siglist 'TrackHub'
  generic 'writeTrackHub' and siglist 'TrackHub'
All user-level objects in a package (including S4 classes and methods)
should have documentation entries.
See chapter ‘Writing R documentation files’ in the ‘Writing R
Extensions’ manual.
* checking for code/documentation mismatches ... WARNING
S4 class codoc mismatches from Rd file 'ucscView-class.Rd':
Slots for class 'UCSCView'
  Code: form hgsid session
  Inherited: session
  Docs: hgsid session

* checking Rd \usage sections ... OK
* checking Rd contents ... NOTE
Argument items with no description in Rd file 'readGFF.Rd':
  ‘filter’ ‘raw_data’ ‘GFF1’
* checking for unstated dependencies in examples ... OK
* checking contents of ‘data’ directory ... OK
* checking data for non-ASCII characters ... OK
* checking data for ASCII and uncompressed saves ... OK
* checking line endings in shell scripts ... OK
* checking line endings in C/C++/Fortran sources/headers ... OK
* checking line endings in Makefiles ... OK
* checking compilation flags in Makevars ... NOTE
Package has both ‘src/Makevars.in’ and ‘src/Makevars’.
Installation with --no-configure' is unlikely to work.  If you intended
‘src/Makevars’ to be used on Windows, rename it to ‘src/Makevars.win’
otherwise remove it.  If ‘configure’ created ‘src/Makevars’, you need a
‘cleanup’ script.
* checking for GNU extensions in Makefiles ... OK
* checking for portable use of $(BLAS_LIBS) and $(LAPACK_LIBS) ... OK
* checking use of PKG_*FLAGS in Makefiles ... OK
* checking compiled code ... WARNING
Note: information on .o files is not available
File ‘/home/biocbuild/bbs-3.21-bioc/R/site-library/rtracklayer/libs/rtracklayer.so’:
  Found ‘__printf_chk’, possibly from ‘printf’ (C)
  Found ‘__sprintf_chk’, possibly from ‘sprintf’ (C)
  Found ‘_exit’, possibly from ‘_exit’ (C)
  Found ‘abort’, possibly from ‘abort’ (C)
  Found ‘exit’, possibly from ‘exit’ (C)
  Found ‘rand’, possibly from ‘rand’ (C)
  Found ‘stderr’, possibly from ‘stderr’ (C)
  Found ‘stdout’, possibly from ‘stdout’ (C)
File ‘rtracklayer/libs/rtracklayer.so’:
  Found non-API calls to R: ‘R_ReadConnection’, ‘R_ignore_SIGPIPE’,
    ‘getConnection’

Compiled code should not call entry points which might terminate R nor
write to stdout/stderr instead of to the console, nor use Fortran I/O
nor system RNGs nor [v]sprintf. The detected symbols are linked into
the code but might come from libraries and not actually be called.
Compiled code should not call non-API entry points in R.

See ‘Writing portable packages’ in the ‘Writing R Extensions’ manual,
and section ‘Moving into C API compliance’ for issues with the use of
non-API entry points.
* checking files in ‘vignettes’ ... OK
* checking examples ... OK
Examples with CPU (user + system) or elapsed time > 5s
             user system elapsed
BigWigFile 21.761  4.496  26.258
* checking for unstated dependencies in ‘tests’ ... OK
* checking tests ...
  Running ‘rtracklayer_unit_tests.R’
 OK
* checking for unstated dependencies in vignettes ... OK
* checking package vignettes ... OK
* checking re-building of vignette outputs ... OK
* checking PDF version of manual ... OK
* DONE

Status: 5 WARNINGs, 6 NOTEs
See
  ‘/home/biocbuild/bbs-3.21-bioc/meat/rtracklayer.Rcheck/00check.log’
for details.


Installation output

rtracklayer.Rcheck/00install.out

##############################################################################
##############################################################################
###
### Running command:
###
###   /home/biocbuild/bbs-3.21-bioc/R/bin/R CMD INSTALL rtracklayer
###
##############################################################################
##############################################################################


* installing to library ‘/home/biocbuild/bbs-3.21-bioc/R/site-library’
* installing *source* package ‘rtracklayer’ ...
** this is package ‘rtracklayer’ version ‘1.67.0’
** using staged installation
checking for pkg-config... /usr/bin/pkg-config
checking pkg-config is at least version 0.9.0... yes
checking for OPENSSL... yes
configure: creating ./config.status
config.status: creating src/Makevars
** libs
using C compiler: ‘gcc (Ubuntu 13.3.0-6ubuntu2~24.04) 13.3.0’
gcc -I"/home/biocbuild/bbs-3.21-bioc/R/include" -DNDEBUG -DUSE_SSL -D_FILE_OFFSET_BITS=64 -I'/home/biocbuild/bbs-3.21-bioc/R/site-library/S4Vectors/include' -I'/home/biocbuild/bbs-3.21-bioc/R/site-library/IRanges/include' -I'/home/biocbuild/bbs-3.21-bioc/R/site-library/XVector/include' -I/usr/local/include    -fpic  -g -O2  -c S4Vectors_stubs.c -o S4Vectors_stubs.o
gcc -I"/home/biocbuild/bbs-3.21-bioc/R/include" -DNDEBUG -DUSE_SSL -D_FILE_OFFSET_BITS=64 -I'/home/biocbuild/bbs-3.21-bioc/R/site-library/S4Vectors/include' -I'/home/biocbuild/bbs-3.21-bioc/R/site-library/IRanges/include' -I'/home/biocbuild/bbs-3.21-bioc/R/site-library/XVector/include' -I/usr/local/include    -fpic  -g -O2  -c IRanges_stubs.c -o IRanges_stubs.o
gcc -I"/home/biocbuild/bbs-3.21-bioc/R/include" -DNDEBUG -DUSE_SSL -D_FILE_OFFSET_BITS=64 -I'/home/biocbuild/bbs-3.21-bioc/R/site-library/S4Vectors/include' -I'/home/biocbuild/bbs-3.21-bioc/R/site-library/IRanges/include' -I'/home/biocbuild/bbs-3.21-bioc/R/site-library/XVector/include' -I/usr/local/include    -fpic  -g -O2  -c XVector_stubs.c -o XVector_stubs.o
gcc -I"/home/biocbuild/bbs-3.21-bioc/R/include" -DNDEBUG -DUSE_SSL -D_FILE_OFFSET_BITS=64 -I'/home/biocbuild/bbs-3.21-bioc/R/site-library/S4Vectors/include' -I'/home/biocbuild/bbs-3.21-bioc/R/site-library/IRanges/include' -I'/home/biocbuild/bbs-3.21-bioc/R/site-library/XVector/include' -I/usr/local/include    -fpic  -g -O2  -c R_init_rtracklayer.c -o R_init_rtracklayer.o
gcc -I"/home/biocbuild/bbs-3.21-bioc/R/include" -DNDEBUG -DUSE_SSL -D_FILE_OFFSET_BITS=64 -I'/home/biocbuild/bbs-3.21-bioc/R/site-library/S4Vectors/include' -I'/home/biocbuild/bbs-3.21-bioc/R/site-library/IRanges/include' -I'/home/biocbuild/bbs-3.21-bioc/R/site-library/XVector/include' -I/usr/local/include    -fpic  -g -O2  -c readGFF.c -o readGFF.o
gcc -I"/home/biocbuild/bbs-3.21-bioc/R/include" -DNDEBUG -DUSE_SSL -D_FILE_OFFSET_BITS=64 -I'/home/biocbuild/bbs-3.21-bioc/R/site-library/S4Vectors/include' -I'/home/biocbuild/bbs-3.21-bioc/R/site-library/IRanges/include' -I'/home/biocbuild/bbs-3.21-bioc/R/site-library/XVector/include' -I/usr/local/include    -fpic  -g -O2  -c bbiHelper.c -o bbiHelper.o
gcc -I"/home/biocbuild/bbs-3.21-bioc/R/include" -DNDEBUG -DUSE_SSL -D_FILE_OFFSET_BITS=64 -I'/home/biocbuild/bbs-3.21-bioc/R/site-library/S4Vectors/include' -I'/home/biocbuild/bbs-3.21-bioc/R/site-library/IRanges/include' -I'/home/biocbuild/bbs-3.21-bioc/R/site-library/XVector/include' -I/usr/local/include    -fpic  -g -O2  -c bigWig.c -o bigWig.o
gcc -I"/home/biocbuild/bbs-3.21-bioc/R/include" -DNDEBUG -DUSE_SSL -D_FILE_OFFSET_BITS=64 -I'/home/biocbuild/bbs-3.21-bioc/R/site-library/S4Vectors/include' -I'/home/biocbuild/bbs-3.21-bioc/R/site-library/IRanges/include' -I'/home/biocbuild/bbs-3.21-bioc/R/site-library/XVector/include' -I/usr/local/include    -fpic  -g -O2  -c bigBedHelper.c -o bigBedHelper.o
gcc -I"/home/biocbuild/bbs-3.21-bioc/R/include" -DNDEBUG -DUSE_SSL -D_FILE_OFFSET_BITS=64 -I'/home/biocbuild/bbs-3.21-bioc/R/site-library/S4Vectors/include' -I'/home/biocbuild/bbs-3.21-bioc/R/site-library/IRanges/include' -I'/home/biocbuild/bbs-3.21-bioc/R/site-library/XVector/include' -I/usr/local/include    -fpic  -g -O2  -c bigBed.c -o bigBed.o
gcc -I"/home/biocbuild/bbs-3.21-bioc/R/include" -DNDEBUG -DUSE_SSL -D_FILE_OFFSET_BITS=64 -I'/home/biocbuild/bbs-3.21-bioc/R/site-library/S4Vectors/include' -I'/home/biocbuild/bbs-3.21-bioc/R/site-library/IRanges/include' -I'/home/biocbuild/bbs-3.21-bioc/R/site-library/XVector/include' -I/usr/local/include    -fpic  -g -O2  -c chain_io.c -o chain_io.o
gcc -I"/home/biocbuild/bbs-3.21-bioc/R/include" -DNDEBUG -DUSE_SSL -D_FILE_OFFSET_BITS=64 -I'/home/biocbuild/bbs-3.21-bioc/R/site-library/S4Vectors/include' -I'/home/biocbuild/bbs-3.21-bioc/R/site-library/IRanges/include' -I'/home/biocbuild/bbs-3.21-bioc/R/site-library/XVector/include' -I/usr/local/include    -fpic  -g -O2  -c twoBit.c -o twoBit.o
gcc -I"/home/biocbuild/bbs-3.21-bioc/R/include" -DNDEBUG -DUSE_SSL -D_FILE_OFFSET_BITS=64 -I'/home/biocbuild/bbs-3.21-bioc/R/site-library/S4Vectors/include' -I'/home/biocbuild/bbs-3.21-bioc/R/site-library/IRanges/include' -I'/home/biocbuild/bbs-3.21-bioc/R/site-library/XVector/include' -I/usr/local/include    -fpic  -g -O2  -c handlers.c -o handlers.o
gcc -I"/home/biocbuild/bbs-3.21-bioc/R/include" -DNDEBUG -DUSE_SSL -D_FILE_OFFSET_BITS=64 -I'/home/biocbuild/bbs-3.21-bioc/R/site-library/S4Vectors/include' -I'/home/biocbuild/bbs-3.21-bioc/R/site-library/IRanges/include' -I'/home/biocbuild/bbs-3.21-bioc/R/site-library/XVector/include' -I/usr/local/include    -fpic  -g -O2  -c utils.c -o utils.o
gcc -I"/home/biocbuild/bbs-3.21-bioc/R/include" -DNDEBUG -DUSE_SSL -D_FILE_OFFSET_BITS=64 -I'/home/biocbuild/bbs-3.21-bioc/R/site-library/S4Vectors/include' -I'/home/biocbuild/bbs-3.21-bioc/R/site-library/IRanges/include' -I'/home/biocbuild/bbs-3.21-bioc/R/site-library/XVector/include' -I/usr/local/include    -fpic  -g -O2  -c ucsc/memgfx.c -o ucsc/memgfx.o
gcc -I"/home/biocbuild/bbs-3.21-bioc/R/include" -DNDEBUG -DUSE_SSL -D_FILE_OFFSET_BITS=64 -I'/home/biocbuild/bbs-3.21-bioc/R/site-library/S4Vectors/include' -I'/home/biocbuild/bbs-3.21-bioc/R/site-library/IRanges/include' -I'/home/biocbuild/bbs-3.21-bioc/R/site-library/XVector/include' -I/usr/local/include    -fpic  -g -O2  -c ucsc/binRange.c -o ucsc/binRange.o
gcc -I"/home/biocbuild/bbs-3.21-bioc/R/include" -DNDEBUG -DUSE_SSL -D_FILE_OFFSET_BITS=64 -I'/home/biocbuild/bbs-3.21-bioc/R/site-library/S4Vectors/include' -I'/home/biocbuild/bbs-3.21-bioc/R/site-library/IRanges/include' -I'/home/biocbuild/bbs-3.21-bioc/R/site-library/XVector/include' -I/usr/local/include    -fpic  -g -O2  -c ucsc/htmlColor.c -o ucsc/htmlColor.o
gcc -I"/home/biocbuild/bbs-3.21-bioc/R/include" -DNDEBUG -DUSE_SSL -D_FILE_OFFSET_BITS=64 -I'/home/biocbuild/bbs-3.21-bioc/R/site-library/S4Vectors/include' -I'/home/biocbuild/bbs-3.21-bioc/R/site-library/IRanges/include' -I'/home/biocbuild/bbs-3.21-bioc/R/site-library/XVector/include' -I/usr/local/include    -fpic  -g -O2  -c ucsc/sqlList.c -o ucsc/sqlList.o
gcc -I"/home/biocbuild/bbs-3.21-bioc/R/include" -DNDEBUG -DUSE_SSL -D_FILE_OFFSET_BITS=64 -I'/home/biocbuild/bbs-3.21-bioc/R/site-library/S4Vectors/include' -I'/home/biocbuild/bbs-3.21-bioc/R/site-library/IRanges/include' -I'/home/biocbuild/bbs-3.21-bioc/R/site-library/XVector/include' -I/usr/local/include    -fpic  -g -O2  -c ucsc/tokenizer.c -o ucsc/tokenizer.o
gcc -I"/home/biocbuild/bbs-3.21-bioc/R/include" -DNDEBUG -DUSE_SSL -D_FILE_OFFSET_BITS=64 -I'/home/biocbuild/bbs-3.21-bioc/R/site-library/S4Vectors/include' -I'/home/biocbuild/bbs-3.21-bioc/R/site-library/IRanges/include' -I'/home/biocbuild/bbs-3.21-bioc/R/site-library/XVector/include' -I/usr/local/include    -fpic  -g -O2  -c ucsc/asParse.c -o ucsc/asParse.o
gcc -I"/home/biocbuild/bbs-3.21-bioc/R/include" -DNDEBUG -DUSE_SSL -D_FILE_OFFSET_BITS=64 -I'/home/biocbuild/bbs-3.21-bioc/R/site-library/S4Vectors/include' -I'/home/biocbuild/bbs-3.21-bioc/R/site-library/IRanges/include' -I'/home/biocbuild/bbs-3.21-bioc/R/site-library/XVector/include' -I/usr/local/include    -fpic  -g -O2  -c ucsc/basicBed.c -o ucsc/basicBed.o
gcc -I"/home/biocbuild/bbs-3.21-bioc/R/include" -DNDEBUG -DUSE_SSL -D_FILE_OFFSET_BITS=64 -I'/home/biocbuild/bbs-3.21-bioc/R/site-library/S4Vectors/include' -I'/home/biocbuild/bbs-3.21-bioc/R/site-library/IRanges/include' -I'/home/biocbuild/bbs-3.21-bioc/R/site-library/XVector/include' -I/usr/local/include    -fpic  -g -O2  -c ucsc/bigBed.c -o ucsc/bigBed.o
gcc -I"/home/biocbuild/bbs-3.21-bioc/R/include" -DNDEBUG -DUSE_SSL -D_FILE_OFFSET_BITS=64 -I'/home/biocbuild/bbs-3.21-bioc/R/site-library/S4Vectors/include' -I'/home/biocbuild/bbs-3.21-bioc/R/site-library/IRanges/include' -I'/home/biocbuild/bbs-3.21-bioc/R/site-library/XVector/include' -I/usr/local/include    -fpic  -g -O2  -c ucsc/bPlusTree.c -o ucsc/bPlusTree.o
gcc -I"/home/biocbuild/bbs-3.21-bioc/R/include" -DNDEBUG -DUSE_SSL -D_FILE_OFFSET_BITS=64 -I'/home/biocbuild/bbs-3.21-bioc/R/site-library/S4Vectors/include' -I'/home/biocbuild/bbs-3.21-bioc/R/site-library/IRanges/include' -I'/home/biocbuild/bbs-3.21-bioc/R/site-library/XVector/include' -I/usr/local/include    -fpic  -g -O2  -c ucsc/bbiRead.c -o ucsc/bbiRead.o
gcc -I"/home/biocbuild/bbs-3.21-bioc/R/include" -DNDEBUG -DUSE_SSL -D_FILE_OFFSET_BITS=64 -I'/home/biocbuild/bbs-3.21-bioc/R/site-library/S4Vectors/include' -I'/home/biocbuild/bbs-3.21-bioc/R/site-library/IRanges/include' -I'/home/biocbuild/bbs-3.21-bioc/R/site-library/XVector/include' -I/usr/local/include    -fpic  -g -O2  -c ucsc/bbiWrite.c -o ucsc/bbiWrite.o
gcc -I"/home/biocbuild/bbs-3.21-bioc/R/include" -DNDEBUG -DUSE_SSL -D_FILE_OFFSET_BITS=64 -I'/home/biocbuild/bbs-3.21-bioc/R/site-library/S4Vectors/include' -I'/home/biocbuild/bbs-3.21-bioc/R/site-library/IRanges/include' -I'/home/biocbuild/bbs-3.21-bioc/R/site-library/XVector/include' -I/usr/local/include    -fpic  -g -O2  -c ucsc/bwgCreate.c -o ucsc/bwgCreate.o
gcc -I"/home/biocbuild/bbs-3.21-bioc/R/include" -DNDEBUG -DUSE_SSL -D_FILE_OFFSET_BITS=64 -I'/home/biocbuild/bbs-3.21-bioc/R/site-library/S4Vectors/include' -I'/home/biocbuild/bbs-3.21-bioc/R/site-library/IRanges/include' -I'/home/biocbuild/bbs-3.21-bioc/R/site-library/XVector/include' -I/usr/local/include    -fpic  -g -O2  -c ucsc/bwgQuery.c -o ucsc/bwgQuery.o
gcc -I"/home/biocbuild/bbs-3.21-bioc/R/include" -DNDEBUG -DUSE_SSL -D_FILE_OFFSET_BITS=64 -I'/home/biocbuild/bbs-3.21-bioc/R/site-library/S4Vectors/include' -I'/home/biocbuild/bbs-3.21-bioc/R/site-library/IRanges/include' -I'/home/biocbuild/bbs-3.21-bioc/R/site-library/XVector/include' -I/usr/local/include    -fpic  -g -O2  -c ucsc/cirTree.c -o ucsc/cirTree.o
gcc -I"/home/biocbuild/bbs-3.21-bioc/R/include" -DNDEBUG -DUSE_SSL -D_FILE_OFFSET_BITS=64 -I'/home/biocbuild/bbs-3.21-bioc/R/site-library/S4Vectors/include' -I'/home/biocbuild/bbs-3.21-bioc/R/site-library/IRanges/include' -I'/home/biocbuild/bbs-3.21-bioc/R/site-library/XVector/include' -I/usr/local/include    -fpic  -g -O2  -c ucsc/common.c -o ucsc/common.o
gcc -I"/home/biocbuild/bbs-3.21-bioc/R/include" -DNDEBUG -DUSE_SSL -D_FILE_OFFSET_BITS=64 -I'/home/biocbuild/bbs-3.21-bioc/R/site-library/S4Vectors/include' -I'/home/biocbuild/bbs-3.21-bioc/R/site-library/IRanges/include' -I'/home/biocbuild/bbs-3.21-bioc/R/site-library/XVector/include' -I/usr/local/include    -fpic  -g -O2  -c ucsc/dnaseq.c -o ucsc/dnaseq.o
gcc -I"/home/biocbuild/bbs-3.21-bioc/R/include" -DNDEBUG -DUSE_SSL -D_FILE_OFFSET_BITS=64 -I'/home/biocbuild/bbs-3.21-bioc/R/site-library/S4Vectors/include' -I'/home/biocbuild/bbs-3.21-bioc/R/site-library/IRanges/include' -I'/home/biocbuild/bbs-3.21-bioc/R/site-library/XVector/include' -I/usr/local/include    -fpic  -g -O2  -c ucsc/dnautil.c -o ucsc/dnautil.o
gcc -I"/home/biocbuild/bbs-3.21-bioc/R/include" -DNDEBUG -DUSE_SSL -D_FILE_OFFSET_BITS=64 -I'/home/biocbuild/bbs-3.21-bioc/R/site-library/S4Vectors/include' -I'/home/biocbuild/bbs-3.21-bioc/R/site-library/IRanges/include' -I'/home/biocbuild/bbs-3.21-bioc/R/site-library/XVector/include' -I/usr/local/include    -fpic  -g -O2  -c ucsc/errAbort.c -o ucsc/errAbort.o
ucsc/errAbort.c: In function ‘getThreadVars’:
ucsc/errAbort.c:255:5: warning: ignoring return value of ‘write’ declared with attribute ‘warn_unused_result’ [-Wunused-result]
  255 |     write(STDERR_FILENO, errMsg, strlen(errMsg));
      |     ^~~~~~~~~~~~~~~~~~~~~~~~~~~~~~~~~~~~~~~~~~~~
gcc -I"/home/biocbuild/bbs-3.21-bioc/R/include" -DNDEBUG -DUSE_SSL -D_FILE_OFFSET_BITS=64 -I'/home/biocbuild/bbs-3.21-bioc/R/site-library/S4Vectors/include' -I'/home/biocbuild/bbs-3.21-bioc/R/site-library/IRanges/include' -I'/home/biocbuild/bbs-3.21-bioc/R/site-library/XVector/include' -I/usr/local/include    -fpic  -g -O2  -c ucsc/hash.c -o ucsc/hash.o
gcc -I"/home/biocbuild/bbs-3.21-bioc/R/include" -DNDEBUG -DUSE_SSL -D_FILE_OFFSET_BITS=64 -I'/home/biocbuild/bbs-3.21-bioc/R/site-library/S4Vectors/include' -I'/home/biocbuild/bbs-3.21-bioc/R/site-library/IRanges/include' -I'/home/biocbuild/bbs-3.21-bioc/R/site-library/XVector/include' -I/usr/local/include    -fpic  -g -O2  -c ucsc/linefile.c -o ucsc/linefile.o
gcc -I"/home/biocbuild/bbs-3.21-bioc/R/include" -DNDEBUG -DUSE_SSL -D_FILE_OFFSET_BITS=64 -I'/home/biocbuild/bbs-3.21-bioc/R/site-library/S4Vectors/include' -I'/home/biocbuild/bbs-3.21-bioc/R/site-library/IRanges/include' -I'/home/biocbuild/bbs-3.21-bioc/R/site-library/XVector/include' -I/usr/local/include    -fpic  -g -O2  -c ucsc/localmem.c -o ucsc/localmem.o
gcc -I"/home/biocbuild/bbs-3.21-bioc/R/include" -DNDEBUG -DUSE_SSL -D_FILE_OFFSET_BITS=64 -I'/home/biocbuild/bbs-3.21-bioc/R/site-library/S4Vectors/include' -I'/home/biocbuild/bbs-3.21-bioc/R/site-library/IRanges/include' -I'/home/biocbuild/bbs-3.21-bioc/R/site-library/XVector/include' -I/usr/local/include    -fpic  -g -O2  -c ucsc/sqlNum.c -o ucsc/sqlNum.o
gcc -I"/home/biocbuild/bbs-3.21-bioc/R/include" -DNDEBUG -DUSE_SSL -D_FILE_OFFSET_BITS=64 -I'/home/biocbuild/bbs-3.21-bioc/R/site-library/S4Vectors/include' -I'/home/biocbuild/bbs-3.21-bioc/R/site-library/IRanges/include' -I'/home/biocbuild/bbs-3.21-bioc/R/site-library/XVector/include' -I/usr/local/include    -fpic  -g -O2  -c ucsc/zlibFace.c -o ucsc/zlibFace.o
gcc -I"/home/biocbuild/bbs-3.21-bioc/R/include" -DNDEBUG -DUSE_SSL -D_FILE_OFFSET_BITS=64 -I'/home/biocbuild/bbs-3.21-bioc/R/site-library/S4Vectors/include' -I'/home/biocbuild/bbs-3.21-bioc/R/site-library/IRanges/include' -I'/home/biocbuild/bbs-3.21-bioc/R/site-library/XVector/include' -I/usr/local/include    -fpic  -g -O2  -c ucsc/dystring.c -o ucsc/dystring.o
gcc -I"/home/biocbuild/bbs-3.21-bioc/R/include" -DNDEBUG -DUSE_SSL -D_FILE_OFFSET_BITS=64 -I'/home/biocbuild/bbs-3.21-bioc/R/site-library/S4Vectors/include' -I'/home/biocbuild/bbs-3.21-bioc/R/site-library/IRanges/include' -I'/home/biocbuild/bbs-3.21-bioc/R/site-library/XVector/include' -I/usr/local/include    -fpic  -g -O2  -c ucsc/hmmstats.c -o ucsc/hmmstats.o
gcc -I"/home/biocbuild/bbs-3.21-bioc/R/include" -DNDEBUG -DUSE_SSL -D_FILE_OFFSET_BITS=64 -I'/home/biocbuild/bbs-3.21-bioc/R/site-library/S4Vectors/include' -I'/home/biocbuild/bbs-3.21-bioc/R/site-library/IRanges/include' -I'/home/biocbuild/bbs-3.21-bioc/R/site-library/XVector/include' -I/usr/local/include    -fpic  -g -O2  -c ucsc/obscure.c -o ucsc/obscure.o
gcc -I"/home/biocbuild/bbs-3.21-bioc/R/include" -DNDEBUG -DUSE_SSL -D_FILE_OFFSET_BITS=64 -I'/home/biocbuild/bbs-3.21-bioc/R/site-library/S4Vectors/include' -I'/home/biocbuild/bbs-3.21-bioc/R/site-library/IRanges/include' -I'/home/biocbuild/bbs-3.21-bioc/R/site-library/XVector/include' -I/usr/local/include    -fpic  -g -O2  -c ucsc/pipeline.c -o ucsc/pipeline.o
gcc -I"/home/biocbuild/bbs-3.21-bioc/R/include" -DNDEBUG -DUSE_SSL -D_FILE_OFFSET_BITS=64 -I'/home/biocbuild/bbs-3.21-bioc/R/site-library/S4Vectors/include' -I'/home/biocbuild/bbs-3.21-bioc/R/site-library/IRanges/include' -I'/home/biocbuild/bbs-3.21-bioc/R/site-library/XVector/include' -I/usr/local/include    -fpic  -g -O2  -c ucsc/rangeTree.c -o ucsc/rangeTree.o
gcc -I"/home/biocbuild/bbs-3.21-bioc/R/include" -DNDEBUG -DUSE_SSL -D_FILE_OFFSET_BITS=64 -I'/home/biocbuild/bbs-3.21-bioc/R/site-library/S4Vectors/include' -I'/home/biocbuild/bbs-3.21-bioc/R/site-library/IRanges/include' -I'/home/biocbuild/bbs-3.21-bioc/R/site-library/XVector/include' -I/usr/local/include    -fpic  -g -O2  -c ucsc/rbTree.c -o ucsc/rbTree.o
gcc -I"/home/biocbuild/bbs-3.21-bioc/R/include" -DNDEBUG -DUSE_SSL -D_FILE_OFFSET_BITS=64 -I'/home/biocbuild/bbs-3.21-bioc/R/site-library/S4Vectors/include' -I'/home/biocbuild/bbs-3.21-bioc/R/site-library/IRanges/include' -I'/home/biocbuild/bbs-3.21-bioc/R/site-library/XVector/include' -I/usr/local/include    -fpic  -g -O2  -c ucsc/memalloc.c -o ucsc/memalloc.o
gcc -I"/home/biocbuild/bbs-3.21-bioc/R/include" -DNDEBUG -DUSE_SSL -D_FILE_OFFSET_BITS=64 -I'/home/biocbuild/bbs-3.21-bioc/R/site-library/S4Vectors/include' -I'/home/biocbuild/bbs-3.21-bioc/R/site-library/IRanges/include' -I'/home/biocbuild/bbs-3.21-bioc/R/site-library/XVector/include' -I/usr/local/include    -fpic  -g -O2  -c ucsc/dlist.c -o ucsc/dlist.o
gcc -I"/home/biocbuild/bbs-3.21-bioc/R/include" -DNDEBUG -DUSE_SSL -D_FILE_OFFSET_BITS=64 -I'/home/biocbuild/bbs-3.21-bioc/R/site-library/S4Vectors/include' -I'/home/biocbuild/bbs-3.21-bioc/R/site-library/IRanges/include' -I'/home/biocbuild/bbs-3.21-bioc/R/site-library/XVector/include' -I/usr/local/include    -fpic  -g -O2  -c ucsc/filePath.c -o ucsc/filePath.o
gcc -I"/home/biocbuild/bbs-3.21-bioc/R/include" -DNDEBUG -DUSE_SSL -D_FILE_OFFSET_BITS=64 -I'/home/biocbuild/bbs-3.21-bioc/R/site-library/S4Vectors/include' -I'/home/biocbuild/bbs-3.21-bioc/R/site-library/IRanges/include' -I'/home/biocbuild/bbs-3.21-bioc/R/site-library/XVector/include' -I/usr/local/include    -fpic  -g -O2  -c ucsc/htmlPage.c -o ucsc/htmlPage.o
gcc -I"/home/biocbuild/bbs-3.21-bioc/R/include" -DNDEBUG -DUSE_SSL -D_FILE_OFFSET_BITS=64 -I'/home/biocbuild/bbs-3.21-bioc/R/site-library/S4Vectors/include' -I'/home/biocbuild/bbs-3.21-bioc/R/site-library/IRanges/include' -I'/home/biocbuild/bbs-3.21-bioc/R/site-library/XVector/include' -I/usr/local/include    -fpic  -g -O2  -c ucsc/udc.c -o ucsc/udc.o
gcc -I"/home/biocbuild/bbs-3.21-bioc/R/include" -DNDEBUG -DUSE_SSL -D_FILE_OFFSET_BITS=64 -I'/home/biocbuild/bbs-3.21-bioc/R/site-library/S4Vectors/include' -I'/home/biocbuild/bbs-3.21-bioc/R/site-library/IRanges/include' -I'/home/biocbuild/bbs-3.21-bioc/R/site-library/XVector/include' -I/usr/local/include    -fpic  -g -O2  -c ucsc/net.c -o ucsc/net.o
gcc -I"/home/biocbuild/bbs-3.21-bioc/R/include" -DNDEBUG -DUSE_SSL -D_FILE_OFFSET_BITS=64 -I'/home/biocbuild/bbs-3.21-bioc/R/site-library/S4Vectors/include' -I'/home/biocbuild/bbs-3.21-bioc/R/site-library/IRanges/include' -I'/home/biocbuild/bbs-3.21-bioc/R/site-library/XVector/include' -I/usr/local/include    -fpic  -g -O2  -c ucsc/bits.c -o ucsc/bits.o
gcc -I"/home/biocbuild/bbs-3.21-bioc/R/include" -DNDEBUG -DUSE_SSL -D_FILE_OFFSET_BITS=64 -I'/home/biocbuild/bbs-3.21-bioc/R/site-library/S4Vectors/include' -I'/home/biocbuild/bbs-3.21-bioc/R/site-library/IRanges/include' -I'/home/biocbuild/bbs-3.21-bioc/R/site-library/XVector/include' -I/usr/local/include    -fpic  -g -O2  -c ucsc/twoBit.c -o ucsc/twoBit.o
gcc -I"/home/biocbuild/bbs-3.21-bioc/R/include" -DNDEBUG -DUSE_SSL -D_FILE_OFFSET_BITS=64 -I'/home/biocbuild/bbs-3.21-bioc/R/site-library/S4Vectors/include' -I'/home/biocbuild/bbs-3.21-bioc/R/site-library/IRanges/include' -I'/home/biocbuild/bbs-3.21-bioc/R/site-library/XVector/include' -I/usr/local/include    -fpic  -g -O2  -c ucsc/_cheapcgi.c -o ucsc/_cheapcgi.o
gcc -I"/home/biocbuild/bbs-3.21-bioc/R/include" -DNDEBUG -DUSE_SSL -D_FILE_OFFSET_BITS=64 -I'/home/biocbuild/bbs-3.21-bioc/R/site-library/S4Vectors/include' -I'/home/biocbuild/bbs-3.21-bioc/R/site-library/IRanges/include' -I'/home/biocbuild/bbs-3.21-bioc/R/site-library/XVector/include' -I/usr/local/include    -fpic  -g -O2  -c ucsc/internet.c -o ucsc/internet.o
gcc -I"/home/biocbuild/bbs-3.21-bioc/R/include" -DNDEBUG -DUSE_SSL -D_FILE_OFFSET_BITS=64 -I'/home/biocbuild/bbs-3.21-bioc/R/site-library/S4Vectors/include' -I'/home/biocbuild/bbs-3.21-bioc/R/site-library/IRanges/include' -I'/home/biocbuild/bbs-3.21-bioc/R/site-library/XVector/include' -I/usr/local/include    -fpic  -g -O2  -c ucsc/https.c -o ucsc/https.o
ucsc/https.c: In function ‘openSslInit’:
ucsc/https.c:76:5: warning: ‘ERR_load_SSL_strings’ is deprecated: Since OpenSSL 3.0 [-Wdeprecated-declarations]
   76 |     ERR_load_SSL_strings();
      |     ^~~~~~~~~~~~~~~~~~~~
In file included from /usr/include/openssl/sslerr.h:17,
                 from /usr/include/openssl/ssl.h:43,
                 from ucsc/https.c:8:
/usr/include/openssl/sslerr_legacy.h:29:27: note: declared here
   29 | OSSL_DEPRECATEDIN_3_0 int ERR_load_SSL_strings(void);
      |                           ^~~~~~~~~~~~~~~~~~~~
gcc -I"/home/biocbuild/bbs-3.21-bioc/R/include" -DNDEBUG -DUSE_SSL -D_FILE_OFFSET_BITS=64 -I'/home/biocbuild/bbs-3.21-bioc/R/site-library/S4Vectors/include' -I'/home/biocbuild/bbs-3.21-bioc/R/site-library/IRanges/include' -I'/home/biocbuild/bbs-3.21-bioc/R/site-library/XVector/include' -I/usr/local/include    -fpic  -g -O2  -c ucsc/base64.c -o ucsc/base64.o
gcc -I"/home/biocbuild/bbs-3.21-bioc/R/include" -DNDEBUG -DUSE_SSL -D_FILE_OFFSET_BITS=64 -I'/home/biocbuild/bbs-3.21-bioc/R/site-library/S4Vectors/include' -I'/home/biocbuild/bbs-3.21-bioc/R/site-library/IRanges/include' -I'/home/biocbuild/bbs-3.21-bioc/R/site-library/XVector/include' -I/usr/local/include    -fpic  -g -O2  -c ucsc/verbose.c -o ucsc/verbose.o
gcc -I"/home/biocbuild/bbs-3.21-bioc/R/include" -DNDEBUG -DUSE_SSL -D_FILE_OFFSET_BITS=64 -I'/home/biocbuild/bbs-3.21-bioc/R/site-library/S4Vectors/include' -I'/home/biocbuild/bbs-3.21-bioc/R/site-library/IRanges/include' -I'/home/biocbuild/bbs-3.21-bioc/R/site-library/XVector/include' -I/usr/local/include    -fpic  -g -O2  -c ucsc/os.c -o ucsc/os.o
gcc -I"/home/biocbuild/bbs-3.21-bioc/R/include" -DNDEBUG -DUSE_SSL -D_FILE_OFFSET_BITS=64 -I'/home/biocbuild/bbs-3.21-bioc/R/site-library/S4Vectors/include' -I'/home/biocbuild/bbs-3.21-bioc/R/site-library/IRanges/include' -I'/home/biocbuild/bbs-3.21-bioc/R/site-library/XVector/include' -I/usr/local/include    -fpic  -g -O2  -c ucsc/wildcmp.c -o ucsc/wildcmp.o
gcc -I"/home/biocbuild/bbs-3.21-bioc/R/include" -DNDEBUG -DUSE_SSL -D_FILE_OFFSET_BITS=64 -I'/home/biocbuild/bbs-3.21-bioc/R/site-library/S4Vectors/include' -I'/home/biocbuild/bbs-3.21-bioc/R/site-library/IRanges/include' -I'/home/biocbuild/bbs-3.21-bioc/R/site-library/XVector/include' -I/usr/local/include    -fpic  -g -O2  -c ucsc/_portimpl.c -o ucsc/_portimpl.o
gcc -shared -L/home/biocbuild/bbs-3.21-bioc/R/lib -L/usr/local/lib -o rtracklayer.so S4Vectors_stubs.o IRanges_stubs.o XVector_stubs.o R_init_rtracklayer.o readGFF.o bbiHelper.o bigWig.o bigBedHelper.o bigBed.o chain_io.o twoBit.o handlers.o utils.o ucsc/memgfx.o ucsc/binRange.o ucsc/htmlColor.o ucsc/sqlList.o ucsc/tokenizer.o ucsc/asParse.o ucsc/basicBed.o ucsc/bigBed.o ucsc/bPlusTree.o ucsc/bbiRead.o ucsc/bbiWrite.o ucsc/bwgCreate.o ucsc/bwgQuery.o ucsc/cirTree.o ucsc/common.o ucsc/dnaseq.o ucsc/dnautil.o ucsc/errAbort.o ucsc/hash.o ucsc/linefile.o ucsc/localmem.o ucsc/sqlNum.o ucsc/zlibFace.o ucsc/dystring.o ucsc/hmmstats.o ucsc/obscure.o ucsc/pipeline.o ucsc/rangeTree.o ucsc/rbTree.o ucsc/memalloc.o ucsc/dlist.o ucsc/filePath.o ucsc/htmlPage.o ucsc/udc.o ucsc/net.o ucsc/bits.o ucsc/twoBit.o ucsc/_cheapcgi.o ucsc/internet.o ucsc/https.o ucsc/base64.o ucsc/verbose.o ucsc/os.o ucsc/wildcmp.o ucsc/_portimpl.o -lz -pthread -lssl -lcrypto -lcurl -L/home/biocbuild/bbs-3.21-bioc/R/lib -lR
installing to /home/biocbuild/bbs-3.21-bioc/R/site-library/00LOCK-rtracklayer/00new/rtracklayer/libs
** R
** data
** demo
** inst
** byte-compile and prepare package for lazy loading
Creating a generic function for ‘offset’ from package ‘stats’ in package ‘rtracklayer’
** help
*** installing help indices
** building package indices
** installing vignettes
** testing if installed package can be loaded from temporary location
** checking absolute paths in shared objects and dynamic libraries
** testing if installed package can be loaded from final location
** testing if installed package keeps a record of temporary installation path
* DONE (rtracklayer)

Tests output

rtracklayer.Rcheck/tests/rtracklayer_unit_tests.Rout


R Under development (unstable) (2025-01-20 r87609) -- "Unsuffered Consequences"
Copyright (C) 2025 The R Foundation for Statistical Computing
Platform: x86_64-pc-linux-gnu

R is free software and comes with ABSOLUTELY NO WARRANTY.
You are welcome to redistribute it under certain conditions.
Type 'license()' or 'licence()' for distribution details.

R is a collaborative project with many contributors.
Type 'contributors()' for more information and
'citation()' on how to cite R or R packages in publications.

Type 'demo()' for some demos, 'help()' for on-line help, or
'help.start()' for an HTML browser interface to help.
Type 'q()' to quit R.

> require("rtracklayer") || stop("unable to load rtracklayer package")
Loading required package: rtracklayer
Loading required package: GenomicRanges
Loading required package: stats4
Loading required package: BiocGenerics
Loading required package: generics

Attaching package: 'generics'

The following objects are masked from 'package:base':

    as.difftime, as.factor, as.ordered, intersect, is.element, setdiff,
    setequal, union


Attaching package: 'BiocGenerics'

The following objects are masked from 'package:stats':

    IQR, mad, sd, var, xtabs

The following objects are masked from 'package:base':

    Filter, Find, Map, Position, Reduce, anyDuplicated, aperm, append,
    as.data.frame, basename, cbind, colnames, dirname, do.call,
    duplicated, eval, evalq, get, grep, grepl, is.unsorted, lapply,
    mapply, match, mget, order, paste, pmax, pmax.int, pmin, pmin.int,
    rank, rbind, rownames, sapply, saveRDS, table, tapply, unique,
    unsplit, which.max, which.min

Loading required package: S4Vectors

Attaching package: 'S4Vectors'

The following object is masked from 'package:utils':

    findMatches

The following objects are masked from 'package:base':

    I, expand.grid, unname

Loading required package: IRanges
Loading required package: GenomeInfoDb
[1] TRUE
> rtracklayer:::.test()

Attaching package: 'Biostrings'

The following object is masked from 'package:base':

    strsplit


Attaching package: 'BiocIO'

The following object is masked from 'package:rtracklayer':

    FileForFormat

Warning in readGFF(filepath, version = version, filter = filter) :
  connection is not positioned at the start of the file, rewinding it
Warning in readGFF(filepath, version = version, filter = filter) :
  connection is not positioned at the start of the file, rewinding it
Warning in readGFF(filepath, version = version, filter = filter) :
  connection is not positioned at the start of the file, rewinding it
For efficiency, consider converting this WIG file to a BigWig file;
see ?wigToBigWig


RUNIT TEST PROTOCOL -- Mon Feb 10 02:14:48 2025 
*********************************************** 
Number of test functions: 11 
Number of errors: 0 
Number of failures: 0 

 
1 Test Suite : 
rtracklayer RUnit Tests - 11 test functions, 0 errors, 0 failures
Number of test functions: 11 
Number of errors: 0 
Number of failures: 0 
There were 25 warnings (use warnings() to see them)
> 
> proc.time()
   user  system elapsed 
 41.136   1.710  93.031 

Example timings

rtracklayer.Rcheck/rtracklayer-Ex.timings

nameusersystemelapsed
BEDFile-class2.3550.1172.473
BamFile-methods0.0990.0090.107
BigBedFile0.2420.0450.287
BigBedSelection0.0200.0070.026
BigWigFile21.761 4.49626.258
BigWigSelection-class0.0170.0010.018
GFFFile-class0.9770.1591.136
GenomicData0.4930.0101.544
GenomicSelection0.0900.0030.093
Quickload-class0.0150.0000.015
QuickloadGenome-class0.0860.0030.090
TrackHub-class0.0360.0000.038
TrackHubGenome-class0.0130.0000.014
TwoBitFile-class0.0740.0040.078
UCSCSchema-class0.0000.0000.001
UCSCTableQuery-class0.0000.0010.001
WIGFile-class0.7640.0210.785
asBED0.0000.0000.001
asGFF0.0010.0000.000
browseGenome000
browserView-methods0.0000.0010.000
browserViews-methods000
cpneTrack0.9180.0190.938
layTrack-methods0.0000.0010.000
liftOver0.0000.0000.001
readGFF0.3030.0320.336
targets0.0430.0020.045
ucscGenomes0.2350.0121.086
ucscTrackModes-methods0.0150.0000.015