Back to Multiple platform build/check report for BioC 3.21:   simplified   long
ABCDEFGHIJKLMNOPQR[S]TUVWXYZ

This page was generated on 2025-02-05 11:41 -0500 (Wed, 05 Feb 2025).

HostnameOSArch (*)R versionInstalled pkgs
nebbiolo1Linux (Ubuntu 24.04.1 LTS)x86_64R Under development (unstable) (2025-01-20 r87609) -- "Unsuffered Consequences" 4717
palomino7Windows Server 2022 Datacenterx64R Under development (unstable) (2025-01-21 r87610 ucrt) -- "Unsuffered Consequences" 4478
lconwaymacOS 12.7.1 Montereyx86_64R Under development (unstable) (2025-01-22 r87618) -- "Unsuffered Consequences" 4489
kjohnson3macOS 13.7.1 Venturaarm64R Under development (unstable) (2025-01-20 r87609) -- "Unsuffered Consequences" 4442
Click on any hostname to see more info about the system (e.g. compilers)      (*) as reported by 'uname -p', except on Windows and Mac OS X

Package 1926/2295HostnameOS / ArchINSTALLBUILDCHECKBUILD BIN
seqArchRplus 1.7.0  (landing page)
Sarvesh Nikumbh
Snapshot Date: 2025-02-04 13:40 -0500 (Tue, 04 Feb 2025)
git_url: https://git.bioconductor.org/packages/seqArchRplus
git_branch: devel
git_last_commit: 782da3e
git_last_commit_date: 2024-10-29 11:16:40 -0500 (Tue, 29 Oct 2024)
nebbiolo1Linux (Ubuntu 24.04.1 LTS) / x86_64  OK    OK    WARNINGS  UNNEEDED, same version is already published
palomino7Windows Server 2022 Datacenter / x64  OK    OK    WARNINGS    OK  UNNEEDED, same version is already published
lconwaymacOS 12.7.1 Monterey / x86_64  OK    OK    WARNINGS    OK  UNNEEDED, same version is already published
kjohnson3macOS 13.7.1 Ventura / arm64  OK    OK    WARNINGS    OK  UNNEEDED, same version is already published


CHECK results for seqArchRplus on palomino7

To the developers/maintainers of the seqArchRplus package:
- Allow up to 24 hours (and sometimes 48 hours) for your latest push to git@git.bioconductor.org:packages/seqArchRplus.git to reflect on this report. See Troubleshooting Build Report for more information.
- Use the following Renviron settings to reproduce errors and warnings.
- If 'R CMD check' started to fail recently on the Linux builder(s) over a missing dependency, add the missing dependency to 'Suggests:' in your DESCRIPTION file. See Renviron.bioc for more information.

raw results


Summary

Package: seqArchRplus
Version: 1.7.0
Command: E:\biocbuild\bbs-3.21-bioc\R\bin\R.exe CMD check --no-multiarch --install=check:seqArchRplus.install-out.txt --library=E:\biocbuild\bbs-3.21-bioc\R\library --no-vignettes --timings seqArchRplus_1.7.0.tar.gz
StartedAt: 2025-02-05 05:45:48 -0500 (Wed, 05 Feb 2025)
EndedAt: 2025-02-05 05:51:41 -0500 (Wed, 05 Feb 2025)
EllapsedTime: 353.3 seconds
RetCode: 0
Status:   WARNINGS  
CheckDir: seqArchRplus.Rcheck
Warnings: 1

Command output

##############################################################################
##############################################################################
###
### Running command:
###
###   E:\biocbuild\bbs-3.21-bioc\R\bin\R.exe CMD check --no-multiarch --install=check:seqArchRplus.install-out.txt --library=E:\biocbuild\bbs-3.21-bioc\R\library --no-vignettes --timings seqArchRplus_1.7.0.tar.gz
###
##############################################################################
##############################################################################


* using log directory 'E:/biocbuild/bbs-3.21-bioc/meat/seqArchRplus.Rcheck'
* using R Under development (unstable) (2025-01-21 r87610 ucrt)
* using platform: x86_64-w64-mingw32
* R was compiled by
    gcc.exe (GCC) 13.3.0
    GNU Fortran (GCC) 13.3.0
* running under: Windows Server 2022 x64 (build 20348)
* using session charset: UTF-8
* using option '--no-vignettes'
* checking for file 'seqArchRplus/DESCRIPTION' ... OK
* checking extension type ... Package
* this is package 'seqArchRplus' version '1.7.0'
* package encoding: UTF-8
* checking package namespace information ... OK
* checking package dependencies ... OK
* checking if this is a source package ... OK
* checking if there is a namespace ... OK
* checking for hidden files and directories ... OK
* checking for portable file names ... OK
* checking whether package 'seqArchRplus' can be installed ... OK
* checking installed package size ... OK
* checking package directory ... OK
* checking 'build' directory ... OK
* checking DESCRIPTION meta-information ... OK
* checking top-level files ... OK
* checking for left-over files ... OK
* checking index information ... OK
* checking package subdirectories ... OK
* checking code files for non-ASCII characters ... OK
* checking R files for syntax errors ... OK
* checking whether the package can be loaded ... OK
* checking whether the package can be loaded with stated dependencies ... OK
* checking whether the package can be unloaded cleanly ... OK
* checking whether the namespace can be loaded with stated dependencies ... OK
* checking whether the namespace can be unloaded cleanly ... OK
* checking whether startup messages can be suppressed ... OK
* checking dependencies in R code ... OK
* checking S3 generic/method consistency ... OK
* checking replacement functions ... OK
* checking foreign function calls ... OK
* checking R code for possible problems ... OK
* checking Rd files ... OK
* checking Rd metadata ... OK
* checking Rd cross-references ... WARNING
Missing link(s) in Rd file 'generate_all_plots.Rd':
  '[CAGEr]{clusterCTSS}'

See section 'Cross-references' in the 'Writing R Extensions' manual.

Found the following Rd file(s) with Rd \link{} targets missing package
anchors:
  seqArchRplus.Rd: prepare_data_from_FASTA, get_one_hot_encoded_seqs,
    plot_arch_for_clusters, plot_ggseqlogo_of_seqs, viz_bas_vec,
    viz_seqs_acgt_mat, viz_pwm
Please provide package anchors for all Rd \link{} targets not in the
package itself and the base packages.
* checking for missing documentation entries ... OK
* checking for code/documentation mismatches ... OK
* checking Rd \usage sections ... OK
* checking Rd contents ... OK
* checking for unstated dependencies in examples ... OK
* checking files in 'vignettes' ... OK
* checking examples ... OK
Examples with CPU (user + system) or elapsed time > 5s
                                 user system elapsed
per_cluster_go_term_enrichments 54.64   2.92   58.59
generate_all_plots              44.22   2.50   46.81
curate_clusters                 10.58   0.76   11.08
per_cluster_annotations          8.76   0.22    9.00
plot_motif_heatmaps2             4.50   1.19    5.67
* checking for unstated dependencies in vignettes ... OK
* checking package vignettes ... OK
* checking running R code from vignettes ... SKIPPED
* checking re-building of vignette outputs ... SKIPPED
* checking PDF version of manual ... OK
* DONE

Status: 1 WARNING
See
  'E:/biocbuild/bbs-3.21-bioc/meat/seqArchRplus.Rcheck/00check.log'
for details.


Installation output

seqArchRplus.Rcheck/00install.out

##############################################################################
##############################################################################
###
### Running command:
###
###   E:\biocbuild\bbs-3.21-bioc\R\bin\R.exe CMD INSTALL seqArchRplus
###
##############################################################################
##############################################################################


* installing to library 'E:/biocbuild/bbs-3.21-bioc/R/library'
* installing *source* package 'seqArchRplus' ...
** this is package 'seqArchRplus' version '1.7.0'
** using staged installation
** R
** inst
** byte-compile and prepare package for lazy loading
** help
*** installing help indices
** building package indices
** installing vignettes
** testing if installed package can be loaded from temporary location
** testing if installed package can be loaded from final location
** testing if installed package keeps a record of temporary installation path
* DONE (seqArchRplus)

Tests output


Example timings

seqArchRplus.Rcheck/seqArchRplus-Ex.timings

nameusersystemelapsed
curate_clusters10.58 0.7611.08
generate_all_plots44.22 2.5046.81
generate_html_report0.020.000.02
handle_tc_from_cage0.840.131.13
iqw_tpm_plots0.670.110.78
order_clusters_iqw0.020.000.03
per_cluster_annotations8.760.229.00
per_cluster_go_term_enrichments54.64 2.9258.59
per_cluster_seqlogos3.500.193.69
per_cluster_strand_dist1.120.001.13
plot_motif_heatmaps1.150.291.44
plot_motif_heatmaps24.501.195.67
seqs_acgt_image1.920.031.95
write_seqArchR_cluster_track_bed0.060.000.08