Back to Rapid builds (Linux only) of a subset of BioC 3.21
Report updated every 6 hours

This page was generated on 2025-02-09 10:19 -0500 (Sun, 09 Feb 2025).

HostnameOSArch (*)R versionInstalled pkgs
teran2Linux (Ubuntu 24.04.1 LTS)x86_64R Under development (unstable) (2025-01-20 r87609) -- "Unsuffered Consequences" 869
Click on any hostname to see more info about the system (e.g. compilers)      (*) as reported by 'uname -p', except on Windows and Mac OS X

Package 30/217HostnameOS / ArchINSTALLBUILDCHECK
BiocGenerics 0.53.6  (landing page)
Hervé Pagès
Snapshot Date: 2025-02-09 06:00 -0500 (Sun, 09 Feb 2025)
git_url: https://git.bioconductor.org/packages/BiocGenerics
git_branch: devel
git_last_commit: 594119a
git_last_commit_date: 2025-02-06 19:02:19 -0500 (Thu, 06 Feb 2025)
teran2Linux (Ubuntu 24.04.1 LTS) / x86_64  OK    OK    WARNINGS  


CHECK results for BiocGenerics on teran2

To the developers/maintainers of the BiocGenerics package:
- Use the following Renviron settings to reproduce errors and warnings.
- If 'R CMD check' started to fail recently on the Linux builder(s) over a missing dependency, add the missing dependency to 'Suggests:' in your DESCRIPTION file. See Renviron.bioc for more information.

raw results


Summary

Package: BiocGenerics
Version: 0.53.6
Command: /home/rapidbuild/bbs-3.21-bioc-rapid/R/bin/R CMD check --install=check:BiocGenerics.install-out.txt --library=/home/rapidbuild/bbs-3.21-bioc-rapid/R/site-library --timings BiocGenerics_0.53.6.tar.gz
StartedAt: 2025-02-09 08:07:23 -0500 (Sun, 09 Feb 2025)
EndedAt: 2025-02-09 08:07:59 -0500 (Sun, 09 Feb 2025)
EllapsedTime: 36.0 seconds
RetCode: 0
Status:   WARNINGS  
CheckDir: BiocGenerics.Rcheck
Warnings: 1

Command output

##############################################################################
##############################################################################
###
### Running command:
###
###   /home/rapidbuild/bbs-3.21-bioc-rapid/R/bin/R CMD check --install=check:BiocGenerics.install-out.txt --library=/home/rapidbuild/bbs-3.21-bioc-rapid/R/site-library --timings BiocGenerics_0.53.6.tar.gz
###
##############################################################################
##############################################################################


* using log directory ‘/media/volume/teran2_disk/rapidbuild/bbs-3.21-bioc-rapid/meat/BiocGenerics.Rcheck’
* using R Under development (unstable) (2025-01-20 r87609)
* using platform: x86_64-pc-linux-gnu
* R was compiled by
    gcc (Ubuntu 13.3.0-6ubuntu2~24.04) 13.3.0
    GNU Fortran (Ubuntu 13.3.0-6ubuntu2~24.04) 13.3.0
* running under: Ubuntu 24.04.1 LTS
* using session charset: UTF-8
* checking for file ‘BiocGenerics/DESCRIPTION’ ... OK
* this is package ‘BiocGenerics’ version ‘0.53.6’
* package encoding: UTF-8
* checking package namespace information ... OK
* checking package dependencies ... OK
* checking if this is a source package ... OK
* checking if there is a namespace ... OK
* checking for hidden files and directories ... OK
* checking for portable file names ... OK
* checking for sufficient/correct file permissions ... OK
* checking whether package ‘BiocGenerics’ can be installed ... OK
* checking installed package size ... OK
* checking package directory ... OK
* checking DESCRIPTION meta-information ... NOTE
Packages listed in more than one of Depends, Imports, Suggests, Enhances:
  ‘methods’ ‘utils’ ‘graphics’ ‘stats’
A package should be listed in only one of these fields.
* checking top-level files ... OK
* checking for left-over files ... OK
* checking index information ... OK
* checking package subdirectories ... OK
* checking code files for non-ASCII characters ... OK
* checking R files for syntax errors ... OK
* checking whether the package can be loaded ... OK
* checking whether the package can be loaded with stated dependencies ... OK
* checking whether the package can be unloaded cleanly ... OK
* checking whether the namespace can be loaded with stated dependencies ... OK
* checking whether the namespace can be unloaded cleanly ... OK
* checking loading without being on the library search path ... OK
* checking dependencies in R code ... NOTE
'library' or 'require' call to ‘RUnit’ in package code.
  Please use :: or requireNamespace() instead.
  See section 'Suggested packages' in the 'Writing R Extensions' manual.
* checking S3 generic/method consistency ... OK
* checking replacement functions ... OK
* checking foreign function calls ... OK
* checking R code for possible problems ... OK
* checking Rd files ... OK
* checking Rd metadata ... OK
* checking Rd cross-references ... WARNING
Missing link(s) in Rd file 'as.data.frame.Rd':
  ‘[IRanges]{as.data.frame,IntegerRanges-method}’

Missing link(s) in Rd file 'order.Rd':
  ‘[IRanges]{order,IntegerRanges-method}’

See section 'Cross-references' in the 'Writing R Extensions' manual.
* checking for missing documentation entries ... OK
* checking for code/documentation mismatches ... OK
* checking Rd \usage sections ... OK
* checking Rd contents ... OK
* checking for unstated dependencies in examples ... OK
* checking examples ... OK
* checking for unstated dependencies in ‘tests’ ... OK
* checking tests ...
  Running ‘run_unitTests.R’
 OK
* checking PDF version of manual ... OK
* DONE

Status: 1 WARNING, 2 NOTEs
See
  ‘/media/volume/teran2_disk/rapidbuild/bbs-3.21-bioc-rapid/meat/BiocGenerics.Rcheck/00check.log’
for details.


Installation output

BiocGenerics.Rcheck/00install.out

##############################################################################
##############################################################################
###
### Running command:
###
###   /home/rapidbuild/bbs-3.21-bioc-rapid/R/bin/R CMD INSTALL BiocGenerics
###
##############################################################################
##############################################################################


* installing to library ‘/media/volume/teran2_disk/rapidbuild/bbs-3.21-bioc-rapid/R/site-library’
* installing *source* package ‘BiocGenerics’ ...
** this is package ‘BiocGenerics’ version ‘0.53.6’
** using staged installation
** R
** inst
** byte-compile and prepare package for lazy loading
Creating a new generic function for ‘aperm’ in package ‘BiocGenerics’
Creating a new generic function for ‘append’ in package ‘BiocGenerics’
Creating a new generic function for ‘as.data.frame’ in package ‘BiocGenerics’
Creating a new generic function for ‘cbind’ in package ‘BiocGenerics’
Creating a new generic function for ‘rbind’ in package ‘BiocGenerics’
Creating a new generic function for ‘do.call’ in package ‘BiocGenerics’
Creating a new generic function for ‘duplicated’ in package ‘BiocGenerics’
Creating a new generic function for ‘anyDuplicated’ in package ‘BiocGenerics’
Creating a new generic function for ‘eval’ in package ‘BiocGenerics’
Creating a new generic function for ‘pmax’ in package ‘BiocGenerics’
Creating a new generic function for ‘pmin’ in package ‘BiocGenerics’
Creating a new generic function for ‘pmax.int’ in package ‘BiocGenerics’
Creating a new generic function for ‘pmin.int’ in package ‘BiocGenerics’
Creating a new generic function for ‘Reduce’ in package ‘BiocGenerics’
Creating a new generic function for ‘Filter’ in package ‘BiocGenerics’
Creating a new generic function for ‘Find’ in package ‘BiocGenerics’
Creating a new generic function for ‘Map’ in package ‘BiocGenerics’
Creating a new generic function for ‘Position’ in package ‘BiocGenerics’
Creating a new generic function for ‘get’ in package ‘BiocGenerics’
Creating a new generic function for ‘mget’ in package ‘BiocGenerics’
Creating a new generic function for ‘grep’ in package ‘BiocGenerics’
Creating a new generic function for ‘grepl’ in package ‘BiocGenerics’
Creating a new generic function for ‘is.unsorted’ in package ‘BiocGenerics’
Creating a new generic function for ‘lapply’ in package ‘BiocGenerics’
Creating a new generic function for ‘sapply’ in package ‘BiocGenerics’
Creating a new generic function for ‘mapply’ in package ‘BiocGenerics’
Creating a new generic function for ‘match’ in package ‘BiocGenerics’
Creating a new generic function for ‘order’ in package ‘BiocGenerics’
Creating a new generic function for ‘paste’ in package ‘BiocGenerics’
Creating a new generic function for ‘rank’ in package ‘BiocGenerics’
Creating a new generic function for ‘rownames’ in package ‘BiocGenerics’
Creating a new generic function for ‘colnames’ in package ‘BiocGenerics’
Creating a new generic function for ‘saveRDS’ in package ‘BiocGenerics’
Creating a new generic function for ‘table’ in package ‘BiocGenerics’
Creating a new generic function for ‘tapply’ in package ‘BiocGenerics’
Creating a new generic function for ‘unique’ in package ‘BiocGenerics’
Creating a new generic function for ‘unsplit’ in package ‘BiocGenerics’
Creating a new generic function for ‘which.min’ in package ‘BiocGenerics’
Creating a new generic function for ‘which.max’ in package ‘BiocGenerics’
Creating a new generic function for ‘IQR’ in package ‘BiocGenerics’
Creating a new generic function for ‘mad’ in package ‘BiocGenerics’
Creating a new generic function for ‘var’ in package ‘BiocGenerics’
Creating a new generic function for ‘sd’ in package ‘BiocGenerics’
Creating a new generic function for ‘xtabs’ in package ‘BiocGenerics’
Creating a new generic function for ‘basename’ in package ‘BiocGenerics’
Creating a new generic function for ‘dirname’ in package ‘BiocGenerics’
** help
*** installing help indices
** building package indices
** testing if installed package can be loaded from temporary location
** testing if installed package can be loaded from final location
** testing if installed package keeps a record of temporary installation path
* DONE (BiocGenerics)

Tests output

BiocGenerics.Rcheck/tests/run_unitTests.Rout


R Under development (unstable) (2025-01-20 r87609) -- "Unsuffered Consequences"
Copyright (C) 2025 The R Foundation for Statistical Computing
Platform: x86_64-pc-linux-gnu

R is free software and comes with ABSOLUTELY NO WARRANTY.
You are welcome to redistribute it under certain conditions.
Type 'license()' or 'licence()' for distribution details.

R is a collaborative project with many contributors.
Type 'contributors()' for more information and
'citation()' on how to cite R or R packages in publications.

Type 'demo()' for some demos, 'help()' for on-line help, or
'help.start()' for an HTML browser interface to help.
Type 'q()' to quit R.

> require("BiocGenerics") || stop("unable to load BiocGenerics package")
Loading required package: BiocGenerics
Loading required package: generics

Attaching package: 'generics'

The following objects are masked from 'package:base':

    as.difftime, as.factor, as.ordered, intersect, is.element, setdiff,
    setequal, union


Attaching package: 'BiocGenerics'

The following objects are masked from 'package:stats':

    IQR, mad, sd, var, xtabs

The following objects are masked from 'package:base':

    Filter, Find, Map, Position, Reduce, anyDuplicated, aperm, append,
    as.data.frame, basename, cbind, colnames, dirname, do.call,
    duplicated, eval, evalq, get, grep, grepl, is.unsorted, lapply,
    mapply, match, mget, order, paste, pmax, pmax.int, pmin, pmin.int,
    rank, rbind, rownames, sapply, saveRDS, table, tapply, unique,
    unsplit, which.max, which.min

[1] TRUE
> BiocGenerics:::.test()
Loading required package: S4Vectors
Loading required package: stats4

Attaching package: 'S4Vectors'

The following object is masked from 'package:utils':

    findMatches

The following objects are masked from 'package:base':

    I, expand.grid, unname



RUNIT TEST PROTOCOL -- Sun Feb  9 08:07:55 2025 
*********************************************** 
Number of test functions: 25 
Number of errors: 0 
Number of failures: 0 

 
1 Test Suite : 
BiocGenerics RUnit Tests - 25 test functions, 0 errors, 0 failures
Number of test functions: 25 
Number of errors: 0 
Number of failures: 0 
> 
> proc.time()
   user  system elapsed 
  1.415   0.161   1.563 

Example timings

BiocGenerics.Rcheck/BiocGenerics-Ex.timings

nameusersystemelapsed
BiocGenerics-package000
Extremes0.0040.0000.004
IQR0.0010.0000.001
Ontology2.3190.2012.521
annotation0.0060.0020.007
aperm0.0010.0000.001
append0.0010.0010.001
as.data.frame0.0020.0000.002
as.list0.0160.0010.016
as.vector0.0010.0000.002
boxplot0.0850.0110.096
cbind0.0140.0000.014
combine0.0280.0000.028
containsOutOfMemoryData3.1060.1673.274
dbconn0.0550.0070.062
density0.0040.0010.004
dims0.020.000.02
do.call0.0010.0000.001
duplicated0.0030.0000.002
eval0.0020.0000.001
evalq0.0000.0000.001
fileName4.4580.2694.727
format0.0090.0000.009
funprog0.0040.0010.004
get0.0020.0000.002
grep0.0000.0010.001
image0.0170.0020.019
is.unsorted0.0010.0000.001
lapply0.0020.0000.002
longForm0.0660.0020.069
mad0.0020.0000.002
mapply0.0000.0000.001
match0.010.000.01
mean0.0050.0000.005
normalize0.0130.0020.014
nrow0.0180.0010.019
order0.0010.0010.002
organism_species0.2210.0040.225
paste0.0020.0000.002
paste20.0040.0000.004
path0.0180.0000.018
plotMA2.6100.2532.864
plotPCA1.1800.0131.194
rank0.0020.0010.003
relist0.010.000.01
rep0.0080.0000.009
residuals0.0030.0010.005
row_colnames0.0130.0010.015
saveRDS0.0000.0010.001
score0.0400.0010.041
setops0.0230.0000.023
sort0.0030.0010.005
start0.0390.0020.041
strand0.0340.0070.041
subset0.0180.0010.019
t0.0060.0000.007
table0.0000.0000.001
tapply0.0020.0000.001
testPackage0.1980.0040.202
toTable0.040.000.04
type0.2030.0070.210
unique0.0020.0000.003
unlist0.0010.0000.002
unsplit0.0010.0000.001
updateObject0.1070.0010.107
var0.0010.0000.002
weights0.010.000.01
which0.0770.0120.088
which.min0.0230.0010.026
xtabs0.0160.0000.015