Back to Multiple platform build/check report for BioC 3.20:   simplified   long
AB[C]DEFGHIJKLMNOPQRSTUVWXYZ

This page was generated on 2025-02-03 12:11 -0500 (Mon, 03 Feb 2025).

HostnameOSArch (*)R versionInstalled pkgs
nebbiolo2Linux (Ubuntu 24.04.1 LTS)x86_644.4.2 (2024-10-31) -- "Pile of Leaves" 4746
palomino8Windows Server 2022 Datacenterx644.4.2 (2024-10-31 ucrt) -- "Pile of Leaves" 4494
merida1macOS 12.7.5 Montereyx86_644.4.2 (2024-10-31) -- "Pile of Leaves" 4517
kjohnson1macOS 13.6.6 Venturaarm644.4.2 (2024-10-31) -- "Pile of Leaves" 4469
taishanLinux (openEuler 24.03 LTS)aarch644.4.2 (2024-10-31) -- "Pile of Leaves" 4400
Click on any hostname to see more info about the system (e.g. compilers)      (*) as reported by 'uname -p', except on Windows and Mac OS X

Package 280/2289HostnameOS / ArchINSTALLBUILDCHECKBUILD BIN
CatsCradle 1.0.0  (landing page)
Michael Shapiro
Snapshot Date: 2025-01-30 13:00 -0500 (Thu, 30 Jan 2025)
git_url: https://git.bioconductor.org/packages/CatsCradle
git_branch: RELEASE_3_20
git_last_commit: df3ef22
git_last_commit_date: 2024-10-29 11:33:50 -0500 (Tue, 29 Oct 2024)
nebbiolo2Linux (Ubuntu 24.04.1 LTS) / x86_64  OK    OK    WARNINGS  UNNEEDED, same version is already published
palomino8Windows Server 2022 Datacenter / x64  OK    OK    WARNINGS    OK  UNNEEDED, same version is already published
merida1macOS 12.7.5 Monterey / x86_64  OK    OK    WARNINGS    OK  UNNEEDED, same version is already published
kjohnson1macOS 13.6.6 Ventura / arm64  OK    OK    WARNINGS    OK  UNNEEDED, same version is already published
taishanLinux (openEuler 24.03 LTS) / aarch64  OK    OK    WARNINGS  


CHECK results for CatsCradle on taishan

To the developers/maintainers of the CatsCradle package:
- Allow up to 24 hours (and sometimes 48 hours) for your latest push to git@git.bioconductor.org:packages/CatsCradle.git to reflect on this report. See Troubleshooting Build Report for more information.
- Use the following Renviron settings to reproduce errors and warnings.
- If 'R CMD check' started to fail recently on the Linux builder(s) over a missing dependency, add the missing dependency to 'Suggests:' in your DESCRIPTION file. See Renviron.bioc for more information.
- See Martin Grigorov's blog post for how to debug Linux ARM64 related issues on a x86_64 host.

raw results


Summary

Package: CatsCradle
Version: 1.0.0
Command: /home/biocbuild/R/R/bin/R CMD check --install=check:CatsCradle.install-out.txt --library=/home/biocbuild/R/R/site-library --no-vignettes --timings CatsCradle_1.0.0.tar.gz
StartedAt: 2025-01-31 04:38:24 -0000 (Fri, 31 Jan 2025)
EndedAt: 2025-01-31 04:48:05 -0000 (Fri, 31 Jan 2025)
EllapsedTime: 580.5 seconds
RetCode: 0
Status:   WARNINGS  
CheckDir: CatsCradle.Rcheck
Warnings: 1

Command output

##############################################################################
##############################################################################
###
### Running command:
###
###   /home/biocbuild/R/R/bin/R CMD check --install=check:CatsCradle.install-out.txt --library=/home/biocbuild/R/R/site-library --no-vignettes --timings CatsCradle_1.0.0.tar.gz
###
##############################################################################
##############################################################################


* using log directory ‘/home/biocbuild/bbs-3.20-bioc/meat/CatsCradle.Rcheck’
* using R version 4.4.2 (2024-10-31)
* using platform: aarch64-unknown-linux-gnu
* R was compiled by
    aarch64-unknown-linux-gnu-gcc (GCC) 14.2.0
    GNU Fortran (GCC) 12.3.1 (openEuler 12.3.1-36.oe2403)
* running under: openEuler 24.03 (LTS)
* using session charset: UTF-8
* using option ‘--no-vignettes’
* checking for file ‘CatsCradle/DESCRIPTION’ ... OK
* this is package ‘CatsCradle’ version ‘1.0.0’
* package encoding: UTF-8
* checking package namespace information ... OK
* checking package dependencies ... OK
* checking if this is a source package ... OK
* checking if there is a namespace ... OK
* checking for hidden files and directories ... OK
* checking for portable file names ... OK
* checking for sufficient/correct file permissions ... OK
* checking whether package ‘CatsCradle’ can be installed ... OK
* checking installed package size ... OK
* checking package directory ... OK
* checking ‘build’ directory ... OK
* checking DESCRIPTION meta-information ... OK
* checking top-level files ... OK
* checking for left-over files ... OK
* checking index information ... OK
* checking package subdirectories ... OK
* checking code files for non-ASCII characters ... OK
* checking R files for syntax errors ... OK
* checking whether the package can be loaded ... OK
* checking whether the package can be loaded with stated dependencies ... OK
* checking whether the package can be unloaded cleanly ... OK
* checking whether the namespace can be loaded with stated dependencies ... OK
* checking whether the namespace can be unloaded cleanly ... OK
* checking loading without being on the library search path ... OK
* checking dependencies in R code ... OK
* checking S3 generic/method consistency ... OK
* checking replacement functions ... OK
* checking foreign function calls ... OK
* checking R code for possible problems ... NOTE
edgeLengthPlot: no visible binding for global variable ‘cellTypePair’
edgeLengthPlot: no visible binding for global variable ‘cutoff’
make.getExample : getExample: no visible binding for global variable
  ‘seuratGenes’
make.getExample : getExample: no visible binding for global variable
  ‘seuratCells’
make.getExample : getExample: no visible binding for global variable
  ‘xeniumCells’
make.getExample : getExample: no visible binding for global variable
  ‘moransI’
make.getExample : getExample: no visible binding for global variable
  ‘moransILigandReceptor’
make.getExample : getExample: no visible binding for global variable
  ‘humanLRN’
make.getExample : getExample: no visible binding for global variable
  ‘mouseLRN’
meanGeneClusterOnCellUMAP: no visible binding for global variable
  ‘UMAP_1’
meanGeneClusterOnCellUMAP: no visible binding for global variable
  ‘UMAP_2’
Undefined global functions or variables:
  UMAP_1 UMAP_2 cellTypePair cutoff humanLRN moransI
  moransILigandReceptor mouseLRN seuratCells seuratGenes xeniumCells
* checking Rd files ... OK
* checking Rd metadata ... OK
* checking Rd cross-references ... OK
* checking for missing documentation entries ... OK
* checking for code/documentation mismatches ... OK
* checking Rd \usage sections ... WARNING
Undocumented arguments in Rd file 'getFeatureZScores.Rd'
  ‘features’
Documented arguments not in \usage in Rd file 'getFeatureZScores.Rd':
  ‘featurs’

Functions with \usage entries need to have the appropriate \alias
entries, and all their arguments documented.
The \usage entries must correspond to syntactically valid R code.
See chapter ‘Writing R documentation files’ in the ‘Writing R
Extensions’ manual.
* checking Rd contents ... OK
* checking for unstated dependencies in examples ... OK
* checking contents of ‘data’ directory ... OK
* checking data for non-ASCII characters ... OK
* checking data for ASCII and uncompressed saves ... OK
* checking files in ‘vignettes’ ... OK
* checking examples ... OK
Examples with CPU (user + system) or elapsed time > 5s
                                      user system elapsed
computeNBHDVsCTObject               19.681  0.267  20.004
randomiseNodeIndices                18.734  0.020  18.808
getObjectSubsetClusteringPValue     15.467  0.064  15.581
aggregateGeneExpression             12.556  0.344  12.930
computeGraphEmbedding               10.287  0.159  10.483
transposeObject                      9.428  0.004   9.463
predictAnnotation                    8.990  0.008   9.025
predictAnnotationAllGenes            7.952  0.012   7.992
predictGeneAnnotationImpl            6.425  0.012   6.457
combinatorialSpheres                 5.520  0.163   5.704
medianComplementPValue               5.598  0.007   5.625
runGeometricClusteringTrials         5.431  0.028   5.479
getObjectSubsetClusteringStatistics  5.337  0.024   5.382
getNearbyGenes                       5.241  0.008   5.266
geneSetsVsGeneClustersPValueMatrix   5.214  0.012   5.245
getAverageExpressionMatrix           5.062  0.000   5.080
tagRowAndColNames                    5.005  0.000   5.023
* checking for unstated dependencies in vignettes ... OK
* checking package vignettes ... OK
* checking running R code from vignettes ... SKIPPED
* checking re-building of vignette outputs ... SKIPPED
* checking PDF version of manual ... OK
* DONE

Status: 1 WARNING, 1 NOTE
See
  ‘/home/biocbuild/bbs-3.20-bioc/meat/CatsCradle.Rcheck/00check.log’
for details.


Installation output

CatsCradle.Rcheck/00install.out

##############################################################################
##############################################################################
###
### Running command:
###
###   /home/biocbuild/R/R/bin/R CMD INSTALL CatsCradle
###
##############################################################################
##############################################################################


* installing to library ‘/home/biocbuild/R/R-4.4.2/site-library’
* installing *source* package ‘CatsCradle’ ...
** using staged installation
** R
** data
** inst
** byte-compile and prepare package for lazy loading
** help
*** installing help indices
** building package indices
** installing vignettes
** testing if installed package can be loaded from temporary location
** testing if installed package can be loaded from final location
** testing if installed package keeps a record of temporary installation path
* DONE (CatsCradle)

Tests output


Example timings

CatsCradle.Rcheck/CatsCradle-Ex.timings

nameusersystemelapsed
aggregateGeneExpression12.556 0.34412.930
annotateGeneAsVector4.3070.2194.570
annotateGenesByGeneSet2.1100.0682.184
cellTypesPerCellTypeGraphFromCellMatrix0.6170.0040.623
collapseExtendedNBHDs3.4100.0403.432
combinatorialSpheres5.5200.1635.704
computeCellTypesPerCellTypeMatrix0.5370.0000.539
computeEdgeGraph0.6530.0000.648
computeEdgeObject1.4020.0401.447
computeGraphEmbedding10.287 0.15910.483
computeNBHDByCTMatrix0.5820.0200.603
computeNBHDVsCTObject19.681 0.26720.004
computeNeighbourEnrichment1.9370.0361.979
computeNeighboursDelaunay0.3860.0000.387
computeNeighboursEuclidean2.0210.0241.987
cullEdges4.8750.0444.936
desymmetriseNN4.7640.0634.847
directedHausdorfDistance0.0010.0000.001
edgeCutoffsByClustering4.4220.0764.513
edgeCutoffsByPercentile4.5390.0044.559
edgeCutoffsByWatershed4.6030.1004.719
edgeCutoffsByZScore4.5160.1004.629
edgeLengthPlot4.5350.1034.652
edgeLengthsAndCellTypePairs4.4860.0844.585
exampleObjects000
geneSetsVsGeneClustersPValueMatrix5.2140.0125.245
getAverageExpressionDF4.8320.0004.849
getAverageExpressionMatrix5.0620.0005.080
getClusterOrder4.6870.0634.770
getExtendedNBHDs1.4030.0001.296
getFeatureZScores0.2790.0000.280
getGeneClusterAveragesPerCell4.8060.0044.828
getGeneNeighbors4.6900.0524.762
getLigandReceptorNetwork0.020.000.02
getLigandReceptorPairsInPanel0.4510.0040.457
getNearbyGenes5.2410.0085.266
getNearestNeighbourLists4.5190.0004.535
getObjectSubsetClusteringPValue15.467 0.06415.581
getObjectSubsetClusteringStatistics5.3370.0245.382
make.getExample0.5400.0000.542
makeLRInteractionHeatmap0.5940.0000.598
makeSummedLRInteractionHeatmap0.4550.0000.457
meanGeneClusterOnCellUMAP4.8680.0044.891
meanZPerCluster4.6570.0004.676
meanZPerClusterOnUMAP4.7050.0524.772
medianComplementDistance0.0010.0000.001
medianComplementPValue5.5980.0075.625
nbhdsAsEdgesToNbhdsAsList1.6120.0001.617
neighbourhoodDiameter1.7240.0011.729
performLigandReceptorAnalysis3.3290.1713.511
predictAnnotation8.9900.0089.025
predictAnnotationAllGenes7.9520.0127.992
predictGeneAnnotationImpl6.4250.0126.457
randomiseNodeIndices18.734 0.02018.808
runGeometricClusteringTrials5.4310.0285.479
runMoransI2.5120.0002.519
sankeyFromMatrix0.0000.0040.004
symmetriseNN4.5820.0004.599
symmetryCheckNN4.6310.0004.647
tagRowAndColNames5.0050.0005.023
transposeObject9.4280.0049.463