Back to Multiple platform build/check report for BioC 3.20:   simplified   long
ABCDEFGHIJKL[M]NOPQRSTUVWXYZ

This page was generated on 2025-02-03 12:11 -0500 (Mon, 03 Feb 2025).

HostnameOSArch (*)R versionInstalled pkgs
nebbiolo2Linux (Ubuntu 24.04.1 LTS)x86_644.4.2 (2024-10-31) -- "Pile of Leaves" 4746
palomino8Windows Server 2022 Datacenterx644.4.2 (2024-10-31 ucrt) -- "Pile of Leaves" 4494
merida1macOS 12.7.5 Montereyx86_644.4.2 (2024-10-31) -- "Pile of Leaves" 4517
kjohnson1macOS 13.6.6 Venturaarm644.4.2 (2024-10-31) -- "Pile of Leaves" 4469
taishanLinux (openEuler 24.03 LTS)aarch644.4.2 (2024-10-31) -- "Pile of Leaves" 4400
Click on any hostname to see more info about the system (e.g. compilers)      (*) as reported by 'uname -p', except on Windows and Mac OS X

Package 1195/2289HostnameOS / ArchINSTALLBUILDCHECKBUILD BIN
MesKit 1.16.0  (landing page)
Mengni Liu
Snapshot Date: 2025-01-30 13:00 -0500 (Thu, 30 Jan 2025)
git_url: https://git.bioconductor.org/packages/MesKit
git_branch: RELEASE_3_20
git_last_commit: d0b7a3c
git_last_commit_date: 2024-10-29 10:48:53 -0500 (Tue, 29 Oct 2024)
nebbiolo2Linux (Ubuntu 24.04.1 LTS) / x86_64  OK    OK    WARNINGS  UNNEEDED, same version is already published
palomino8Windows Server 2022 Datacenter / x64  OK    OK    WARNINGS    OK  UNNEEDED, same version is already published
merida1macOS 12.7.5 Monterey / x86_64  OK    OK    WARNINGS    OK  UNNEEDED, same version is already published
kjohnson1macOS 13.6.6 Ventura / arm64  OK    OK    WARNINGS    OK  UNNEEDED, same version is already published
taishanLinux (openEuler 24.03 LTS) / aarch64  OK    OK    WARNINGS  


CHECK results for MesKit on taishan

To the developers/maintainers of the MesKit package:
- Allow up to 24 hours (and sometimes 48 hours) for your latest push to git@git.bioconductor.org:packages/MesKit.git to reflect on this report. See Troubleshooting Build Report for more information.
- Use the following Renviron settings to reproduce errors and warnings.
- If 'R CMD check' started to fail recently on the Linux builder(s) over a missing dependency, add the missing dependency to 'Suggests:' in your DESCRIPTION file. See Renviron.bioc for more information.
- See Martin Grigorov's blog post for how to debug Linux ARM64 related issues on a x86_64 host.

raw results


Summary

Package: MesKit
Version: 1.16.0
Command: /home/biocbuild/R/R/bin/R CMD check --install=check:MesKit.install-out.txt --library=/home/biocbuild/R/R/site-library --no-vignettes --timings MesKit_1.16.0.tar.gz
StartedAt: 2025-01-31 07:51:56 -0000 (Fri, 31 Jan 2025)
EndedAt: 2025-01-31 08:04:05 -0000 (Fri, 31 Jan 2025)
EllapsedTime: 728.9 seconds
RetCode: 0
Status:   WARNINGS  
CheckDir: MesKit.Rcheck
Warnings: 1

Command output

##############################################################################
##############################################################################
###
### Running command:
###
###   /home/biocbuild/R/R/bin/R CMD check --install=check:MesKit.install-out.txt --library=/home/biocbuild/R/R/site-library --no-vignettes --timings MesKit_1.16.0.tar.gz
###
##############################################################################
##############################################################################


* using log directory ‘/home/biocbuild/bbs-3.20-bioc/meat/MesKit.Rcheck’
* using R version 4.4.2 (2024-10-31)
* using platform: aarch64-unknown-linux-gnu
* R was compiled by
    aarch64-unknown-linux-gnu-gcc (GCC) 14.2.0
    GNU Fortran (GCC) 12.3.1 (openEuler 12.3.1-36.oe2403)
* running under: openEuler 24.03 (LTS)
* using session charset: UTF-8
* using option ‘--no-vignettes’
* checking for file ‘MesKit/DESCRIPTION’ ... OK
* checking extension type ... Package
* this is package ‘MesKit’ version ‘1.16.0’
* package encoding: UTF-8
* checking package namespace information ... OK
* checking package dependencies ... OK
* checking if this is a source package ... OK
* checking if there is a namespace ... OK
* checking for hidden files and directories ... OK
* checking for portable file names ... OK
* checking for sufficient/correct file permissions ... OK
* checking whether package ‘MesKit’ can be installed ... WARNING
Found the following significant warnings:
  Warning: replacing previous import ‘ape::degree’ by ‘circlize::degree’ when loading ‘MesKit’
  Warning: replacing previous import ‘ape::where’ by ‘dplyr::where’ when loading ‘MesKit’
See ‘/home/biocbuild/bbs-3.20-bioc/meat/MesKit.Rcheck/00install.out’ for details.
* checking installed package size ... NOTE
  installed size is  6.0Mb
  sub-directories of 1Mb or more:
    extdata   4.9Mb
* checking package directory ... OK
* checking ‘build’ directory ... OK
* checking DESCRIPTION meta-information ... OK
* checking top-level files ... NOTE
File
  LICENSE
is not mentioned in the DESCRIPTION file.
* checking for left-over files ... OK
* checking index information ... OK
* checking package subdirectories ... OK
* checking code files for non-ASCII characters ... OK
* checking R files for syntax errors ... OK
* checking whether the package can be loaded ... OK
* checking whether the package can be loaded with stated dependencies ... OK
* checking whether the package can be unloaded cleanly ... OK
* checking whether the namespace can be loaded with stated dependencies ... OK
* checking whether the namespace can be unloaded cleanly ... OK
* checking loading without being on the library search path ... OK
* checking dependencies in R code ... OK
* checking S3 generic/method consistency ... OK
* checking replacement functions ... OK
* checking foreign function calls ... OK
* checking R code for possible problems ... NOTE
calJSI : processJSI: no visible binding for global variable ‘CCF’
cna2gene: no visible global function definition for ‘genes’
cna2gene: no visible binding for global variable ‘org.Hs.eg.db’
cna2gene: no visible binding for global variable ‘seqnames’
cna2gene: no visible binding for global variable ‘Chromosome’
cna2gene: no visible binding for global variable ‘Hugo_Symbol’
cna2gene: no visible binding for global variable ‘Start_Position’
cna2gene: no visible binding for global variable ‘End_Position’
cna2gene: no visible binding for global variable ‘i.End_Position’
cna2gene: no visible binding for global variable ‘i.Start_Position’
cna2gene: no visible binding for global variable ‘Patient_ID’
cna2gene: no visible binding for global variable ‘Tumor_Sample_Barcode’
cna2gene: no visible binding for global variable ‘seg_id’
cna2gene: no visible binding for global variable ‘overlap_width’
copyNumberFilter: no visible binding for global variable ‘Patient_ID’
drawVAFCombine: no visible binding for global variable ‘V’
drawVAFCombineVline: no visible binding for global variable ‘V’
fitSignatures : processFitSig: no visible binding for global variable
  ‘Branch’
fitSignatures : processFitSig: no visible binding for global variable
  ‘Original’
fitSignatures : processFitSig: no visible binding for global variable
  ‘Reconstructed’
mutCluster : processVafcluster_sample: no visible binding for global
  variable ‘cluster’
plotCNA: no visible binding for global variable ‘Cytoband’
plotCNA: no visible binding for global variable ‘Cytoband_pos’
plotCNA: no visible binding for global variable ‘gene_id’
plotCNA: no visible binding for global variable ‘gene_pos’
plotCNA: no visible binding for global variable ‘Hugo_Symbol’
plotTree: no visible binding for global variable ‘is.match’
plotTree: no visible binding for global variable ‘x’
plotTree: no visible binding for global variable ‘y’
plotTree: no visible binding for global variable ‘xend’
plotTree: no visible binding for global variable ‘yend’
Undefined global functions or variables:
  Branch CCF Chromosome Cytoband Cytoband_pos End_Position Hugo_Symbol
  Original Patient_ID Reconstructed Start_Position Tumor_Sample_Barcode
  V cluster gene_id gene_pos genes i.End_Position i.Start_Position
  is.match org.Hs.eg.db overlap_width seg_id seqnames x xend y yend
* checking Rd files ... OK
* checking Rd metadata ... OK
* checking Rd cross-references ... OK
* checking for missing documentation entries ... OK
* checking for code/documentation mismatches ... OK
* checking Rd \usage sections ... OK
* checking Rd contents ... OK
* checking for unstated dependencies in examples ... OK
* checking files in ‘vignettes’ ... OK
* checking examples ... OK
Examples with CPU (user + system) or elapsed time > 5s
                       user system elapsed
calFst               21.936  0.523  22.544
cna2gene             20.481  0.447  20.969
getBinaryMatrix      20.320  0.104  20.472
getBootstrapValue    20.230  0.068  20.346
plotMutSigProfile    19.596  0.267  19.911
getTreeMethod        19.794  0.056  19.897
getBranchType        19.721  0.024  19.797
getCCFMatrix         19.694  0.047  19.779
getPhyloTreeTsbLabel 19.509  0.123  19.672
getPhyloTree         19.454  0.144  19.637
getPhyloTreeRef      19.510  0.052  19.597
getPhyloTreePatient  19.467  0.092  19.607
getTree              19.486  0.052  19.589
getMutBranches       19.210  0.163  19.428
calNeiDist           17.819  0.184  18.048
mutHeatmap           17.733  0.103  17.883
compareCCF           16.384  0.136  16.564
compareTree          15.422  0.095  15.557
ccfAUC               14.982  0.095  15.110
calJSI               14.915  0.143  15.095
mutTrunkBranch       14.090  0.160  14.290
fitSignatures        13.942  0.108  14.097
mutCluster           13.905  0.124  14.054
classifyMut          13.505  0.092  13.626
triMatrix            13.451  0.084  13.563
plotMutProfile       13.349  0.056  13.439
testNeutral          13.131  0.076  13.226
plotPhyloTree        12.164  0.115  12.326
getMafPatient        11.320  0.132  11.482
mathScore            11.055  0.104  11.181
getMafRef            10.777  0.088  10.891
getMafData           10.682  0.040  10.742
getNonSyn_vc         10.562  0.024  10.615
getSampleInfo        10.276  0.040  10.335
subMaf               10.128  0.039  10.183
readMaf              10.024  0.060  10.087
* checking for unstated dependencies in vignettes ... OK
* checking package vignettes ... OK
* checking running R code from vignettes ... SKIPPED
* checking re-building of vignette outputs ... SKIPPED
* checking PDF version of manual ... OK
* DONE

Status: 1 WARNING, 3 NOTEs
See
  ‘/home/biocbuild/bbs-3.20-bioc/meat/MesKit.Rcheck/00check.log’
for details.


Installation output

MesKit.Rcheck/00install.out

##############################################################################
##############################################################################
###
### Running command:
###
###   /home/biocbuild/R/R/bin/R CMD INSTALL MesKit
###
##############################################################################
##############################################################################


* installing to library ‘/home/biocbuild/R/R-4.4.2/site-library’
* installing *source* package ‘MesKit’ ...
** using staged installation
** R
** inst
** byte-compile and prepare package for lazy loading
Warning: replacing previous import ‘ape::degree’ by ‘circlize::degree’ when loading ‘MesKit’
Warning: replacing previous import ‘ape::where’ by ‘dplyr::where’ when loading ‘MesKit’
** help
*** installing help indices
** building package indices
** installing vignettes
** testing if installed package can be loaded from temporary location
Warning: replacing previous import ‘ape::degree’ by ‘circlize::degree’ when loading ‘MesKit’
Warning: replacing previous import ‘ape::where’ by ‘dplyr::where’ when loading ‘MesKit’
** testing if installed package can be loaded from final location
Warning: replacing previous import ‘ape::degree’ by ‘circlize::degree’ when loading ‘MesKit’
Warning: replacing previous import ‘ape::where’ by ‘dplyr::where’ when loading ‘MesKit’
** testing if installed package keeps a record of temporary installation path
* DONE (MesKit)

Tests output


Example timings

MesKit.Rcheck/MesKit-Ex.timings

nameusersystemelapsed
calFst21.936 0.52322.544
calJSI14.915 0.14315.095
calNeiDist17.819 0.18418.048
ccfAUC14.982 0.09515.110
classifyMut13.505 0.09213.626
cna2gene20.481 0.44720.969
compareCCF16.384 0.13616.564
compareTree15.422 0.09515.557
fitSignatures13.942 0.10814.097
getBinaryMatrix20.320 0.10420.472
getBootstrapValue20.230 0.06820.346
getBranchType19.721 0.02419.797
getCCFMatrix19.694 0.04719.779
getMafData10.682 0.04010.742
getMafPatient11.320 0.13211.482
getMafRef10.777 0.08810.891
getMutBranches19.210 0.16319.428
getNonSyn_vc10.562 0.02410.615
getPhyloTree19.454 0.14419.637
getPhyloTreePatient19.467 0.09219.607
getPhyloTreeRef19.510 0.05219.597
getPhyloTreeTsbLabel19.509 0.12319.672
getSampleInfo10.276 0.04010.335
getTree19.486 0.05219.589
getTreeMethod19.794 0.05619.897
mathScore11.055 0.10411.181
mutCluster13.905 0.12414.054
mutHeatmap17.733 0.10317.883
mutTrunkBranch14.09 0.1614.29
plotCNA3.6630.0083.670
plotMutProfile13.349 0.05613.439
plotMutSigProfile19.596 0.26719.911
plotPhyloTree12.164 0.11512.326
readMaf10.024 0.06010.087
readSegment0.5650.0200.585
runMesKit0.0000.0000.001
subMaf10.128 0.03910.183
testNeutral13.131 0.07613.226
triMatrix13.451 0.08413.563