Back to Multiple platform build/check report for BioC 3.20:   simplified   long
ABCDEFGHIJKLMNO[P]QRSTUVWXYZ

This page was generated on 2025-02-03 12:07 -0500 (Mon, 03 Feb 2025).

HostnameOSArch (*)R versionInstalled pkgs
nebbiolo2Linux (Ubuntu 24.04.1 LTS)x86_644.4.2 (2024-10-31) -- "Pile of Leaves" 4746
palomino8Windows Server 2022 Datacenterx644.4.2 (2024-10-31 ucrt) -- "Pile of Leaves" 4494
merida1macOS 12.7.5 Montereyx86_644.4.2 (2024-10-31) -- "Pile of Leaves" 4517
kjohnson1macOS 13.6.6 Venturaarm644.4.2 (2024-10-31) -- "Pile of Leaves" 4469
taishanLinux (openEuler 24.03 LTS)aarch644.4.2 (2024-10-31) -- "Pile of Leaves" 4400
Click on any hostname to see more info about the system (e.g. compilers)      (*) as reported by 'uname -p', except on Windows and Mac OS X

Package 1519/2289HostnameOS / ArchINSTALLBUILDCHECKBUILD BIN
PDATK 1.14.0  (landing page)
Benjamin Haibe-Kains
Snapshot Date: 2025-01-30 13:00 -0500 (Thu, 30 Jan 2025)
git_url: https://git.bioconductor.org/packages/PDATK
git_branch: RELEASE_3_20
git_last_commit: f8889fc
git_last_commit_date: 2024-10-29 10:56:10 -0500 (Tue, 29 Oct 2024)
nebbiolo2Linux (Ubuntu 24.04.1 LTS) / x86_64  OK    OK    WARNINGS  NO, package depends on 'genefu' which is not available
palomino8Windows Server 2022 Datacenter / x64  OK    OK    WARNINGS    OK  NO, package depends on 'genefu' which is not available
merida1macOS 12.7.5 Monterey / x86_64  OK    OK    WARNINGS    OK  NO, package depends on 'genefu' which is not available
kjohnson1macOS 13.6.6 Ventura / arm64  OK    OK    WARNINGS    OK  UNNEEDED, same version is already published
taishanLinux (openEuler 24.03 LTS) / aarch64  OK    OK    WARNINGS  


CHECK results for PDATK on palomino8

To the developers/maintainers of the PDATK package:
- Allow up to 24 hours (and sometimes 48 hours) for your latest push to git@git.bioconductor.org:packages/PDATK.git to reflect on this report. See Troubleshooting Build Report for more information.
- Use the following Renviron settings to reproduce errors and warnings.
- If 'R CMD check' started to fail recently on the Linux builder(s) over a missing dependency, add the missing dependency to 'Suggests:' in your DESCRIPTION file. See Renviron.bioc for more information.

raw results


Summary

Package: PDATK
Version: 1.14.0
Command: F:\biocbuild\bbs-3.20-bioc\R\bin\R.exe CMD check --no-multiarch --install=check:PDATK.install-out.txt --library=F:\biocbuild\bbs-3.20-bioc\R\library --no-vignettes --timings PDATK_1.14.0.tar.gz
StartedAt: 2025-01-31 04:58:21 -0500 (Fri, 31 Jan 2025)
EndedAt: 2025-01-31 05:04:48 -0500 (Fri, 31 Jan 2025)
EllapsedTime: 387.6 seconds
RetCode: 0
Status:   WARNINGS  
CheckDir: PDATK.Rcheck
Warnings: 2

Command output

##############################################################################
##############################################################################
###
### Running command:
###
###   F:\biocbuild\bbs-3.20-bioc\R\bin\R.exe CMD check --no-multiarch --install=check:PDATK.install-out.txt --library=F:\biocbuild\bbs-3.20-bioc\R\library --no-vignettes --timings PDATK_1.14.0.tar.gz
###
##############################################################################
##############################################################################


* using log directory 'F:/biocbuild/bbs-3.20-bioc/meat/PDATK.Rcheck'
* using R version 4.4.2 (2024-10-31 ucrt)
* using platform: x86_64-w64-mingw32
* R was compiled by
    gcc.exe (GCC) 13.3.0
    GNU Fortran (GCC) 13.3.0
* running under: Windows Server 2022 x64 (build 20348)
* using session charset: UTF-8
* using option '--no-vignettes'
* checking for file 'PDATK/DESCRIPTION' ... OK
* checking extension type ... Package
* this is package 'PDATK' version '1.14.0'
* package encoding: UTF-8
* checking package namespace information ... OK
* checking package dependencies ... OK
* checking if this is a source package ... OK
* checking if there is a namespace ... OK
* checking for hidden files and directories ... OK
* checking for portable file names ... OK
* checking whether package 'PDATK' can be installed ... WARNING
Found the following significant warnings:
  Warning: replacing previous import 'survival::brier' by 'verification::brier' when loading 'PDATK'
See 'F:/biocbuild/bbs-3.20-bioc/meat/PDATK.Rcheck/00install.out' for details.
* checking installed package size ... OK
* checking package directory ... OK
* checking 'build' directory ... OK
* checking DESCRIPTION meta-information ... NOTE
License stub is invalid DCF.
* checking top-level files ... OK
* checking for left-over files ... OK
* checking index information ... OK
* checking package subdirectories ... OK
* checking code files for non-ASCII characters ... OK
* checking R files for syntax errors ... OK
* checking whether the package can be loaded ... OK
* checking whether the package can be loaded with stated dependencies ... OK
* checking whether the package can be unloaded cleanly ... OK
* checking whether the namespace can be loaded with stated dependencies ... OK
* checking whether the namespace can be unloaded cleanly ... OK
* checking dependencies in R code ... OK
* checking S3 generic/method consistency ... OK
* checking replacement functions ... OK
* checking foreign function calls ... OK
* checking R code for possible problems ... NOTE
.calculateMSMthresholds: no visible binding for global variable
  'funContext'
.plotNetwork: no visible global function definition for 'legend'
NCSModel: no visible binding for global variable 'metric'
NCSModel: no visible binding for global variable 'comparison'
NCSModel: no visible binding for global variable 'centroid_K'
NCSModel: no visible binding for global variable 'assay_K'
NetworkCommunitySearchModel: no visible binding for global variable
  'metric'
NetworkCommunitySearchModel: no visible binding for global variable
  'comparison'
NetworkCommunitySearchModel: no visible binding for global variable
  'centroid_K'
NetworkCommunitySearchModel: no visible binding for global variable
  'assay_K'
predictClasses,ConsensusMetaclusteringModel-ANY: no visible global
  function definition for '.error'
predictClasses,NCSModel-ANY: no visible binding for global variable
  'centroid_cohort'
predictClasses,NCSModel-ANY: no visible binding for global variable
  'centroid_K'
predictClasses,NCSModel-ANY: no visible binding for global variable
  'assay_cohort'
predictClasses,NCSModel-ANY: no visible binding for global variable
  'assay_K'
predictClasses,NCSModel-ANY: no visible binding for global variable
  'tmp'
predictClasses,NCSModel-ANY: no visible binding for global variable
  'cluster_label'
rankFeatures,MultiAssayExperiment: no visible binding for global
  variable 'feature'
rankFeatures,MultiAssayExperiment: no visible binding for global
  variable 'missignAssays'
rankFeatures,MultiAssayExperiment: no visible binding for global
  variable 'feature_score'
rankFeatures,MultiAssayExperiment: no visible binding for global
  variable 'feature_rank'
trainModel,ConsensusMetaclusteringModel: no visible global function
  definition for 'pdf'
trainModel,ConsensusMetaclusteringModel: no visible global function
  definition for 'dev.off'
trainModel,NCSModel: no visible binding for global variable
  'ingroup_proportion'
trainModel,NCSModel: no visible binding for global variable
  'cor_threshold'
Undefined global functions or variables:
  .error assay_K assay_cohort centroid_K centroid_cohort cluster_label
  comparison cor_threshold dev.off feature feature_rank feature_score
  funContext ingroup_proportion legend metric missignAssays pdf tmp
Consider adding
  importFrom("grDevices", "dev.off", "pdf")
  importFrom("graphics", "legend")
to your NAMESPACE file.
* checking Rd files ... OK
* checking Rd metadata ... OK
* checking Rd cross-references ... WARNING
Missing link or links in Rd file 'rankFeatures-MultiAssayExperiment-method.Rd':
  '[dplyr:ranking]{dplyr::dense_rank}'

See section 'Cross-references' in the 'Writing R Extensions' manual.
* checking for missing documentation entries ... OK
* checking for code/documentation mismatches ... OK
* checking Rd \usage sections ... NOTE
Documented arguments not in \usage in Rd file 'dot-randomSampleIndex.Rd':
  'numSamples'

Functions with \usage entries need to have the appropriate \alias
entries, and all their arguments documented.
The \usage entries must correspond to syntactically valid R code.
See chapter 'Writing R documentation files' in the 'Writing R
Extensions' manual.
* checking Rd contents ... OK
* checking for unstated dependencies in examples ... OK
* checking contents of 'data' directory ... OK
* checking data for non-ASCII characters ... OK
* checking data for ASCII and uncompressed saves ... OK
* checking files in 'vignettes' ... OK
* checking examples ... OK
* checking for unstated dependencies in 'tests' ... OK
* checking tests ...
  Running 'testthat.R'
 OK
* checking for unstated dependencies in vignettes ... OK
* checking package vignettes ... OK
* checking running R code from vignettes ... SKIPPED
* checking re-building of vignette outputs ... SKIPPED
* checking PDF version of manual ... OK
* DONE

Status: 2 WARNINGs, 3 NOTEs
See
  'F:/biocbuild/bbs-3.20-bioc/meat/PDATK.Rcheck/00check.log'
for details.


Installation output

PDATK.Rcheck/00install.out

##############################################################################
##############################################################################
###
### Running command:
###
###   F:\biocbuild\bbs-3.20-bioc\R\bin\R.exe CMD INSTALL PDATK
###
##############################################################################
##############################################################################


* installing to library 'F:/biocbuild/bbs-3.20-bioc/R/library'
* installing *source* package 'PDATK' ...
** using staged installation
** R
** data
** byte-compile and prepare package for lazy loading
Warning: replacing previous import 'survival::brier' by 'verification::brier' when loading 'PDATK'
Warning: replacing previous import 'limma::logsumexp' by 'mclust::logsumexp' when loading 'genefu'
** help
*** installing help indices
** building package indices
** installing vignettes
** testing if installed package can be loaded from temporary location
Warning: replacing previous import 'survival::brier' by 'verification::brier' when loading 'PDATK'
Warning: replacing previous import 'limma::logsumexp' by 'mclust::logsumexp' when loading 'genefu'
** testing if installed package can be loaded from final location
Warning: replacing previous import 'survival::brier' by 'verification::brier' when loading 'PDATK'
Warning: replacing previous import 'limma::logsumexp' by 'mclust::logsumexp' when loading 'genefu'
** testing if installed package keeps a record of temporary installation path
* DONE (PDATK)

Tests output

PDATK.Rcheck/tests/testthat.Rout


R version 4.4.2 (2024-10-31 ucrt) -- "Pile of Leaves"
Copyright (C) 2024 The R Foundation for Statistical Computing
Platform: x86_64-w64-mingw32/x64

R is free software and comes with ABSOLUTELY NO WARRANTY.
You are welcome to redistribute it under certain conditions.
Type 'license()' or 'licence()' for distribution details.

R is a collaborative project with many contributors.
Type 'contributors()' for more information and
'citation()' on how to cite R or R packages in publications.

Type 'demo()' for some demos, 'help()' for on-line help, or
'help.start()' for an HTML browser interface to help.
Type 'q()' to quit R.

> library(testthat)
> library(PDATK)
Loading required package: SummarizedExperiment
Loading required package: MatrixGenerics
Loading required package: matrixStats

Attaching package: 'MatrixGenerics'

The following objects are masked from 'package:matrixStats':

    colAlls, colAnyNAs, colAnys, colAvgsPerRowSet, colCollapse,
    colCounts, colCummaxs, colCummins, colCumprods, colCumsums,
    colDiffs, colIQRDiffs, colIQRs, colLogSumExps, colMadDiffs,
    colMads, colMaxs, colMeans2, colMedians, colMins, colOrderStats,
    colProds, colQuantiles, colRanges, colRanks, colSdDiffs, colSds,
    colSums2, colTabulates, colVarDiffs, colVars, colWeightedMads,
    colWeightedMeans, colWeightedMedians, colWeightedSds,
    colWeightedVars, rowAlls, rowAnyNAs, rowAnys, rowAvgsPerColSet,
    rowCollapse, rowCounts, rowCummaxs, rowCummins, rowCumprods,
    rowCumsums, rowDiffs, rowIQRDiffs, rowIQRs, rowLogSumExps,
    rowMadDiffs, rowMads, rowMaxs, rowMeans2, rowMedians, rowMins,
    rowOrderStats, rowProds, rowQuantiles, rowRanges, rowRanks,
    rowSdDiffs, rowSds, rowSums2, rowTabulates, rowVarDiffs, rowVars,
    rowWeightedMads, rowWeightedMeans, rowWeightedMedians,
    rowWeightedSds, rowWeightedVars

Loading required package: GenomicRanges
Loading required package: stats4
Loading required package: BiocGenerics

Attaching package: 'BiocGenerics'

The following objects are masked from 'package:stats':

    IQR, mad, sd, var, xtabs

The following objects are masked from 'package:base':

    Filter, Find, Map, Position, Reduce, anyDuplicated, aperm, append,
    as.data.frame, basename, cbind, colnames, dirname, do.call,
    duplicated, eval, evalq, get, grep, grepl, intersect, is.unsorted,
    lapply, mapply, match, mget, order, paste, pmax, pmax.int, pmin,
    pmin.int, rank, rbind, rownames, sapply, saveRDS, setdiff, table,
    tapply, union, unique, unsplit, which.max, which.min

Loading required package: S4Vectors

Attaching package: 'S4Vectors'

The following object is masked from 'package:utils':

    findMatches

The following objects are masked from 'package:base':

    I, expand.grid, unname

Loading required package: IRanges

Attaching package: 'IRanges'

The following object is masked from 'package:grDevices':

    windows

Loading required package: GenomeInfoDb
Loading required package: Biobase
Welcome to Bioconductor

    Vignettes contain introductory material; view with
    'browseVignettes()'. To cite Bioconductor, see
    'citation("Biobase")', and for packages 'citation("pkgname")'.


Attaching package: 'Biobase'

The following object is masked from 'package:MatrixGenerics':

    rowMedians

The following objects are masked from 'package:matrixStats':

    anyMissing, rowMedians

Warning messages:
1: replacing previous import 'survival::brier' by 'verification::brier' when loading 'PDATK' 
2: replacing previous import 'limma::logsumexp' by 'mclust::logsumexp' when loading 'genefu' 
> 
> test_check("PDATK")
[ FAIL 0 | WARN 1 | SKIP 0 | PASS 77 ]

[ FAIL 0 | WARN 1 | SKIP 0 | PASS 77 ]
> 
> proc.time()
   user  system elapsed 
  30.64    1.87   32.48 

Example timings

PDATK.Rcheck/PDATK-Ex.timings

nameusersystemelapsed
CSPC_MAE0.000.010.02
ClinicalModel-class0.080.020.10
ClinicalModel0.110.000.11
CohortList0.010.030.05
ConsensusMetaclusteringModel0.030.000.03
CoxModel1.220.021.23
GeneFuModel0.140.000.14
ModelComparison3.050.043.13
PCOSP0.090.030.12
RandomGeneAssignmentModel0.100.030.13
RandomLabelShufflingModel0.090.050.14
SurvivalExperiment0.130.020.14
SurvivalModel-class0.060.000.06
SurvivalModel0.090.010.11
assignColDataColumn0.050.000.05
assignSubtypes-CohortList-list-method0.550.070.61
assignSubtypes-SurvivalExperiment-data.frame-method0.040.010.06
assignSubtypes0.080.000.08
barPlotModelComparison-ClinicalModel-PCOSP_or_RLS_or_RGA-method1.080.021.09
barPlotModelComparison0.910.040.95
birnbaum0.000.020.02
chen0.000.010.01
cohortSubtypeDFs0.000.020.02
compareModels-ModelComparison-SurvivalModel-method0.950.111.06
compareModels-SurvivalModel-SurvivalModel-method0.750.050.79
compareModels0.710.100.80
dropNotCensored-CohortList-method0.610.010.62
dropNotCensored-SurvivalExperiment-method0.030.020.05
dropNotCensored0.030.010.04
existingClassifierData000
findCommonGenes-CohortList-method0.020.000.02
findCommonGenes0.020.020.03
findCommonSamples-CohortList-method0.010.010.03
findCommonSamples0.020.020.03
forestPlot-ModelComparison-method0.820.020.83
forestPlot-PCOSP_or_ClinicalModel-method0.060.010.08
forestPlot0.140.000.14
getModelSeed-SurvivalModel-method0.010.020.03
getModelSeed0.020.000.02
getTopFeatures-PCOSP-method0.020.000.01
getTopFeatures-SummarizedExperiment-method0.100.000.11
getTopFeatures0.000.030.03
haiderSigScores000
hasColDataColumns0.020.000.02
merge-SurvivalExperiment-SurvivalExperiment-method0.190.000.19
modelParams-set0.030.000.03
modelParams0.010.000.01
models-SurvivalModel-method0.020.000.02
models-set-SurvivalModel-SimpleList-method0.020.010.03
models-set0.030.000.03
models0.010.020.03
normalsMAE000
plotROC-PCOSP-method0.350.010.36
predictClasses-CohortList-ClinicalModel-method0.280.000.28
predictClasses-CohortList-PCOSP_or_RLS_or_RGA-method0.400.020.43
predictClasses-SurvivalExperiment-ClinicalModel-method0.160.000.15
predictClasses-SurvivalExperiment-PCOSP_or_RLS_or_RGA-method0.140.000.14
predictClasses0.140.030.17
rankFeatures-SummarizedExperiment-method0.190.000.19
rankFeatures0.160.010.17
removeColDataFactorColumns0.030.000.03
removeFactorColumns000
renameColDataColumns0.030.000.03
renameColumns0.010.000.02
sampleClinicalModel0.020.000.01
sampleCohortList0.010.020.04
sampleICGCmicro0.000.010.01
samplePCOSPmodel0.020.020.03
samplePCOSPpredList0.030.000.03
samplePCSIsurvExp0.000.020.02
sampleRGAmodel0.010.000.02
sampleRLSmodel0.020.000.02
sampleTrainedPCOSPmodel0.000.010.01
sampleValPCOSPmodel0.010.030.05
show-S4Model-method0.050.020.06
subset-CohortList-method0.190.000.19
trainData-set0.020.000.02
trainData0.030.000.03
trainModel-ClinicalModel-method0.050.000.05
trainModel-PCOSP-method1.20.01.2
trainModel-RGAModel-method1.250.001.25
trainModel-RLSModel-method1.020.011.03
trainModel1.090.021.11
validateModel-ClinicalModel-CohortList-method0.230.020.25
validateModel-ClinicalModel-SurvivalExperiment-method0.690.030.72
validateModel-GeneFuModel-CohortList-method1.500.101.59
validateModel-PCOSP_or_RLS_or_RGA-CohortList-method1.220.171.39
validateModel-PCOSP_or_RLS_or_RGA-SurvivalExperiment-method1.380.121.50
validateModel0.120.000.13
validationData-SurvivalModel-method0.020.000.01
validationData-set-SurvivalModel-CohortList-method0.000.030.03
validationData-set0.010.000.02
validationData0.020.000.01
validationStats-SurvivalModel-method0.000.020.02
validationStats-set-SurvivalModel-data.frame-method0.010.000.01
validationStats-set0.020.000.02
validationStats0.000.010.02