Back to Multiple platform build/check report for BioC 3.20:   simplified   long
ABCDEFGHIJKLMNOPQ[R]STUVWXYZ

This page was generated on 2025-02-03 12:09 -0500 (Mon, 03 Feb 2025).

HostnameOSArch (*)R versionInstalled pkgs
nebbiolo2Linux (Ubuntu 24.04.1 LTS)x86_644.4.2 (2024-10-31) -- "Pile of Leaves" 4746
palomino8Windows Server 2022 Datacenterx644.4.2 (2024-10-31 ucrt) -- "Pile of Leaves" 4494
merida1macOS 12.7.5 Montereyx86_644.4.2 (2024-10-31) -- "Pile of Leaves" 4517
kjohnson1macOS 13.6.6 Venturaarm644.4.2 (2024-10-31) -- "Pile of Leaves" 4469
taishanLinux (openEuler 24.03 LTS)aarch644.4.2 (2024-10-31) -- "Pile of Leaves" 4400
Click on any hostname to see more info about the system (e.g. compilers)      (*) as reported by 'uname -p', except on Windows and Mac OS X

Package 1698/2289HostnameOS / ArchINSTALLBUILDCHECKBUILD BIN
ReactomeGSA 1.20.0  (landing page)
Johannes Griss
Snapshot Date: 2025-01-30 13:00 -0500 (Thu, 30 Jan 2025)
git_url: https://git.bioconductor.org/packages/ReactomeGSA
git_branch: RELEASE_3_20
git_last_commit: b1f2efd
git_last_commit_date: 2024-10-29 10:40:10 -0500 (Tue, 29 Oct 2024)
nebbiolo2Linux (Ubuntu 24.04.1 LTS) / x86_64  OK    OK    TIMEOUT  
palomino8Windows Server 2022 Datacenter / x64  OK    OK    ERROR    OK  
merida1macOS 12.7.5 Monterey / x86_64  OK    OK    ERROR    OK  
kjohnson1macOS 13.6.6 Ventura / arm64  OK    ERROR  skippedskipped
taishanLinux (openEuler 24.03 LTS) / aarch64  OK    OK    TIMEOUT  


CHECK results for ReactomeGSA on merida1

To the developers/maintainers of the ReactomeGSA package:
- Allow up to 24 hours (and sometimes 48 hours) for your latest push to git@git.bioconductor.org:packages/ReactomeGSA.git to reflect on this report. See Troubleshooting Build Report for more information.
- Use the following Renviron settings to reproduce errors and warnings.
- If 'R CMD check' started to fail recently on the Linux builder(s) over a missing dependency, add the missing dependency to 'Suggests:' in your DESCRIPTION file. See Renviron.bioc for more information.

raw results


Summary

Package: ReactomeGSA
Version: 1.20.0
Command: /Library/Frameworks/R.framework/Resources/bin/R CMD check --install=check:ReactomeGSA.install-out.txt --library=/Library/Frameworks/R.framework/Resources/library --no-vignettes --timings ReactomeGSA_1.20.0.tar.gz
StartedAt: 2025-01-31 08:42:18 -0500 (Fri, 31 Jan 2025)
EndedAt: 2025-01-31 08:45:39 -0500 (Fri, 31 Jan 2025)
EllapsedTime: 200.4 seconds
RetCode: 1
Status:   ERROR  
CheckDir: ReactomeGSA.Rcheck
Warnings: NA

Command output

##############################################################################
##############################################################################
###
### Running command:
###
###   /Library/Frameworks/R.framework/Resources/bin/R CMD check --install=check:ReactomeGSA.install-out.txt --library=/Library/Frameworks/R.framework/Resources/library --no-vignettes --timings ReactomeGSA_1.20.0.tar.gz
###
##############################################################################
##############################################################################


* using log directory ‘/Users/biocbuild/bbs-3.20-bioc/meat/ReactomeGSA.Rcheck’
* using R version 4.4.2 (2024-10-31)
* using platform: x86_64-apple-darwin20
* R was compiled by
    Apple clang version 14.0.0 (clang-1400.0.29.202)
    GNU Fortran (GCC) 12.2.0
* running under: macOS Monterey 12.7.6
* using session charset: UTF-8
* using option ‘--no-vignettes’
* checking for file ‘ReactomeGSA/DESCRIPTION’ ... OK
* checking extension type ... Package
* this is package ‘ReactomeGSA’ version ‘1.20.0’
* package encoding: UTF-8
* checking package namespace information ... OK
* checking package dependencies ... OK
* checking if this is a source package ... OK
* checking if there is a namespace ... OK
* checking for hidden files and directories ... OK
* checking for portable file names ... OK
* checking for sufficient/correct file permissions ... OK
* checking whether package ‘ReactomeGSA’ can be installed ... OK
* checking installed package size ... OK
* checking package directory ... OK
* checking ‘build’ directory ... OK
* checking DESCRIPTION meta-information ... OK
* checking top-level files ... OK
* checking for left-over files ... OK
* checking index information ... OK
* checking package subdirectories ... OK
* checking code files for non-ASCII characters ... OK
* checking R files for syntax errors ... OK
* checking whether the package can be loaded ... OK
* checking whether the package can be loaded with stated dependencies ... OK
* checking whether the package can be unloaded cleanly ... OK
* checking whether the namespace can be loaded with stated dependencies ... OK
* checking whether the namespace can be unloaded cleanly ... OK
* checking whether startup messages can be suppressed ... OK
* checking dependencies in R code ... OK
* checking S3 generic/method consistency ... OK
* checking replacement functions ... OK
* checking foreign function calls ... OK
* checking R code for possible problems ... NOTE
plot_correlations,ReactomeAnalysisResult: no visible binding for global
  variable ‘combined_sig’
plot_correlations,ReactomeAnalysisResult: no visible binding for global
  variable ‘alpha’
plot_gsva_pathway,ReactomeAnalysisResult: no visible binding for global
  variable ‘cluster_id’
plot_gsva_pathway,ReactomeAnalysisResult: no visible binding for global
  variable ‘expr’
plot_gsva_pca,ReactomeAnalysisResult: no visible binding for global
  variable ‘gsva_result’
plot_gsva_pca,ReactomeAnalysisResult: no visible binding for global
  variable ‘PC1’
plot_gsva_pca,ReactomeAnalysisResult: no visible binding for global
  variable ‘PC2’
plot_heatmap,ReactomeAnalysisResult: no visible global function
  definition for ‘desc’
plot_heatmap,ReactomeAnalysisResult: no visible binding for global
  variable ‘n_sig’
plot_heatmap,ReactomeAnalysisResult: no visible binding for global
  variable ‘dataset’
plot_heatmap,ReactomeAnalysisResult: no visible binding for global
  variable ‘Name’
plot_volcano,ReactomeAnalysisResult: no visible binding for global
  variable ‘av_foldchange’
plot_volcano,ReactomeAnalysisResult: no visible binding for global
  variable ‘FDR’
Undefined global functions or variables:
  FDR Name PC1 PC2 alpha av_foldchange cluster_id combined_sig dataset
  desc expr gsva_result n_sig
* checking Rd files ... OK
* checking Rd metadata ... OK
* checking Rd cross-references ... OK
* checking for missing documentation entries ... OK
* checking for code/documentation mismatches ... OK
* checking Rd \usage sections ... OK
* checking Rd contents ... OK
* checking for unstated dependencies in examples ... OK
* checking files in ‘vignettes’ ... OK
* checking examples ... ERROR
Running examples in ‘ReactomeGSA-Ex.R’ failed
The error most likely occurred in:

> base::assign(".ptime", proc.time(), pos = "CheckExEnv")
> ### Name: analyse_sc_clusters,Seurat-method
> ### Title: analyse_sc_clusters - Seurat
> ### Aliases: analyse_sc_clusters,Seurat-method
> 
> ### ** Examples
> 
> # This example shows how a Seurat object can be analysed
> # the approach is identical for SingleCellExperiment objects
> library(ReactomeGSA.data)
Loading required package: limma
Loading required package: edgeR
Loading required package: Seurat
Loading required package: SeuratObject
Loading required package: sp
‘SeuratObject’ was built under R 4.4.0 but the current version is
4.4.2; it is recomended that you reinstall ‘SeuratObject’ as the ABI
for R may have changed
‘SeuratObject’ was built with package ‘Matrix’ 1.7.0 but the current
version is 1.7.2; it is recomended that you reinstall ‘SeuratObject’ as
the ABI for ‘Matrix’ may have changed

Attaching package: ‘SeuratObject’

The following objects are masked from ‘package:base’:

    intersect, t

> data(jerby_b_cells)
> 
> # perform the GSVA analysis
> gsva_result <- analyse_sc_clusters(jerby_b_cells, verbose = FALSE)
Converting expression data to string... (This may take a moment)
Conversion complete
Compressing request data...
No encoding supplied: defaulting to UTF-8.
Error in start_reactome_analysis(request = request, compress = compress,  : 
  Request failed (503 - Service Unavailable): The number of analysis requests is currently too high. Please try again in a few minutes.
Calls: analyse_sc_clusters ... analyse_sc_clusters -> .local -> <Anonymous> -> start_reactome_analysis
Execution halted
* checking for unstated dependencies in ‘tests’ ... OK
* checking tests ...
  Running ‘testthat.R’
 OK
* checking for unstated dependencies in vignettes ... OK
* checking package vignettes ... OK
* checking running R code from vignettes ... SKIPPED
* checking re-building of vignette outputs ... SKIPPED
* checking PDF version of manual ... OK
* DONE

Status: 1 ERROR, 1 NOTE
See
  ‘/Users/biocbuild/bbs-3.20-bioc/meat/ReactomeGSA.Rcheck/00check.log’
for details.


Installation output

ReactomeGSA.Rcheck/00install.out

##############################################################################
##############################################################################
###
### Running command:
###
###   /Library/Frameworks/R.framework/Resources/bin/R CMD INSTALL ReactomeGSA
###
##############################################################################
##############################################################################


* installing to library ‘/Library/Frameworks/R.framework/Versions/4.4-x86_64/Resources/library’
* installing *source* package ‘ReactomeGSA’ ...
** using staged installation
** R
** inst
** byte-compile and prepare package for lazy loading
in method for ‘analyse_sc_clusters’ with signature ‘object="Seurat"’: no definition for class “Seurat”
in method for ‘analyse_sc_clusters’ with signature ‘object="SingleCellExperiment"’: no definition for class “SingleCellExperiment”
in method for ‘add_dataset’ with signature ‘request="ReactomeAnalysisRequest",expression_values="EList"’: no definition for class “EList”
in method for ‘add_dataset’ with signature ‘request="ReactomeAnalysisRequest",expression_values="DGEList"’: no definition for class “DGEList”
** help
*** installing help indices
** building package indices
** installing vignettes
** testing if installed package can be loaded from temporary location
** testing if installed package can be loaded from final location
** testing if installed package keeps a record of temporary installation path
* DONE (ReactomeGSA)

Tests output

ReactomeGSA.Rcheck/tests/testthat.Rout


R version 4.4.2 (2024-10-31) -- "Pile of Leaves"
Copyright (C) 2024 The R Foundation for Statistical Computing
Platform: x86_64-apple-darwin20

R is free software and comes with ABSOLUTELY NO WARRANTY.
You are welcome to redistribute it under certain conditions.
Type 'license()' or 'licence()' for distribution details.

R is a collaborative project with many contributors.
Type 'contributors()' for more information and
'citation()' on how to cite R or R packages in publications.

Type 'demo()' for some demos, 'help()' for on-line help, or
'help.start()' for an HTML browser interface to help.
Type 'q()' to quit R.

> library(testthat)
> library(ReactomeGSA)
> 
> test_check("ReactomeGSA")
[ FAIL 0 | WARN 0 | SKIP 0 | PASS 17 ]
> 
> proc.time()
   user  system elapsed 
  3.262   0.293   3.648 

Example timings

ReactomeGSA.Rcheck/ReactomeGSA-Ex.timings

nameusersystemelapsed
ReactomeAnalysisRequest11.151 0.66412.166
ReactomeAnalysisResult-class3.7630.0293.909
add_dataset-ReactomeAnalysisRequest-DGEList-method1.4560.0761.538
add_dataset-ReactomeAnalysisRequest-EList-method1.3930.0611.469
add_dataset-ReactomeAnalysisRequest-ExpressionSet-method1.4000.0681.484
add_dataset-ReactomeAnalysisRequest-data.frame-method1.6680.0771.780
add_dataset-ReactomeAnalysisRequest-matrix-method1.3300.0631.441
add_dataset1.3110.0791.411