Back to Multiple platform build/check report for BioC 3.20: simplified long |
|
This page was generated on 2025-02-03 12:08 -0500 (Mon, 03 Feb 2025).
Hostname | OS | Arch (*) | R version | Installed pkgs |
---|---|---|---|---|
nebbiolo2 | Linux (Ubuntu 24.04.1 LTS) | x86_64 | 4.4.2 (2024-10-31) -- "Pile of Leaves" | 4746 |
palomino8 | Windows Server 2022 Datacenter | x64 | 4.4.2 (2024-10-31 ucrt) -- "Pile of Leaves" | 4494 |
merida1 | macOS 12.7.5 Monterey | x86_64 | 4.4.2 (2024-10-31) -- "Pile of Leaves" | 4517 |
kjohnson1 | macOS 13.6.6 Ventura | arm64 | 4.4.2 (2024-10-31) -- "Pile of Leaves" | 4469 |
taishan | Linux (openEuler 24.03 LTS) | aarch64 | 4.4.2 (2024-10-31) -- "Pile of Leaves" | 4400 |
Click on any hostname to see more info about the system (e.g. compilers) (*) as reported by 'uname -p', except on Windows and Mac OS X |
Package 998/2289 | Hostname | OS / Arch | INSTALL | BUILD | CHECK | BUILD BIN | ||||||||
icetea 1.24.0 (landing page) Vivek Bhardwaj
| nebbiolo2 | Linux (Ubuntu 24.04.1 LTS) / x86_64 | OK | OK | WARNINGS | ![]() | ||||||||
palomino8 | Windows Server 2022 Datacenter / x64 | OK | OK | WARNINGS | OK | ![]() | ||||||||
merida1 | macOS 12.7.5 Monterey / x86_64 | OK | OK | WARNINGS | OK | ![]() | ||||||||
kjohnson1 | macOS 13.6.6 Ventura / arm64 | OK | OK | WARNINGS | OK | ![]() | ||||||||
taishan | Linux (openEuler 24.03 LTS) / aarch64 | OK | OK | WARNINGS | ||||||||||
To the developers/maintainers of the icetea package: - Allow up to 24 hours (and sometimes 48 hours) for your latest push to git@git.bioconductor.org:packages/icetea.git to reflect on this report. See Troubleshooting Build Report for more information. - Use the following Renviron settings to reproduce errors and warnings. - If 'R CMD check' started to fail recently on the Linux builder(s) over a missing dependency, add the missing dependency to 'Suggests:' in your DESCRIPTION file. See Renviron.bioc for more information. |
Package: icetea |
Version: 1.24.0 |
Command: /Library/Frameworks/R.framework/Resources/bin/R CMD check --install=check:icetea.install-out.txt --library=/Library/Frameworks/R.framework/Resources/library --no-vignettes --timings icetea_1.24.0.tar.gz |
StartedAt: 2025-01-31 05:14:32 -0500 (Fri, 31 Jan 2025) |
EndedAt: 2025-01-31 05:27:01 -0500 (Fri, 31 Jan 2025) |
EllapsedTime: 749.4 seconds |
RetCode: 0 |
Status: WARNINGS |
CheckDir: icetea.Rcheck |
Warnings: 1 |
############################################################################## ############################################################################## ### ### Running command: ### ### /Library/Frameworks/R.framework/Resources/bin/R CMD check --install=check:icetea.install-out.txt --library=/Library/Frameworks/R.framework/Resources/library --no-vignettes --timings icetea_1.24.0.tar.gz ### ############################################################################## ############################################################################## * using log directory ‘/Users/biocbuild/bbs-3.20-bioc/meat/icetea.Rcheck’ * using R version 4.4.2 (2024-10-31) * using platform: x86_64-apple-darwin20 * R was compiled by Apple clang version 14.0.0 (clang-1400.0.29.202) GNU Fortran (GCC) 12.2.0 * running under: macOS Monterey 12.7.6 * using session charset: UTF-8 * using option ‘--no-vignettes’ * checking for file ‘icetea/DESCRIPTION’ ... OK * checking extension type ... Package * this is package ‘icetea’ version ‘1.24.0’ * package encoding: UTF-8 * checking package namespace information ... OK * checking package dependencies ... OK * checking if this is a source package ... OK * checking if there is a namespace ... OK * checking for hidden files and directories ... OK * checking for portable file names ... OK * checking for sufficient/correct file permissions ... OK * checking whether package ‘icetea’ can be installed ... OK * checking installed package size ... OK * checking package directory ... OK * checking ‘build’ directory ... OK * checking DESCRIPTION meta-information ... OK * checking top-level files ... OK * checking for left-over files ... OK * checking index information ... OK * checking package subdirectories ... OK * checking code files for non-ASCII characters ... OK * checking R files for syntax errors ... OK * checking whether the package can be loaded ... OK * checking whether the package can be loaded with stated dependencies ... OK * checking whether the package can be unloaded cleanly ... OK * checking whether the namespace can be loaded with stated dependencies ... OK * checking whether the namespace can be unloaded cleanly ... OK * checking dependencies in R code ... WARNING '::' or ':::' import not declared from: ‘MatrixGenerics’ * checking S3 generic/method consistency ... OK * checking replacement functions ... OK * checking foreign function calls ... OK * checking R code for possible problems ... NOTE detectTSS,CapSet : <anonymous>: no visible binding for global variable ‘logFC’ fitDiffTSS,CapSet: no visible binding for global variable ‘ResizeReads’ Undefined global functions or variables: ResizeReads logFC * checking Rd files ... OK * checking Rd metadata ... OK * checking Rd cross-references ... OK * checking for missing documentation entries ... OK * checking for code/documentation mismatches ... OK * checking Rd \usage sections ... OK * checking Rd contents ... OK * checking for unstated dependencies in examples ... OK * checking files in ‘vignettes’ ... OK * checking examples ... OK Examples with CPU (user + system) or elapsed time > 5s user system elapsed detectTSS 25.373 2.084 27.705 annotateTSS 17.805 0.698 19.680 plotTSSprecision 5.082 0.304 5.840 filterDuplicates 4.515 0.370 5.415 * checking for unstated dependencies in ‘tests’ ... OK * checking tests ... Running ‘testthat.R’ OK * checking for unstated dependencies in vignettes ... OK * checking package vignettes ... OK * checking running R code from vignettes ... SKIPPED * checking re-building of vignette outputs ... SKIPPED * checking PDF version of manual ... OK * DONE Status: 1 WARNING, 1 NOTE See ‘/Users/biocbuild/bbs-3.20-bioc/meat/icetea.Rcheck/00check.log’ for details.
icetea.Rcheck/00install.out
############################################################################## ############################################################################## ### ### Running command: ### ### /Library/Frameworks/R.framework/Resources/bin/R CMD INSTALL icetea ### ############################################################################## ############################################################################## * installing to library ‘/Library/Frameworks/R.framework/Versions/4.4-x86_64/Resources/library’ * installing *source* package ‘icetea’ ... ** using staged installation ** R ** inst ** byte-compile and prepare package for lazy loading ** help *** installing help indices ** building package indices ** installing vignettes ** testing if installed package can be loaded from temporary location ** testing if installed package can be loaded from final location ** testing if installed package keeps a record of temporary installation path * DONE (icetea)
icetea.Rcheck/tests/testthat.Rout
R version 4.4.2 (2024-10-31) -- "Pile of Leaves" Copyright (C) 2024 The R Foundation for Statistical Computing Platform: x86_64-apple-darwin20 R is free software and comes with ABSOLUTELY NO WARRANTY. You are welcome to redistribute it under certain conditions. Type 'license()' or 'licence()' for distribution details. R is a collaborative project with many contributors. Type 'contributors()' for more information and 'citation()' on how to cite R or R packages in publications. Type 'demo()' for some demos, 'help()' for on-line help, or 'help.start()' for an HTML browser interface to help. Type 'q()' to quit R. > library(testthat) > library(icetea) > > test_check("icetea") [ FAIL 0 | WARN 1 | SKIP 0 | PASS 17 ] [ FAIL 0 | WARN 1 | SKIP 0 | PASS 17 ] > > proc.time() user system elapsed 74.463 3.762 81.689
icetea.Rcheck/icetea-Ex.timings
name | user | system | elapsed | |
annotateTSS | 17.805 | 0.698 | 19.680 | |
demultiplexFASTQ | 2.743 | 0.104 | 3.004 | |
detectDiffTSS | 0.000 | 0.001 | 0.002 | |
detectTSS | 25.373 | 2.084 | 27.705 | |
exampleCSobject | 0.185 | 0.047 | 0.251 | |
exportTSS | 0.396 | 0.059 | 0.501 | |
filterDuplicates | 4.515 | 0.370 | 5.415 | |
fitDiffTSS | 0.001 | 0.000 | 0.001 | |
getGeneCounts | 3.813 | 0.170 | 4.190 | |
getNormFactors | 2.755 | 0.816 | 2.458 | |
mapCaps | 0.001 | 0.000 | 0.001 | |
newCapSet | 0.130 | 0.028 | 0.169 | |
plotReadStats | 0.907 | 0.137 | 1.143 | |
plotTSSprecision | 5.082 | 0.304 | 5.840 | |
sampleInfo | 0.190 | 0.009 | 0.221 | |
splitBAM_byIndex | 0.400 | 0.067 | 0.509 | |
splitBAM_byRepindex | 0.366 | 0.058 | 0.469 | |