* checking for file 'RSNPper/DESCRIPTION' ... OK
* preparing 'RSNPper':
* checking DESCRIPTION meta-information ... OK
* installing the package to re-build vignettes
* Installing *source* package 'RSNPper' ...
** R
** inst
** help
>>> Building/Updating help pages for package 'RSNPper'
Formats: text html latex example
SNPperMeta-class text html latex example
geneInfo text html latex example
** building package indices ...
* DONE (RSNPper)
* creating vignettes ... ERROR
Warning message:
cannot open: HTTP status was '500 Server Error'
Error: chunk 12 (label=fullRun)
Error in scan(Url, "", quiet = TRUE) : cannot open the connection
Error in buildVignettes(dir = ".") : Error: chunk 12 (label=fullRun)
Error in scan(Url, "", quiet = TRUE) : cannot open the connection
Execution halted