Back to the "Multiple platform build/check report"
Package 4/205 | OS | Arch | BUILD | CHECK | BUILD BIN |
affxparser1.5.4Kasper Daniel Hansen | Linux (SUSE 9.2) | x86_64 | OK | WARNINGS | |
Linux (SUSE 9.2) | i686 | OK | WARNINGS | ||
Solaris 2.9 | sparc | OK | ERROR | ||
Linux (SUSE 10.0) | x86_64 | OK | WARNINGS | ||
Windows Server 2003 | x86_64 | OK | WARNINGS | OK | |
Windows XP | i686 | OK | WARNINGS | OK | |
Mac OS X (10.4.6) | i686 | OK | [ WARNINGS ] |
Package: affxparser |
Version: 1.5.4 |
Command: /Library/Frameworks/R.framework/Resources/bin/R CMD check affxparser_1.5.4.tar.gz |
RetCode: 0 |
Time: 87.6 seconds |
Status: WARNINGS |
CheckDir: affxparser.Rcheck |
Warnings: 3 |
* checking for working latex ... OK * using log directory '/Users/biocbuild/1.9d/Rpacks/affxparser.Rcheck' * using R version 2.4.0 alpha (2006-09-07 r39185) * checking for file 'affxparser/DESCRIPTION' ... OK * this is package 'affxparser' version '1.5.4' * checking package dependencies ... OK * checking if this is a source package ... OK * checking whether package 'affxparser' can be installed ... WARNING Found the following significant warnings: missing link(s): cdfGetBlocks missing link(s): writeCdf * checking package directory ... OK * checking for portable file names ... OK * checking for sufficient/correct file permissions ... OK * checking DESCRIPTION meta-information ... OK * checking top-level files ... OK * checking index information ... OK * checking package subdirectories ... OK * checking R files for syntax errors ... OK * checking R files for non-ASCII characters ... OK * checking whether the package can be loaded ... OK * checking whether the package can be loaded with stated dependencies ... OK * checking whether the name space can be loaded with stated dependencies ... OK * checking S3 generic/method consistency ... OK * checking replacement functions ... OK * checking foreign function calls ... OK * checking R code for possible problems ... OK * checking Rd files ... OK * checking Rd cross-references ... WARNING Missing link(s) in documentation object 'applyCdfBlocks.Rd': cdfGetBlocks Missing link(s) in documentation object 'convertCdf.Rd': writeCdf * checking for missing documentation entries ... WARNING Undocumented code objects: cdfHeaderToCelHeader initializeCdf readBpmap readBpmapHeader readBpmapSeqInfo readCdfQC readCdfQc tpmap2bpmap writeCdf writeCdfQcUnit writeCdfUnit writeTpmap All user-level objects in a package should have documentation entries. See the chapter 'Writing R documentation files' in manual 'Writing R Extensions'. * checking for code/documentation mismatches ... OK * checking Rd \usage sections ... OK * checking for CRLF line endings in C/C++/Fortran sources/headers ... OK * checking for portable compilation flags in Makevars ... OK * checking for portable use of $BLAS_LIBS ... OK * creating affxparser-Ex.R ... OK * checking examples ... OK * creating affxparser-manual.tex ... OK * checking affxparser-manual.tex ... OK WARNING: There were 3 warnings, see /Users/biocbuild/1.9d/Rpacks/affxparser.Rcheck/00check.log for details
affxparser.Rcheck/00install.out:
* Installing *source* package 'affxparser' ... ** libs ** arch - i386 g++-4.0 -arch i386 -I/Library/Frameworks/R.framework/Resources/include -I/Library/Frameworks/R.framework/Resources/include/i386 -imacros R_affx_constants.h -Ifusion_sdk/calvin_files/array/src -Ifusion_sdk/calvin_files/data/src -Ifusion_sdk/calvin_files/exception/src -Ifusion_sdk/calvin_files/fusion/src -Ifusion_sdk/calvin_files/fusion/src/GCOSAdapter -Ifusion_sdk/calvin_files/fusion/src/CalvinAdapter -Ifusion_sdk/calvin_files/parameter/src -Ifusion_sdk/calvin_files/parsers/src -Ifusion_sdk/calvin_files/portability/src -Ifusion_sdk/calvin_files/template/src -Ifusion_sdk/calvin_files/utils/src -Ifusion_sdk/calvin_files/writers/src -Ifusion_sdk/file -Ifusion_sdk/portability -D_USE_MEM_MAPPING_ -msse3 -fPIC -g -O2 -march=pentium-m -mtune=prescott -O0 -c fusion_sdk/calvin_files/data/src/CDFData.cpp -o fusion_sdk/calvin_files/data/src/CDFData.o g++-4.0 -arch i386 -I/Library/Frameworks/R.framework/Resources/include -I/Library/Frameworks/R.framework/Resources/include/i386 -imacros R_affx_constants.h -Ifusion_sdk/calvin_files/array/src -Ifusion_sdk/calvin_files/data/src -Ifusion_sdk/calvin_files/exception/src -Ifusion_sdk/calvin_files/fusion/src -Ifusion_sdk/calvin_files/fusion/src/GCOSAdapter -Ifusion_sdk/calvin_files/fusion/src/CalvinAdapter -Ifusion_sdk/calvin_files/parameter/src -Ifusion_sdk/calvin_files/parsers/src -Ifusion_sdk/calvin_files/portability/src -Ifusion_sdk/calvin_files/template/src -Ifusion_sdk/calvin_files/utils/src -Ifusion_sdk/calvin_files/writers/src -Ifusion_sdk/file -Ifusion_sdk/portability -D_USE_MEM_MAPPING_ -msse3 -fPIC -g -O2 -march=pentium-m -mtune=prescott -O0 -c fusion_sdk/calvin_files/data/src/CDFProbeGroupInformation.cpp -o fusion_sdk/calvin_files/data/src/CDFProbeGroupInformation.o g++-4.0 -arch i386 -I/Library/Frameworks/R.framework/Resources/include -I/Library/Frameworks/R.framework/Resources/include/i386 -imacros R_affx_constants.h -Ifusion_sdk/calvin_files/array/src -Ifusion_sdk/calvin_files/data/src -Ifusion_sdk/calvin_files/exception/src -Ifusion_sdk/calvin_files/fusion/src -Ifusion_sdk/calvin_files/fusion/src/GCOSAdapter -Ifusion_sdk/calvin_files/fusion/src/CalvinAdapter -Ifusion_sdk/calvin_files/parameter/src -Ifusion_sdk/calvin_files/parsers/src -Ifusion_sdk/calvin_files/portability/src -Ifusion_sdk/calvin_files/template/src -Ifusion_sdk/calvin_files/utils/src -Ifusion_sdk/calvin_files/writers/src -Ifusion_sdk/file -Ifusion_sdk/portability -D_USE_MEM_MAPPING_ -msse3 -fPIC -g -O2 -march=pentium-m -mtune=prescott -O0 -c fusion_sdk/calvin_files/data/src/CDFProbeInformation.cpp -o fusion_sdk/calvin_files/data/src/CDFProbeInformation.o g++-4.0 -arch i386 -I/Library/Frameworks/R.framework/Resources/include -I/Library/Frameworks/R.framework/Resources/include/i386 -imacros R_affx_constants.h -Ifusion_sdk/calvin_files/array/src -Ifusion_sdk/calvin_files/data/src -Ifusion_sdk/calvin_files/exception/src -Ifusion_sdk/calvin_files/fusion/src -Ifusion_sdk/calvin_files/fusion/src/GCOSAdapter -Ifusion_sdk/calvin_files/fusion/src/CalvinAdapter -Ifusion_sdk/calvin_files/parameter/src -Ifusion_sdk/calvin_files/parsers/src -Ifusion_sdk/calvin_files/portability/src -Ifusion_sdk/calvin_files/template/src -Ifusion_sdk/calvin_files/utils/src -Ifusion_sdk/calvin_files/writers/src -Ifusion_sdk/file -Ifusion_sdk/portability -D_USE_MEM_MAPPING_ -msse3 -fPIC -g -O2 -march=pentium-m -mtune=prescott -O0 -c fusion_sdk/calvin_files/data/src/CDFProbeSetInformation.cpp -o fusion_sdk/calvin_files/data/src/CDFProbeSetInformation.o g++-4.0 -arch i386 -I/Library/Frameworks/R.framework/Resources/include -I/Library/Frameworks/R.framework/Resources/include/i386 -imacros R_affx_constants.h -Ifusion_sdk/calvin_files/array/src -Ifusion_sdk/calvin_files/data/src -Ifusion_sdk/calvin_files/exception/src -Ifusion_sdk/calvin_files/fusion/src -Ifusion_sdk/calvin_files/fusion/src/GCOSAdapter -Ifusion_sdk/calvin_files/fusion/src/CalvinAdapter -Ifusion_sdk/calvin_files/parameter/src -Ifusion_sdk/calvin_files/parsers/src -Ifusion_sdk/calvin_files/portability/src -Ifusion_sdk/calvin_files/template/src -Ifusion_sdk/calvin_files/utils/src -Ifusion_sdk/calvin_files/writers/src -Ifusion_sdk/file -Ifusion_sdk/portability -D_USE_MEM_MAPPING_ -msse3 -fPIC -g -O2 -march=pentium-m -mtune=prescott -O0 -c fusion_sdk/calvin_files/data/src/CDFQCProbeInformation.cpp -o fusion_sdk/calvin_files/data/src/CDFQCProbeInformation.o g++-4.0 -arch i386 -I/Library/Frameworks/R.framework/Resources/include -I/Library/Frameworks/R.framework/Resources/include/i386 -imacros R_affx_constants.h -Ifusion_sdk/calvin_files/array/src -Ifusion_sdk/calvin_files/data/src -Ifusion_sdk/calvin_files/exception/src -Ifusion_sdk/calvin_files/fusion/src -Ifusion_sdk/calvin_files/fusion/src/GCOSAdapter -Ifusion_sdk/calvin_files/fusion/src/CalvinAdapter -Ifusion_sdk/calvin_files/parameter/src -Ifusion_sdk/calvin_files/parsers/src -Ifusion_sdk/calvin_files/portability/src -Ifusion_sdk/calvin_files/template/src -Ifusion_sdk/calvin_files/utils/src -Ifusion_sdk/calvin_files/writers/src -Ifusion_sdk/file -Ifusion_sdk/portability -D_USE_MEM_MAPPING_ -msse3 -fPIC -g -O2 -march=pentium-m -mtune=prescott -O0 -c fusion_sdk/calvin_files/data/src/CDFQCProbeSetInformation.cpp -o fusion_sdk/calvin_files/data/src/CDFQCProbeSetInformation.o g++-4.0 -arch i386 -I/Library/Frameworks/R.framework/Resources/include -I/Library/Frameworks/R.framework/Resources/include/i386 -imacros R_affx_constants.h -Ifusion_sdk/calvin_files/array/src -Ifusion_sdk/calvin_files/data/src -Ifusion_sdk/calvin_files/exception/src -Ifusion_sdk/calvin_files/fusion/src -Ifusion_sdk/calvin_files/fusion/src/GCOSAdapter -Ifusion_sdk/calvin_files/fusion/src/CalvinAdapter -Ifusion_sdk/calvin_files/parameter/src -Ifusion_sdk/calvin_files/parsers/src -Ifusion_sdk/calvin_files/portability/src -Ifusion_sdk/calvin_files/template/src -Ifusion_sdk/calvin_files/utils/src -Ifusion_sdk/calvin_files/writers/src -Ifusion_sdk/file -Ifusion_sdk/portability -D_USE_MEM_MAPPING_ -msse3 -fPIC -g -O2 -march=pentium-m -mtune=prescott -O0 -c fusion_sdk/calvin_files/data/src/CELData.cpp -o fusion_sdk/calvin_files/data/src/CELData.o g++-4.0 -arch i386 -I/Library/Frameworks/R.framework/Resources/include -I/Library/Frameworks/R.framework/Resources/include/i386 -imacros R_affx_constants.h -Ifusion_sdk/calvin_files/array/src -Ifusion_sdk/calvin_files/data/src -Ifusion_sdk/calvin_files/exception/src -Ifusion_sdk/calvin_files/fusion/src -Ifusion_sdk/calvin_files/fusion/src/GCOSAdapter -Ifusion_sdk/calvin_files/fusion/src/CalvinAdapter -Ifusion_sdk/calvin_files/parameter/src -Ifusion_sdk/calvin_files/parsers/src -Ifusion_sdk/calvin_files/portability/src -Ifusion_sdk/calvin_files/template/src -Ifusion_sdk/calvin_files/utils/src -Ifusion_sdk/calvin_files/writers/src -Ifusion_sdk/file -Ifusion_sdk/portability -D_USE_MEM_MAPPING_ -msse3 -fPIC -g -O2 -march=pentium-m -mtune=prescott -O0 -c fusion_sdk/calvin_files/data/src/DataGroup.cpp -o fusion_sdk/calvin_files/data/src/DataGroup.o g++-4.0 -arch i386 -I/Library/Frameworks/R.framework/Resources/include -I/Library/Frameworks/R.framework/Resources/include/i386 -imacros R_affx_constants.h -Ifusion_sdk/calvin_files/array/src -Ifusion_sdk/calvin_files/data/src -Ifusion_sdk/calvin_files/exception/src -Ifusion_sdk/calvin_files/fusion/src -Ifusion_sdk/calvin_files/fusion/src/GCOSAdapter -Ifusion_sdk/calvin_files/fusion/src/CalvinAdapter -Ifusion_sdk/calvin_files/parameter/src -Ifusion_sdk/calvin_files/parsers/src -Ifusion_sdk/calvin_files/portability/src -Ifusion_sdk/calvin_files/template/src -Ifusion_sdk/calvin_files/utils/src -Ifusion_sdk/calvin_files/writers/src -Ifusion_sdk/file -Ifusion_sdk/portability -D_USE_MEM_MAPPING_ -msse3 -fPIC -g -O2 -march=pentium-m -mtune=prescott -O0 -c fusion_sdk/calvin_files/data/src/DataGroupHeader.cpp -o fusion_sdk/calvin_files/data/src/DataGroupHeader.o g++-4.0 -arch i386 -I/Library/Frameworks/R.framework/Resources/include -I/Library/Frameworks/R.framework/Resources/include/i386 -imacros R_affx_constants.h -Ifusion_sdk/calvin_files/array/src -Ifusion_sdk/calvin_files/data/src -Ifusion_sdk/calvin_files/exception/src -Ifusion_sdk/calvin_files/fusion/src -Ifusion_sdk/calvin_files/fusion/src/GCOSAdapter -Ifusion_sdk/calvin_files/fusion/src/CalvinAdapter -Ifusion_sdk/calvin_files/parameter/src -Ifusion_sdk/calvin_files/parsers/src -Ifusion_sdk/calvin_files/portability/src -Ifusion_sdk/calvin_files/template/src -Ifusion_sdk/calvin_files/utils/src -Ifusion_sdk/calvin_files/writers/src -Ifusion_sdk/file -Ifusion_sdk/portability -D_USE_MEM_MAPPING_ -msse3 -fPIC -g -O2 -march=pentium-m -mtune=prescott -O0 -c fusion_sdk/calvin_files/data/src/DataSet.cpp -o fusion_sdk/calvin_files/data/src/DataSet.o g++-4.0 -arch i386 -I/Library/Frameworks/R.framework/Resources/include -I/Library/Frameworks/R.framework/Resources/include/i386 -imacros R_affx_constants.h -Ifusion_sdk/calvin_files/array/src -Ifusion_sdk/calvin_files/data/src -Ifusion_sdk/calvin_files/exception/src -Ifusion_sdk/calvin_files/fusion/src -Ifusion_sdk/calvin_files/fusion/src/GCOSAdapter -Ifusion_sdk/calvin_files/fusion/src/CalvinAdapter -Ifusion_sdk/calvin_files/parameter/src -Ifusion_sdk/calvin_files/parsers/src -Ifusion_sdk/calvin_files/portability/src -Ifusion_sdk/calvin_files/template/src -Ifusion_sdk/calvin_files/utils/src -Ifusion_sdk/calvin_files/writers/src -Ifusion_sdk/file -Ifusion_sdk/portability -D_USE_MEM_MAPPING_ -msse3 -fPIC -g -O2 -march=pentium-m -mtune=prescott -O0 -c fusion_sdk/calvin_files/data/src/DataSetHeader.cpp -o fusion_sdk/calvin_files/data/src/DataSetHeader.o g++-4.0 -arch i386 -I/Library/Frameworks/R.framework/Resources/include -I/Library/Frameworks/R.framework/Resources/include/i386 -imacros R_affx_constants.h -Ifusion_sdk/calvin_files/array/src -Ifusion_sdk/calvin_files/data/src -Ifusion_sdk/calvin_files/exception/src -Ifusion_sdk/calvin_files/fusion/src -Ifusion_sdk/calvin_files/fusion/src/GCOSAdapter -Ifusion_sdk/calvin_files/fusion/src/CalvinAdapter -Ifusion_sdk/calvin_files/parameter/src -Ifusion_sdk/calvin_files/parsers/src -Ifusion_sdk/calvin_files/portability/src -Ifusion_sdk/calvin_files/template/src -Ifusion_sdk/calvin_files/utils/src -Ifusion_sdk/calvin_files/writers/src -Ifusion_sdk/file -Ifusion_sdk/portability -D_USE_MEM_MAPPING_ -msse3 -fPIC -g -O2 -march=pentium-m -mtune=prescott -O0 -c fusion_sdk/calvin_files/data/src/FileHeader.cpp -o fusion_sdk/calvin_files/data/src/FileHeader.o g++-4.0 -arch i386 -I/Library/Frameworks/R.framework/Resources/include -I/Library/Frameworks/R.framework/Resources/include/i386 -imacros R_affx_constants.h -Ifusion_sdk/calvin_files/array/src -Ifusion_sdk/calvin_files/data/src -Ifusion_sdk/calvin_files/exception/src -Ifusion_sdk/calvin_files/fusion/src -Ifusion_sdk/calvin_files/fusion/src/GCOSAdapter -Ifusion_sdk/calvin_files/fusion/src/CalvinAdapter -Ifusion_sdk/calvin_files/parameter/src -Ifusion_sdk/calvin_files/parsers/src -Ifusion_sdk/calvin_files/portability/src -Ifusion_sdk/calvin_files/template/src -Ifusion_sdk/calvin_files/utils/src -Ifusion_sdk/calvin_files/writers/src -Ifusion_sdk/file -Ifusion_sdk/portability -D_USE_MEM_MAPPING_ -msse3 -fPIC -g -O2 -march=pentium-m -mtune=prescott -O0 -c fusion_sdk/calvin_files/data/src/GenericData.cpp -o fusion_sdk/calvin_files/data/src/GenericData.o g++-4.0 -arch i386 -I/Library/Frameworks/R.framework/Resources/include -I/Library/Frameworks/R.framework/Resources/include/i386 -imacros R_affx_constants.h -Ifusion_sdk/calvin_files/array/src -Ifusion_sdk/calvin_files/data/src -Ifusion_sdk/calvin_files/exception/src -Ifusion_sdk/calvin_files/fusion/src -Ifusion_sdk/calvin_files/fusion/src/GCOSAdapter -Ifusion_sdk/calvin_files/fusion/src/CalvinAdapter -Ifusion_sdk/calvin_files/parameter/src -Ifusion_sdk/calvin_files/parsers/src -Ifusion_sdk/calvin_files/portability/src -Ifusion_sdk/calvin_files/template/src -Ifusion_sdk/calvin_files/utils/src -Ifusion_sdk/calvin_files/writers/src -Ifusion_sdk/file -Ifusion_sdk/portability -D_USE_MEM_MAPPING_ -msse3 -fPIC -g -O2 -march=pentium-m -mtune=prescott -O0 -c fusion_sdk/calvin_files/data/src/GenericDataHeader.cpp -o fusion_sdk/calvin_files/data/src/GenericDataHeader.o g++-4.0 -arch i386 -I/Library/Frameworks/R.framework/Resources/include -I/Library/Frameworks/R.framework/Resources/include/i386 -imacros R_affx_constants.h -Ifusion_sdk/calvin_files/array/src -Ifusion_sdk/calvin_files/data/src -Ifusion_sdk/calvin_files/exception/src -Ifusion_sdk/calvin_files/fusion/src -Ifusion_sdk/calvin_files/fusion/src/GCOSAdapter -Ifusion_sdk/calvin_files/fusion/src/CalvinAdapter -Ifusion_sdk/calvin_files/parameter/src -Ifusion_sdk/calvin_files/parsers/src -Ifusion_sdk/calvin_files/portability/src -Ifusion_sdk/calvin_files/template/src -Ifusion_sdk/calvin_files/utils/src -Ifusion_sdk/calvin_files/writers/src -Ifusion_sdk/file -Ifusion_sdk/portability -D_USE_MEM_MAPPING_ -msse3 -fPIC -g -O2 -march=pentium-m -mtune=prescott -O0 -c fusion_sdk/calvin_files/exception/src/ExceptionBase.cpp -o fusion_sdk/calvin_files/exception/src/ExceptionBase.o g++-4.0 -arch i386 -I/Library/Frameworks/R.framework/Resources/include -I/Library/Frameworks/R.framework/Resources/include/i386 -imacros R_affx_constants.h -Ifusion_sdk/calvin_files/array/src -Ifusion_sdk/calvin_files/data/src -Ifusion_sdk/calvin_files/exception/src -Ifusion_sdk/calvin_files/fusion/src -Ifusion_sdk/calvin_files/fusion/src/GCOSAdapter -Ifusion_sdk/calvin_files/fusion/src/CalvinAdapter -Ifusion_sdk/calvin_files/parameter/src -Ifusion_sdk/calvin_files/parsers/src -Ifusion_sdk/calvin_files/portability/src -Ifusion_sdk/calvin_files/template/src -Ifusion_sdk/calvin_files/utils/src -Ifusion_sdk/calvin_files/writers/src -Ifusion_sdk/file -Ifusion_sdk/portability -D_USE_MEM_MAPPING_ -msse3 -fPIC -g -O2 -march=pentium-m -mtune=prescott -O0 -c fusion_sdk/calvin_files/fusion/src/CalvinAdapter/CalvinCELDataAdapter.cpp -o fusion_sdk/calvin_files/fusion/src/CalvinAdapter/CalvinCELDataAdapter.o g++-4.0 -arch i386 -I/Library/Frameworks/R.framework/Resources/include -I/Library/Frameworks/R.framework/Resources/include/i386 -imacros R_affx_constants.h -Ifusion_sdk/calvin_files/array/src -Ifusion_sdk/calvin_files/data/src -Ifusion_sdk/calvin_files/exception/src -Ifusion_sdk/calvin_files/fusion/src -Ifusion_sdk/calvin_files/fusion/src/GCOSAdapter -Ifusion_sdk/calvin_files/fusion/src/CalvinAdapter -Ifusion_sdk/calvin_files/parameter/src -Ifusion_sdk/calvin_files/parsers/src -Ifusion_sdk/calvin_files/portability/src -Ifusion_sdk/calvin_files/template/src -Ifusion_sdk/calvin_files/utils/src -Ifusion_sdk/calvin_files/writers/src -Ifusion_sdk/file -Ifusion_sdk/portability -D_USE_MEM_MAPPING_ -msse3 -fPIC -g -O2 -march=pentium-m -mtune=prescott -O0 -c fusion_sdk/calvin_files/fusion/src/FusionBPMAPData.cpp -o fusion_sdk/calvin_files/fusion/src/FusionBPMAPData.o g++-4.0 -arch i386 -I/Library/Frameworks/R.framework/Resources/include -I/Library/Frameworks/R.framework/Resources/include/i386 -imacros R_affx_constants.h -Ifusion_sdk/calvin_files/array/src -Ifusion_sdk/calvin_files/data/src -Ifusion_sdk/calvin_files/exception/src -Ifusion_sdk/calvin_files/fusion/src -Ifusion_sdk/calvin_files/fusion/src/GCOSAdapter -Ifusion_sdk/calvin_files/fusion/src/CalvinAdapter -Ifusion_sdk/calvin_files/parameter/src -Ifusion_sdk/calvin_files/parsers/src -Ifusion_sdk/calvin_files/portability/src -Ifusion_sdk/calvin_files/template/src -Ifusion_sdk/calvin_files/utils/src -Ifusion_sdk/calvin_files/writers/src -Ifusion_sdk/file -Ifusion_sdk/portability -D_USE_MEM_MAPPING_ -msse3 -fPIC -g -O2 -march=pentium-m -mtune=prescott -O0 -c fusion_sdk/calvin_files/fusion/src/FusionCDFData.cpp -o fusion_sdk/calvin_files/fusion/src/FusionCDFData.o fusion_sdk/calvin_files/fusion/src/FusionCDFData.cpp: In member function 'char affymetrix_fusion_io::FusionCDFProbeInformation::GetPBase() const': fusion_sdk/calvin_files/fusion/src/FusionCDFData.cpp:420: warning: converting to non-pointer type 'char' from NULL fusion_sdk/calvin_files/fusion/src/FusionCDFData.cpp: In member function 'char affymetrix_fusion_io::FusionCDFProbeInformation::GetTBase() const': fusion_sdk/calvin_files/fusion/src/FusionCDFData.cpp:433: warning: converting to non-pointer type 'char' from NULL g++-4.0 -arch i386 -I/Library/Frameworks/R.framework/Resources/include -I/Library/Frameworks/R.framework/Resources/include/i386 -imacros R_affx_constants.h -Ifusion_sdk/calvin_files/array/src -Ifusion_sdk/calvin_files/data/src -Ifusion_sdk/calvin_files/exception/src -Ifusion_sdk/calvin_files/fusion/src -Ifusion_sdk/calvin_files/fusion/src/GCOSAdapter -Ifusion_sdk/calvin_files/fusion/src/CalvinAdapter -Ifusion_sdk/calvin_files/parameter/src -Ifusion_sdk/calvin_files/parsers/src -Ifusion_sdk/calvin_files/portability/src -Ifusion_sdk/calvin_files/template/src -Ifusion_sdk/calvin_files/utils/src -Ifusion_sdk/calvin_files/writers/src -Ifusion_sdk/file -Ifusion_sdk/portability -D_USE_MEM_MAPPING_ -msse3 -fPIC -g -O2 -march=pentium-m -mtune=prescott -O0 -c fusion_sdk/calvin_files/fusion/src/FusionCDFQCProbeSetNames.cpp -o fusion_sdk/calvin_files/fusion/src/FusionCDFQCProbeSetNames.o g++-4.0 -arch i386 -I/Library/Frameworks/R.framework/Resources/include -I/Library/Frameworks/R.framework/Resources/include/i386 -imacros R_affx_constants.h -Ifusion_sdk/calvin_files/array/src -Ifusion_sdk/calvin_files/data/src -Ifusion_sdk/calvin_files/exception/src -Ifusion_sdk/calvin_files/fusion/src -Ifusion_sdk/calvin_files/fusion/src/GCOSAdapter -Ifusion_sdk/calvin_files/fusion/src/CalvinAdapter -Ifusion_sdk/calvin_files/parameter/src -Ifusion_sdk/calvin_files/parsers/src -Ifusion_sdk/calvin_files/portability/src -Ifusion_sdk/calvin_files/template/src -Ifusion_sdk/calvin_files/utils/src -Ifusion_sdk/calvin_files/writers/src -Ifusion_sdk/file -Ifusion_sdk/portability -D_USE_MEM_MAPPING_ -msse3 -fPIC -g -O2 -march=pentium-m -mtune=prescott -O0 -c fusion_sdk/calvin_files/fusion/src/FusionCELData.cpp -o fusion_sdk/calvin_files/fusion/src/FusionCELData.o g++-4.0 -arch i386 -I/Library/Frameworks/R.framework/Resources/include -I/Library/Frameworks/R.framework/Resources/include/i386 -imacros R_affx_constants.h -Ifusion_sdk/calvin_files/array/src -Ifusion_sdk/calvin_files/data/src -Ifusion_sdk/calvin_files/exception/src -Ifusion_sdk/calvin_files/fusion/src -Ifusion_sdk/calvin_files/fusion/src/GCOSAdapter -Ifusion_sdk/calvin_files/fusion/src/CalvinAdapter -Ifusion_sdk/calvin_files/parameter/src -Ifusion_sdk/calvin_files/parsers/src -Ifusion_sdk/calvin_files/portability/src -Ifusion_sdk/calvin_files/template/src -Ifusion_sdk/calvin_files/utils/src -Ifusion_sdk/calvin_files/writers/src -Ifusion_sdk/file -Ifusion_sdk/portability -D_USE_MEM_MAPPING_ -msse3 -fPIC -g -O2 -march=pentium-m -mtune=prescott -O0 -c fusion_sdk/calvin_files/fusion/src/GCOSAdapter/GCOSCELDataAdapter.cpp -o fusion_sdk/calvin_files/fusion/src/GCOSAdapter/GCOSCELDataAdapter.o g++-4.0 -arch i386 -I/Library/Frameworks/R.framework/Resources/include -I/Library/Frameworks/R.framework/Resources/include/i386 -imacros R_affx_constants.h -Ifusion_sdk/calvin_files/array/src -Ifusion_sdk/calvin_files/data/src -Ifusion_sdk/calvin_files/exception/src -Ifusion_sdk/calvin_files/fusion/src -Ifusion_sdk/calvin_files/fusion/src/GCOSAdapter -Ifusion_sdk/calvin_files/fusion/src/CalvinAdapter -Ifusion_sdk/calvin_files/parameter/src -Ifusion_sdk/calvin_files/parsers/src -Ifusion_sdk/calvin_files/portability/src -Ifusion_sdk/calvin_files/template/src -Ifusion_sdk/calvin_files/utils/src -Ifusion_sdk/calvin_files/writers/src -Ifusion_sdk/file -Ifusion_sdk/portability -D_USE_MEM_MAPPING_ -msse3 -fPIC -g -O2 -march=pentium-m -mtune=prescott -O0 -c fusion_sdk/calvin_files/parameter/src/ParameterNameValueType.cpp -o fusion_sdk/calvin_files/parameter/src/ParameterNameValueType.o g++-4.0 -arch i386 -I/Library/Frameworks/R.framework/Resources/include -I/Library/Frameworks/R.framework/Resources/include/i386 -imacros R_affx_constants.h -Ifusion_sdk/calvin_files/array/src -Ifusion_sdk/calvin_files/data/src -Ifusion_sdk/calvin_files/exception/src -Ifusion_sdk/calvin_files/fusion/src -Ifusion_sdk/calvin_files/fusion/src/GCOSAdapter -Ifusion_sdk/calvin_files/fusion/src/CalvinAdapter -Ifusion_sdk/calvin_files/parameter/src -Ifusion_sdk/calvin_files/parsers/src -Ifusion_sdk/calvin_files/portability/src -Ifusion_sdk/calvin_files/template/src -Ifusion_sdk/calvin_files/utils/src -Ifusion_sdk/calvin_files/writers/src -Ifusion_sdk/file -Ifusion_sdk/portability -D_USE_MEM_MAPPING_ -msse3 -fPIC -g -O2 -march=pentium-m -mtune=prescott -O0 -c fusion_sdk/calvin_files/parsers/src/CDFFileReader.cpp -o fusion_sdk/calvin_files/parsers/src/CDFFileReader.o g++-4.0 -arch i386 -I/Library/Frameworks/R.framework/Resources/include -I/Library/Frameworks/R.framework/Resources/include/i386 -imacros R_affx_constants.h -Ifusion_sdk/calvin_files/array/src -Ifusion_sdk/calvin_files/data/src -Ifusion_sdk/calvin_files/exception/src -Ifusion_sdk/calvin_files/fusion/src -Ifusion_sdk/calvin_files/fusion/src/GCOSAdapter -Ifusion_sdk/calvin_files/fusion/src/CalvinAdapter -Ifusion_sdk/calvin_files/parameter/src -Ifusion_sdk/calvin_files/parsers/src -Ifusion_sdk/calvin_files/portability/src -Ifusion_sdk/calvin_files/template/src -Ifusion_sdk/calvin_files/utils/src -Ifusion_sdk/calvin_files/writers/src -Ifusion_sdk/file -Ifusion_sdk/portability -D_USE_MEM_MAPPING_ -msse3 -fPIC -g -O2 -march=pentium-m -mtune=prescott -O0 -c fusion_sdk/calvin_files/parsers/src/CelFileReader.cpp -o fusion_sdk/calvin_files/parsers/src/CelFileReader.o g++-4.0 -arch i386 -I/Library/Frameworks/R.framework/Resources/include -I/Library/Frameworks/R.framework/Resources/include/i386 -imacros R_affx_constants.h -Ifusion_sdk/calvin_files/array/src -Ifusion_sdk/calvin_files/data/src -Ifusion_sdk/calvin_files/exception/src -Ifusion_sdk/calvin_files/fusion/src -Ifusion_sdk/calvin_files/fusion/src/GCOSAdapter -Ifusion_sdk/calvin_files/fusion/src/CalvinAdapter -Ifusion_sdk/calvin_files/parameter/src -Ifusion_sdk/calvin_files/parsers/src -Ifusion_sdk/calvin_files/portability/src -Ifusion_sdk/calvin_files/template/src -Ifusion_sdk/calvin_files/utils/src -Ifusion_sdk/calvin_files/writers/src -Ifusion_sdk/file -Ifusion_sdk/portability -D_USE_MEM_MAPPING_ -msse3 -fPIC -g -O2 -march=pentium-m -mtune=prescott -O0 -c fusion_sdk/calvin_files/parsers/src/DataGroupHeaderReader.cpp -o fusion_sdk/calvin_files/parsers/src/DataGroupHeaderReader.o g++-4.0 -arch i386 -I/Library/Frameworks/R.framework/Resources/include -I/Library/Frameworks/R.framework/Resources/include/i386 -imacros R_affx_constants.h -Ifusion_sdk/calvin_files/array/src -Ifusion_sdk/calvin_files/data/src -Ifusion_sdk/calvin_files/exception/src -Ifusion_sdk/calvin_files/fusion/src -Ifusion_sdk/calvin_files/fusion/src/GCOSAdapter -Ifusion_sdk/calvin_files/fusion/src/CalvinAdapter -Ifusion_sdk/calvin_files/parameter/src -Ifusion_sdk/calvin_files/parsers/src -Ifusion_sdk/calvin_files/portability/src -Ifusion_sdk/calvin_files/template/src -Ifusion_sdk/calvin_files/utils/src -Ifusion_sdk/calvin_files/writers/src -Ifusion_sdk/file -Ifusion_sdk/portability -D_USE_MEM_MAPPING_ -msse3 -fPIC -g -O2 -march=pentium-m -mtune=prescott -O0 -c fusion_sdk/calvin_files/parsers/src/DataGroupReader.cpp -o fusion_sdk/calvin_files/parsers/src/DataGroupReader.o g++-4.0 -arch i386 -I/Library/Frameworks/R.framework/Resources/include -I/Library/Frameworks/R.framework/Resources/include/i386 -imacros R_affx_constants.h -Ifusion_sdk/calvin_files/array/src -Ifusion_sdk/calvin_files/data/src -Ifusion_sdk/calvin_files/exception/src -Ifusion_sdk/calvin_files/fusion/src -Ifusion_sdk/calvin_files/fusion/src/GCOSAdapter -Ifusion_sdk/calvin_files/fusion/src/CalvinAdapter -Ifusion_sdk/calvin_files/parameter/src -Ifusion_sdk/calvin_files/parsers/src -Ifusion_sdk/calvin_files/portability/src -Ifusion_sdk/calvin_files/template/src -Ifusion_sdk/calvin_files/utils/src -Ifusion_sdk/calvin_files/writers/src -Ifusion_sdk/file -Ifusion_sdk/portability -D_USE_MEM_MAPPING_ -msse3 -fPIC -g -O2 -march=pentium-m -mtune=prescott -O0 -c fusion_sdk/calvin_files/parsers/src/DataSetHeaderReader.cpp -o fusion_sdk/calvin_files/parsers/src/DataSetHeaderReader.o fusion_sdk/calvin_files/parsers/src/DataSetHeaderReader.cpp: In member function 'void affymetrix_calvin_io::DataSetHeaderReader::ReadParameters(std::ifstream&, affymetrix_calvin_io::DataSetHeader&)': fusion_sdk/calvin_files/parsers/src/DataSetHeaderReader.cpp:160: warning: deleting 'const void*' is undefined g++-4.0 -arch i386 -I/Library/Frameworks/R.framework/Resources/include -I/Library/Frameworks/R.framework/Resources/include/i386 -imacros R_affx_constants.h -Ifusion_sdk/calvin_files/array/src -Ifusion_sdk/calvin_files/data/src -Ifusion_sdk/calvin_files/exception/src -Ifusion_sdk/calvin_files/fusion/src -Ifusion_sdk/calvin_files/fusion/src/GCOSAdapter -Ifusion_sdk/calvin_files/fusion/src/CalvinAdapter -Ifusion_sdk/calvin_files/parameter/src -Ifusion_sdk/calvin_files/parsers/src -Ifusion_sdk/calvin_files/portability/src -Ifusion_sdk/calvin_files/template/src -Ifusion_sdk/calvin_files/utils/src -Ifusion_sdk/calvin_files/writers/src -Ifusion_sdk/file -Ifusion_sdk/portability -D_USE_MEM_MAPPING_ -msse3 -fPIC -g -O2 -march=pentium-m -mtune=prescott -O0 -c fusion_sdk/calvin_files/parsers/src/DataSetReader.cpp -o fusion_sdk/calvin_files/parsers/src/DataSetReader.o g++-4.0 -arch i386 -I/Library/Frameworks/R.framework/Resources/include -I/Library/Frameworks/R.framework/Resources/include/i386 -imacros R_affx_constants.h -Ifusion_sdk/calvin_files/array/src -Ifusion_sdk/calvin_files/data/src -Ifusion_sdk/calvin_files/exception/src -Ifusion_sdk/calvin_files/fusion/src -Ifusion_sdk/calvin_files/fusion/src/GCOSAdapter -Ifusion_sdk/calvin_files/fusion/src/CalvinAdapter -Ifusion_sdk/calvin_files/parameter/src -Ifusion_sdk/calvin_files/parsers/src -Ifusion_sdk/calvin_files/portability/src -Ifusion_sdk/calvin_files/template/src -Ifusion_sdk/calvin_files/utils/src -Ifusion_sdk/calvin_files/writers/src -Ifusion_sdk/file -Ifusion_sdk/portability -D_USE_MEM_MAPPING_ -msse3 -fPIC -g -O2 -march=pentium-m -mtune=prescott -O0 -c fusion_sdk/calvin_files/parsers/src/FileHeaderReader.cpp -o fusion_sdk/calvin_files/parsers/src/FileHeaderReader.o g++-4.0 -arch i386 -I/Library/Frameworks/R.framework/Resources/include -I/Library/Frameworks/R.framework/Resources/include/i386 -imacros R_affx_constants.h -Ifusion_sdk/calvin_files/array/src -Ifusion_sdk/calvin_files/data/src -Ifusion_sdk/calvin_files/exception/src -Ifusion_sdk/calvin_files/fusion/src -Ifusion_sdk/calvin_files/fusion/src/GCOSAdapter -Ifusion_sdk/calvin_files/fusion/src/CalvinAdapter -Ifusion_sdk/calvin_files/parameter/src -Ifusion_sdk/calvin_files/parsers/src -Ifusion_sdk/calvin_files/portability/src -Ifusion_sdk/calvin_files/template/src -Ifusion_sdk/calvin_files/utils/src -Ifusion_sdk/calvin_files/writers/src -Ifusion_sdk/file -Ifusion_sdk/portability -D_USE_MEM_MAPPING_ -msse3 -fPIC -g -O2 -march=pentium-m -mtune=prescott -O0 -c fusion_sdk/calvin_files/parsers/src/FileInput.cpp -o fusion_sdk/calvin_files/parsers/src/FileInput.o g++-4.0 -arch i386 -I/Library/Frameworks/R.framework/Resources/include -I/Library/Frameworks/R.framework/Resources/include/i386 -imacros R_affx_constants.h -Ifusion_sdk/calvin_files/array/src -Ifusion_sdk/calvin_files/data/src -Ifusion_sdk/calvin_files/exception/src -Ifusion_sdk/calvin_files/fusion/src -Ifusion_sdk/calvin_files/fusion/src/GCOSAdapter -Ifusion_sdk/calvin_files/fusion/src/CalvinAdapter -Ifusion_sdk/calvin_files/parameter/src -Ifusion_sdk/calvin_files/parsers/src -Ifusion_sdk/calvin_files/portability/src -Ifusion_sdk/calvin_files/template/src -Ifusion_sdk/calvin_files/utils/src -Ifusion_sdk/calvin_files/writers/src -Ifusion_sdk/file -Ifusion_sdk/portability -D_USE_MEM_MAPPING_ -msse3 -fPIC -g -O2 -march=pentium-m -mtune=prescott -O0 -c fusion_sdk/calvin_files/parsers/src/GenericDataHeaderReader.cpp -o fusion_sdk/calvin_files/parsers/src/GenericDataHeaderReader.o fusion_sdk/calvin_files/parsers/src/GenericDataHeaderReader.cpp: In member function 'void affymetrix_calvin_io::GenericDataHeaderReader::Read(affymetrix_calvin_io::GenericDataHeader&)': fusion_sdk/calvin_files/parsers/src/GenericDataHeaderReader.cpp:63: warning: deleting 'const void*' is undefined g++-4.0 -arch i386 -I/Library/Frameworks/R.framework/Resources/include -I/Library/Frameworks/R.framework/Resources/include/i386 -imacros R_affx_constants.h -Ifusion_sdk/calvin_files/array/src -Ifusion_sdk/calvin_files/data/src -Ifusion_sdk/calvin_files/exception/src -Ifusion_sdk/calvin_files/fusion/src -Ifusion_sdk/calvin_files/fusion/src/GCOSAdapter -Ifusion_sdk/calvin_files/fusion/src/CalvinAdapter -Ifusion_sdk/calvin_files/parameter/src -Ifusion_sdk/calvin_files/parsers/src -Ifusion_sdk/calvin_files/portability/src -Ifusion_sdk/calvin_files/template/src -Ifusion_sdk/calvin_files/utils/src -Ifusion_sdk/calvin_files/writers/src -Ifusion_sdk/file -Ifusion_sdk/portability -D_USE_MEM_MAPPING_ -msse3 -fPIC -g -O2 -march=pentium-m -mtune=prescott -O0 -c fusion_sdk/calvin_files/parsers/src/GenericFileReader.cpp -o fusion_sdk/calvin_files/parsers/src/GenericFileReader.o g++-4.0 -arch i386 -I/Library/Frameworks/R.framework/Resources/include -I/Library/Frameworks/R.framework/Resources/include/i386 -imacros R_affx_constants.h -Ifusion_sdk/calvin_files/array/src -Ifusion_sdk/calvin_files/data/src -Ifusion_sdk/calvin_files/exception/src -Ifusion_sdk/calvin_files/fusion/src -Ifusion_sdk/calvin_files/fusion/src/GCOSAdapter -Ifusion_sdk/calvin_files/fusion/src/CalvinAdapter -Ifusion_sdk/calvin_files/parameter/src -Ifusion_sdk/calvin_files/parsers/src -Ifusion_sdk/calvin_files/portability/src -Ifusion_sdk/calvin_files/template/src -Ifusion_sdk/calvin_files/utils/src -Ifusion_sdk/calvin_files/writers/src -Ifusion_sdk/file -Ifusion_sdk/portability -D_USE_MEM_MAPPING_ -msse3 -fPIC -g -O2 -march=pentium-m -mtune=prescott -O0 -c fusion_sdk/calvin_files/utils/src/AffymetrixGuid.cpp -o fusion_sdk/calvin_files/utils/src/AffymetrixGuid.o g++-4.0 -arch i386 -I/Library/Frameworks/R.framework/Resources/include -I/Library/Frameworks/R.framework/Resources/include/i386 -imacros R_affx_constants.h -Ifusion_sdk/calvin_files/array/src -Ifusion_sdk/calvin_files/data/src -Ifusion_sdk/calvin_files/exception/src -Ifusion_sdk/calvin_files/fusion/src -Ifusion_sdk/calvin_files/fusion/src/GCOSAdapter -Ifusion_sdk/calvin_files/fusion/src/CalvinAdapter -Ifusion_sdk/calvin_files/parameter/src -Ifusion_sdk/calvin_files/parsers/src -Ifusion_sdk/calvin_files/portability/src -Ifusion_sdk/calvin_files/template/src -Ifusion_sdk/calvin_files/utils/src -Ifusion_sdk/calvin_files/writers/src -Ifusion_sdk/file -Ifusion_sdk/portability -D_USE_MEM_MAPPING_ -msse3 -fPIC -g -O2 -march=pentium-m -mtune=prescott -O0 -c fusion_sdk/calvin_files/utils/src/DateTime.cpp -o fusion_sdk/calvin_files/utils/src/DateTime.o g++-4.0 -arch i386 -I/Library/Frameworks/R.framework/Resources/include -I/Library/Frameworks/R.framework/Resources/include/i386 -imacros R_affx_constants.h -Ifusion_sdk/calvin_files/array/src -Ifusion_sdk/calvin_files/data/src -Ifusion_sdk/calvin_files/exception/src -Ifusion_sdk/calvin_files/fusion/src -Ifusion_sdk/calvin_files/fusion/src/GCOSAdapter -Ifusion_sdk/calvin_files/fusion/src/CalvinAdapter -Ifusion_sdk/calvin_files/parameter/src -Ifusion_sdk/calvin_files/parsers/src -Ifusion_sdk/calvin_files/portability/src -Ifusion_sdk/calvin_files/template/src -Ifusion_sdk/calvin_files/utils/src -Ifusion_sdk/calvin_files/writers/src -Ifusion_sdk/file -Ifusion_sdk/portability -D_USE_MEM_MAPPING_ -msse3 -fPIC -g -O2 -march=pentium-m -mtune=prescott -O0 -c fusion_sdk/calvin_files/utils/src/FileUtils.cpp -o fusion_sdk/calvin_files/utils/src/FileUtils.o g++-4.0 -arch i386 -I/Library/Frameworks/R.framework/Resources/include -I/Library/Frameworks/R.framework/Resources/include/i386 -imacros R_affx_constants.h -Ifusion_sdk/calvin_files/array/src -Ifusion_sdk/calvin_files/data/src -Ifusion_sdk/calvin_files/exception/src -Ifusion_sdk/calvin_files/fusion/src -Ifusion_sdk/calvin_files/fusion/src/GCOSAdapter -Ifusion_sdk/calvin_files/fusion/src/CalvinAdapter -Ifusion_sdk/calvin_files/parameter/src -Ifusion_sdk/calvin_files/parsers/src -Ifusion_sdk/calvin_files/portability/src -Ifusion_sdk/calvin_files/template/src -Ifusion_sdk/calvin_files/utils/src -Ifusion_sdk/calvin_files/writers/src -Ifusion_sdk/file -Ifusion_sdk/portability -D_USE_MEM_MAPPING_ -msse3 -fPIC -g -O2 -march=pentium-m -mtune=prescott -O0 -c fusion_sdk/calvin_files/utils/src/StringUtils.cpp -o fusion_sdk/calvin_files/utils/src/StringUtils.o g++-4.0 -arch i386 -I/Library/Frameworks/R.framework/Resources/include -I/Library/Frameworks/R.framework/Resources/include/i386 -imacros R_affx_constants.h -Ifusion_sdk/calvin_files/array/src -Ifusion_sdk/calvin_files/data/src -Ifusion_sdk/calvin_files/exception/src -Ifusion_sdk/calvin_files/fusion/src -Ifusion_sdk/calvin_files/fusion/src/GCOSAdapter -Ifusion_sdk/calvin_files/fusion/src/CalvinAdapter -Ifusion_sdk/calvin_files/parameter/src -Ifusion_sdk/calvin_files/parsers/src -Ifusion_sdk/calvin_files/portability/src -Ifusion_sdk/calvin_files/template/src -Ifusion_sdk/calvin_files/utils/src -Ifusion_sdk/calvin_files/writers/src -Ifusion_sdk/file -Ifusion_sdk/portability -D_USE_MEM_MAPPING_ -msse3 -fPIC -g -O2 -march=pentium-m -mtune=prescott -O0 -c fusion_sdk/calvin_files/utils/src/checksum.cpp -o fusion_sdk/calvin_files/utils/src/checksum.o g++-4.0 -arch i386 -I/Library/Frameworks/R.framework/Resources/include -I/Library/Frameworks/R.framework/Resources/include/i386 -imacros R_affx_constants.h -Ifusion_sdk/calvin_files/array/src -Ifusion_sdk/calvin_files/data/src -Ifusion_sdk/calvin_files/exception/src -Ifusion_sdk/calvin_files/fusion/src -Ifusion_sdk/calvin_files/fusion/src/GCOSAdapter -Ifusion_sdk/calvin_files/fusion/src/CalvinAdapter -Ifusion_sdk/calvin_files/parameter/src -Ifusion_sdk/calvin_files/parsers/src -Ifusion_sdk/calvin_files/portability/src -Ifusion_sdk/calvin_files/template/src -Ifusion_sdk/calvin_files/utils/src -Ifusion_sdk/calvin_files/writers/src -Ifusion_sdk/file -Ifusion_sdk/portability -D_USE_MEM_MAPPING_ -msse3 -fPIC -g -O2 -march=pentium-m -mtune=prescott -O0 -c fusion_sdk/file/BPMAPFileData.cpp -o fusion_sdk/file/BPMAPFileData.o g++-4.0 -arch i386 -I/Library/Frameworks/R.framework/Resources/include -I/Library/Frameworks/R.framework/Resources/include/i386 -imacros R_affx_constants.h -Ifusion_sdk/calvin_files/array/src -Ifusion_sdk/calvin_files/data/src -Ifusion_sdk/calvin_files/exception/src -Ifusion_sdk/calvin_files/fusion/src -Ifusion_sdk/calvin_files/fusion/src/GCOSAdapter -Ifusion_sdk/calvin_files/fusion/src/CalvinAdapter -Ifusion_sdk/calvin_files/parameter/src -Ifusion_sdk/calvin_files/parsers/src -Ifusion_sdk/calvin_files/portability/src -Ifusion_sdk/calvin_files/template/src -Ifusion_sdk/calvin_files/utils/src -Ifusion_sdk/calvin_files/writers/src -Ifusion_sdk/file -Ifusion_sdk/portability -D_USE_MEM_MAPPING_ -msse3 -fPIC -g -O2 -march=pentium-m -mtune=prescott -O0 -c fusion_sdk/file/BPMAPFileWriter.cpp -o fusion_sdk/file/BPMAPFileWriter.o g++-4.0 -arch i386 -I/Library/Frameworks/R.framework/Resources/include -I/Library/Frameworks/R.framework/Resources/include/i386 -imacros R_affx_constants.h -Ifusion_sdk/calvin_files/array/src -Ifusion_sdk/calvin_files/data/src -Ifusion_sdk/calvin_files/exception/src -Ifusion_sdk/calvin_files/fusion/src -Ifusion_sdk/calvin_files/fusion/src/GCOSAdapter -Ifusion_sdk/calvin_files/fusion/src/CalvinAdapter -Ifusion_sdk/calvin_files/parameter/src -Ifusion_sdk/calvin_files/parsers/src -Ifusion_sdk/calvin_files/portability/src -Ifusion_sdk/calvin_files/template/src -Ifusion_sdk/calvin_files/utils/src -Ifusion_sdk/calvin_files/writers/src -Ifusion_sdk/file -Ifusion_sdk/portability -D_USE_MEM_MAPPING_ -msse3 -fPIC -g -O2 -march=pentium-m -mtune=prescott -O0 -c fusion_sdk/file/CDFFileData.cpp -o fusion_sdk/file/CDFFileData.o g++-4.0 -arch i386 -I/Library/Frameworks/R.framework/Resources/include -I/Library/Frameworks/R.framework/Resources/include/i386 -imacros R_affx_constants.h -Ifusion_sdk/calvin_files/array/src -Ifusion_sdk/calvin_files/data/src -Ifusion_sdk/calvin_files/exception/src -Ifusion_sdk/calvin_files/fusion/src -Ifusion_sdk/calvin_files/fusion/src/GCOSAdapter -Ifusion_sdk/calvin_files/fusion/src/CalvinAdapter -Ifusion_sdk/calvin_files/parameter/src -Ifusion_sdk/calvin_files/parsers/src -Ifusion_sdk/calvin_files/portability/src -Ifusion_sdk/calvin_files/template/src -Ifusion_sdk/calvin_files/utils/src -Ifusion_sdk/calvin_files/writers/src -Ifusion_sdk/file -Ifusion_sdk/portability -D_USE_MEM_MAPPING_ -msse3 -fPIC -g -O2 -march=pentium-m -mtune=prescott -O0 -c fusion_sdk/file/CELFileData.cpp -o fusion_sdk/file/CELFileData.o g++-4.0 -arch i386 -I/Library/Frameworks/R.framework/Resources/include -I/Library/Frameworks/R.framework/Resources/include/i386 -imacros R_affx_constants.h -Ifusion_sdk/calvin_files/array/src -Ifusion_sdk/calvin_files/data/src -Ifusion_sdk/calvin_files/exception/src -Ifusion_sdk/calvin_files/fusion/src -Ifusion_sdk/calvin_files/fusion/src/GCOSAdapter -Ifusion_sdk/calvin_files/fusion/src/CalvinAdapter -Ifusion_sdk/calvin_files/parameter/src -Ifusion_sdk/calvin_files/parsers/src -Ifusion_sdk/calvin_files/portability/src -Ifusion_sdk/calvin_files/template/src -Ifusion_sdk/calvin_files/utils/src -Ifusion_sdk/calvin_files/writers/src -Ifusion_sdk/file -Ifusion_sdk/portability -D_USE_MEM_MAPPING_ -msse3 -fPIC -g -O2 -march=pentium-m -mtune=prescott -O0 -c fusion_sdk/file/FileIO.cpp -o fusion_sdk/file/FileIO.o g++-4.0 -arch i386 -I/Library/Frameworks/R.framework/Resources/include -I/Library/Frameworks/R.framework/Resources/include/i386 -imacros R_affx_constants.h -Ifusion_sdk/calvin_files/array/src -Ifusion_sdk/calvin_files/data/src -Ifusion_sdk/calvin_files/exception/src -Ifusion_sdk/calvin_files/fusion/src -Ifusion_sdk/calvin_files/fusion/src/GCOSAdapter -Ifusion_sdk/calvin_files/fusion/src/CalvinAdapter -Ifusion_sdk/calvin_files/parameter/src -Ifusion_sdk/calvin_files/parsers/src -Ifusion_sdk/calvin_files/portability/src -Ifusion_sdk/calvin_files/template/src -Ifusion_sdk/calvin_files/utils/src -Ifusion_sdk/calvin_files/writers/src -Ifusion_sdk/file -Ifusion_sdk/portability -D_USE_MEM_MAPPING_ -msse3 -fPIC -g -O2 -march=pentium-m -mtune=prescott -O0 -c fusion_sdk/file/FileWriter.cpp -o fusion_sdk/file/FileWriter.o g++-4.0 -arch i386 -I/Library/Frameworks/R.framework/Resources/include -I/Library/Frameworks/R.framework/Resources/include/i386 -imacros R_affx_constants.h -Ifusion_sdk/calvin_files/array/src -Ifusion_sdk/calvin_files/data/src -Ifusion_sdk/calvin_files/exception/src -Ifusion_sdk/calvin_files/fusion/src -Ifusion_sdk/calvin_files/fusion/src/GCOSAdapter -Ifusion_sdk/calvin_files/fusion/src/CalvinAdapter -Ifusion_sdk/calvin_files/parameter/src -Ifusion_sdk/calvin_files/parsers/src -Ifusion_sdk/calvin_files/portability/src -Ifusion_sdk/calvin_files/template/src -Ifusion_sdk/calvin_files/utils/src -Ifusion_sdk/calvin_files/writers/src -Ifusion_sdk/file -Ifusion_sdk/portability -D_USE_MEM_MAPPING_ -msse3 -fPIC -g -O2 -march=pentium-m -mtune=prescott -O0 -c R_affx_cel_parser.cpp -o R_affx_cel_parser.o g++-4.0 -arch i386 -I/Library/Frameworks/R.framework/Resources/include -I/Library/Frameworks/R.framework/Resources/include/i386 -imacros R_affx_constants.h -Ifusion_sdk/calvin_files/array/src -Ifusion_sdk/calvin_files/data/src -Ifusion_sdk/calvin_files/exception/src -Ifusion_sdk/calvin_files/fusion/src -Ifusion_sdk/calvin_files/fusion/src/GCOSAdapter -Ifusion_sdk/calvin_files/fusion/src/CalvinAdapter -Ifusion_sdk/calvin_files/parameter/src -Ifusion_sdk/calvin_files/parsers/src -Ifusion_sdk/calvin_files/portability/src -Ifusion_sdk/calvin_files/template/src -Ifusion_sdk/calvin_files/utils/src -Ifusion_sdk/calvin_files/writers/src -Ifusion_sdk/file -Ifusion_sdk/portability -D_USE_MEM_MAPPING_ -msse3 -fPIC -g -O2 -march=pentium-m -mtune=prescott -O0 -c R_affx_cdf_parser.cpp -o R_affx_cdf_parser.o g++-4.0 -arch i386 -I/Library/Frameworks/R.framework/Resources/include -I/Library/Frameworks/R.framework/Resources/include/i386 -imacros R_affx_constants.h -Ifusion_sdk/calvin_files/array/src -Ifusion_sdk/calvin_files/data/src -Ifusion_sdk/calvin_files/exception/src -Ifusion_sdk/calvin_files/fusion/src -Ifusion_sdk/calvin_files/fusion/src/GCOSAdapter -Ifusion_sdk/calvin_files/fusion/src/CalvinAdapter -Ifusion_sdk/calvin_files/parameter/src -Ifusion_sdk/calvin_files/parsers/src -Ifusion_sdk/calvin_files/portability/src -Ifusion_sdk/calvin_files/template/src -Ifusion_sdk/calvin_files/utils/src -Ifusion_sdk/calvin_files/writers/src -Ifusion_sdk/file -Ifusion_sdk/portability -D_USE_MEM_MAPPING_ -msse3 -fPIC -g -O2 -march=pentium-m -mtune=prescott -O0 -c R_affx_cdf_extras.cpp -o R_affx_cdf_extras.o g++-4.0 -arch i386 -I/Library/Frameworks/R.framework/Resources/include -I/Library/Frameworks/R.framework/Resources/include/i386 -imacros R_affx_constants.h -Ifusion_sdk/calvin_files/array/src -Ifusion_sdk/calvin_files/data/src -Ifusion_sdk/calvin_files/exception/src -Ifusion_sdk/calvin_files/fusion/src -Ifusion_sdk/calvin_files/fusion/src/GCOSAdapter -Ifusion_sdk/calvin_files/fusion/src/CalvinAdapter -Ifusion_sdk/calvin_files/parameter/src -Ifusion_sdk/calvin_files/parsers/src -Ifusion_sdk/calvin_files/portability/src -Ifusion_sdk/calvin_files/template/src -Ifusion_sdk/calvin_files/utils/src -Ifusion_sdk/calvin_files/writers/src -Ifusion_sdk/file -Ifusion_sdk/portability -D_USE_MEM_MAPPING_ -msse3 -fPIC -g -O2 -march=pentium-m -mtune=prescott -O0 -c R_affx_bpmap_parser.cpp -o R_affx_bpmap_parser.o g++-4.0 -arch i386 -dynamiclib -Wl,-macosx_version_min -Wl,10.3 -undefined dynamic_lookup -single_module -multiply_defined suppress -L/usr/local/lib -o affxparser.so fusion_sdk/calvin_files/data/src/CDFData.o fusion_sdk/calvin_files/data/src/CDFProbeGroupInformation.o fusion_sdk/calvin_files/data/src/CDFProbeInformation.o fusion_sdk/calvin_files/data/src/CDFProbeSetInformation.o fusion_sdk/calvin_files/data/src/CDFQCProbeInformation.o fusion_sdk/calvin_files/data/src/CDFQCProbeSetInformation.o fusion_sdk/calvin_files/data/src/CELData.o fusion_sdk/calvin_files/data/src/DataGroup.o fusion_sdk/calvin_files/data/src/DataGroupHeader.o fusion_sdk/calvin_files/data/src/DataSet.o fusion_sdk/calvin_files/data/src/DataSetHeader.o fusion_sdk/calvin_files/data/src/FileHeader.o fusion_sdk/calvin_files/data/src/GenericData.o fusion_sdk/calvin_files/data/src/GenericDataHeader.o fusion_sdk/calvin_files/exception/src/ExceptionBase.o fusion_sdk/calvin_files/fusion/src/CalvinAdapter/CalvinCELDataAdapter.o fusion_sdk/calvin_files/fusion/src/FusionBPMAPData.o fusion_sdk/calvin_files/fusion/src/FusionCDFData.o fusion_sdk/calvin_files/fusion/src/FusionCDFQCProbeSetNames.o fusion_sdk/calvin_files/fusion/src/FusionCELData.o fusion_sdk/calvin_files/fusion/src/GCOSAdapter/GCOSCELDataAdapter.o fusion_sdk/calvin_files/parameter/src/ParameterNameValueType.o fusion_sdk/calvin_files/parsers/src/CDFFileReader.o fusion_sdk/calvin_files/parsers/src/CelFileReader.o fusion_sdk/calvin_files/parsers/src/DataGroupHeaderReader.o fusion_sdk/calvin_files/parsers/src/DataGroupReader.o fusion_sdk/calvin_files/parsers/src/DataSetHeaderReader.o fusion_sdk/calvin_files/parsers/src/DataSetReader.o fusion_sdk/calvin_files/parsers/src/FileHeaderReader.o fusion_sdk/calvin_files/parsers/src/FileInput.o fusion_sdk/calvin_files/parsers/src/GenericDataHeaderReader.o fusion_sdk/calvin_files/parsers/src/GenericFileReader.o fusion_sdk/calvin_files/utils/src/AffymetrixGuid.o fusion_sdk/calvin_files/utils/src/DateTime.o fusion_sdk/calvin_files/utils/src/FileUtils.o fusion_sdk/calvin_files/utils/src/StringUtils.o fusion_sdk/calvin_files/utils/src/checksum.o fusion_sdk/file/BPMAPFileData.o fusion_sdk/file/BPMAPFileWriter.o fusion_sdk/file/CDFFileData.o fusion_sdk/file/CELFileData.o fusion_sdk/file/FileIO.o fusion_sdk/file/FileWriter.o R_affx_cel_parser.o R_affx_cdf_parser.o R_affx_cdf_extras.o R_affx_bpmap_parser.o -L/Library/Frameworks/R.framework/Resources/lib/i386 -lR -dylib_file libRblas.dylib:/Library/Frameworks/R.framework/Resources/lib/i386/libRblas.dylib ** arch - ppc g++-4.0 -arch ppc -I/Library/Frameworks/R.framework/Resources/include -I/Library/Frameworks/R.framework/Resources/include/ppc -imacros R_affx_constants.h -Ifusion_sdk/calvin_files/array/src -Ifusion_sdk/calvin_files/data/src -Ifusion_sdk/calvin_files/exception/src -Ifusion_sdk/calvin_files/fusion/src -Ifusion_sdk/calvin_files/fusion/src/GCOSAdapter -Ifusion_sdk/calvin_files/fusion/src/CalvinAdapter -Ifusion_sdk/calvin_files/parameter/src -Ifusion_sdk/calvin_files/parsers/src -Ifusion_sdk/calvin_files/portability/src -Ifusion_sdk/calvin_files/template/src -Ifusion_sdk/calvin_files/utils/src -Ifusion_sdk/calvin_files/writers/src -Ifusion_sdk/file -Ifusion_sdk/portability -D_USE_MEM_MAPPING_ -I/usr/local/include -fPIC -g -O2 -O0 -c R_affx_cel_parser.cpp -o R_affx_cel_parser.o g++-4.0 -arch ppc -I/Library/Frameworks/R.framework/Resources/include -I/Library/Frameworks/R.framework/Resources/include/ppc -imacros R_affx_constants.h -Ifusion_sdk/calvin_files/array/src -Ifusion_sdk/calvin_files/data/src -Ifusion_sdk/calvin_files/exception/src -Ifusion_sdk/calvin_files/fusion/src -Ifusion_sdk/calvin_files/fusion/src/GCOSAdapter -Ifusion_sdk/calvin_files/fusion/src/CalvinAdapter -Ifusion_sdk/calvin_files/parameter/src -Ifusion_sdk/calvin_files/parsers/src -Ifusion_sdk/calvin_files/portability/src -Ifusion_sdk/calvin_files/template/src -Ifusion_sdk/calvin_files/utils/src -Ifusion_sdk/calvin_files/writers/src -Ifusion_sdk/file -Ifusion_sdk/portability -D_USE_MEM_MAPPING_ -I/usr/local/include -fPIC -g -O2 -O0 -c R_affx_cdf_parser.cpp -o R_affx_cdf_parser.o g++-4.0 -arch ppc -I/Library/Frameworks/R.framework/Resources/include -I/Library/Frameworks/R.framework/Resources/include/ppc -imacros R_affx_constants.h -Ifusion_sdk/calvin_files/array/src -Ifusion_sdk/calvin_files/data/src -Ifusion_sdk/calvin_files/exception/src -Ifusion_sdk/calvin_files/fusion/src -Ifusion_sdk/calvin_files/fusion/src/GCOSAdapter -Ifusion_sdk/calvin_files/fusion/src/CalvinAdapter -Ifusion_sdk/calvin_files/parameter/src -Ifusion_sdk/calvin_files/parsers/src -Ifusion_sdk/calvin_files/portability/src -Ifusion_sdk/calvin_files/template/src -Ifusion_sdk/calvin_files/utils/src -Ifusion_sdk/calvin_files/writers/src -Ifusion_sdk/file -Ifusion_sdk/portability -D_USE_MEM_MAPPING_ -I/usr/local/include -fPIC -g -O2 -O0 -c R_affx_cdf_extras.cpp -o R_affx_cdf_extras.o g++-4.0 -arch ppc -I/Library/Frameworks/R.framework/Resources/include -I/Library/Frameworks/R.framework/Resources/include/ppc -imacros R_affx_constants.h -Ifusion_sdk/calvin_files/array/src -Ifusion_sdk/calvin_files/data/src -Ifusion_sdk/calvin_files/exception/src -Ifusion_sdk/calvin_files/fusion/src -Ifusion_sdk/calvin_files/fusion/src/GCOSAdapter -Ifusion_sdk/calvin_files/fusion/src/CalvinAdapter -Ifusion_sdk/calvin_files/parameter/src -Ifusion_sdk/calvin_files/parsers/src -Ifusion_sdk/calvin_files/portability/src -Ifusion_sdk/calvin_files/template/src -Ifusion_sdk/calvin_files/utils/src -Ifusion_sdk/calvin_files/writers/src -Ifusion_sdk/file -Ifusion_sdk/portability -D_USE_MEM_MAPPING_ -I/usr/local/include -fPIC -g -O2 -O0 -c R_affx_bpmap_parser.cpp -o R_affx_bpmap_parser.o g++-4.0 -arch ppc -dynamiclib -Wl,-macosx_version_min -Wl,10.3 -undefined dynamic_lookup -single_module -multiply_defined suppress -L/usr/local/lib -o affxparser.so fusion_sdk/calvin_files/data/src/CDFData.o fusion_sdk/calvin_files/data/src/CDFProbeGroupInformation.o fusion_sdk/calvin_files/data/src/CDFProbeInformation.o fusion_sdk/calvin_files/data/src/CDFProbeSetInformation.o fusion_sdk/calvin_files/data/src/CDFQCProbeInformation.o fusion_sdk/calvin_files/data/src/CDFQCProbeSetInformation.o fusion_sdk/calvin_files/data/src/CELData.o fusion_sdk/calvin_files/data/src/DataGroup.o fusion_sdk/calvin_files/data/src/DataGroupHeader.o fusion_sdk/calvin_files/data/src/DataSet.o fusion_sdk/calvin_files/data/src/DataSetHeader.o fusion_sdk/calvin_files/data/src/FileHeader.o fusion_sdk/calvin_files/data/src/GenericData.o fusion_sdk/calvin_files/data/src/GenericDataHeader.o fusion_sdk/calvin_files/exception/src/ExceptionBase.o fusion_sdk/calvin_files/fusion/src/CalvinAdapter/CalvinCELDataAdapter.o fusion_sdk/calvin_files/fusion/src/FusionBPMAPData.o fusion_sdk/calvin_files/fusion/src/FusionCDFData.o fusion_sdk/calvin_files/fusion/src/FusionCDFQCProbeSetNames.o fusion_sdk/calvin_files/fusion/src/FusionCELData.o fusion_sdk/calvin_files/fusion/src/GCOSAdapter/GCOSCELDataAdapter.o fusion_sdk/calvin_files/parameter/src/ParameterNameValueType.o fusion_sdk/calvin_files/parsers/src/CDFFileReader.o fusion_sdk/calvin_files/parsers/src/CelFileReader.o fusion_sdk/calvin_files/parsers/src/DataGroupHeaderReader.o fusion_sdk/calvin_files/parsers/src/DataGroupReader.o fusion_sdk/calvin_files/parsers/src/DataSetHeaderReader.o fusion_sdk/calvin_files/parsers/src/DataSetReader.o fusion_sdk/calvin_files/parsers/src/FileHeaderReader.o fusion_sdk/calvin_files/parsers/src/FileInput.o fusion_sdk/calvin_files/parsers/src/GenericDataHeaderReader.o fusion_sdk/calvin_files/parsers/src/GenericFileReader.o fusion_sdk/calvin_files/utils/src/AffymetrixGuid.o fusion_sdk/calvin_files/utils/src/DateTime.o fusion_sdk/calvin_files/utils/src/FileUtils.o fusion_sdk/calvin_files/utils/src/StringUtils.o fusion_sdk/calvin_files/utils/src/checksum.o fusion_sdk/file/BPMAPFileData.o fusion_sdk/file/BPMAPFileWriter.o fusion_sdk/file/CDFFileData.o fusion_sdk/file/CELFileData.o fusion_sdk/file/FileIO.o fusion_sdk/file/FileWriter.o R_affx_cel_parser.o R_affx_cdf_parser.o R_affx_cdf_extras.o R_affx_bpmap_parser.o -L/Library/Frameworks/R.framework/Resources/lib/ppc -lR -dylib_file libRblas.dylib:/Library/Frameworks/R.framework/Resources/lib/ppc/libRblas.dylib ** R ** inst ** save image ** preparing package for lazy loading ** help >>> Building/Updating help pages for package 'affxparser' Formats: text html latex example 1._Dictionary text html latex 2._Cell_coordinates_and_cell_indi text html latex 9._Advanced_-_Cell-index_maps_for text html latex affxparser-package text html latex affxparserInfo text html latex example applyCdfBlocks text html latex missing link(s): cdfGetBlocks applyCdfGroups text html latex example cdfAddBaseMmCounts text html latex cdfAddProbeOffsets text html latex cdfGetFields text html latex cdfGetGroups text html latex cdfGtypeCelToPQ text html latex cdfMergeAlleles text html latex cdfMergeStrands text html latex cdfMergeToQuartets text html latex cdfOrderBy text html latex cdfOrderColumnsBy text html latex compareCdfs text html latex convertCdf text html latex example missing link(s): writeCdf copyCel text html latex createCel text html latex example findCdf text html latex example findFiles text html latex invertMap text html latex example isCelFile text html latex readCdf text html latex readCdfCellIndices text html latex readCdfGroupNames text html latex readCdfHeader text html latex example readCdfIsPm text html latex readCdfNbrOfCellsPerUnitGroup text html latex example readCdfUnitNames text html latex example readCdfUnits text html latex example readCdfUnitsWriteMap text html latex example readCel text html latex example readCelHeader text html latex example readCelIntensities text html latex example readCelRectangle text html latex example readCelUnits text html latex example updateCel text html latex example updateCelUnits text html latex example writeCelHeader text html latex ** building package indices ... * DONE (affxparser)