2.0.0Eun-kyung Lee | Linux (SUSE 9.2) | x86_64 | ERROR | skipped | |
Linux (SUSE 9.2) | i686 | ERROR | skipped | |
Solaris 2.9 | sparc | ERROR | skipped | |
Linux (SUSE 10.0) | x86_64 | [ ERROR ] | skipped | |
Windows Server 2003 | x86_64 | ERROR | skipped | skipped |
Windows XP | i686 | ERROR | skipped | skipped |
Mac OS X (10.4.6) | i686 | ERROR | skipped | |
* checking for file 'arrayQCplot/DESCRIPTION' ... OK
* preparing 'arrayQCplot':
* checking DESCRIPTION meta-information ... OK
* checking whether 'INDEX' is up-to-date ... NO
* use '--force' to overwrite the existing 'INDEX'
* installing the package to re-build vignettes
* Installing *source* package 'arrayQCplot' ...
** R
** inst
** preparing package for lazy loading
Loading required package: RGtk
Loading required package: gtkDevice
Loading required package: LPE
** help
>>> Building/Updating help pages for package 'arrayQCplot'
Formats: text html latex example
arrayQC.plot text html latex example
** building package indices ...
* DONE (arrayQCplot)
* creating vignettes ... ERROR
Loading required package: RGtk
Loading required package: gtkDevice
Loading required package: LPE
Error: chunk 1
Error in library(RGtk2) : there is no package called 'RGtk2'
Error in buildVignettes(dir = ".") : Error: chunk 1
Error in library(RGtk2) : there is no package called 'RGtk2'
Execution halted