Back to the "Multiple platform build/check report"
Package 25/205 | OS | Arch | BUILD | CHECK | BUILD BIN |
beadarray1.1.6Mark Dunning | Linux (SUSE 9.2) | x86_64 | OK | WARNINGS | |
Linux (SUSE 9.2) | i686 | OK | WARNINGS | ||
Solaris 2.9 | sparc | OK | ERROR | ||
Linux (SUSE 10.0) | x86_64 | OK | WARNINGS | ||
Windows Server 2003 | x86_64 | OK | WARNINGS | OK | |
Windows XP | i686 | OK | [ WARNINGS ] | skipped | |
Mac OS X (10.4.6) | i686 | OK | WARNINGS |
Package: beadarray |
Version: 1.1.6 |
Command: E:\hpages\1.9d\R\bin\R.exe CMD check beadarray_1.1.6.tar.gz |
RetCode: 0 |
Time: 241.4 seconds |
Status: WARNINGS |
CheckDir: beadarray.Rcheck |
Warnings: 1 |
* checking for working latex ... OK * using log directory 'E:/hpages/1.9d/Rpacks/beadarray.Rcheck' * using R version 2.4.0 alpha (2006-09-10 r39242) * checking for file 'beadarray/DESCRIPTION' ... OK * this is package 'beadarray' version '1.1.6' * checking package dependencies ... WARNING package 'methods' is used but not declared See the information on DESCRIPTION files in the chapter 'Creating R packages' of the 'Writing R Extensions' manual. * checking if this is a source package ... OK * checking whether package 'beadarray' can be installed ... OK * checking package directory ... OK * checking for portable file names ... OK * checking DESCRIPTION meta-information ... OK * checking top-level files ... OK * checking index information ... OK * checking package subdirectories ... OK * checking R files for syntax errors ... OK * checking R files for non-ASCII characters ... OK * checking whether the package can be loaded ... OK * checking whether the package can be loaded with stated dependencies ... OK * checking S3 generic/method consistency ... OK * checking replacement functions ... OK * checking foreign function calls ... OK * checking R code for possible problems ... OK * checking Rd files ... OK * checking Rd cross-references ... OK * checking for missing documentation entries ... OK * checking for code/documentation mismatches ... OK * checking Rd \usage sections ... OK * checking for CRLF line endings in C/C++/Fortran sources/headers ... OK * checking for portable use of $BLAS_LIBS ... OK * creating beadarray-Ex.R ... OK * checking examples ... OK * creating beadarray-manual.tex ... OK * checking beadarray-manual.tex ... OK WARNING: There was 1 warning, see E:/hpages/1.9d/Rpacks/beadarray.Rcheck/00check.log for details
beadarray.Rcheck/00install.out:
installing R.css in E:/hpages/1.9d/Rpacks/beadarray.Rcheck ---------- Making package beadarray ------------ adding build stamp to DESCRIPTION making DLL ... making BLImagePlot.d from BLImagePlot.c making createBeadSummaryData.d from createBeadSummaryData.c making findProbeIndices.d from findProbeIndices.c making readBeadImages.d from readBeadImages.c making returnTIFF.d from returnTIFF.c gcc -Ie:/hpages/1.9d/R/include -Wall -O2 -std=gnu99 -c BLImagePlot.c -o BLImagePlot.o gcc -Ie:/hpages/1.9d/R/include -Wall -O2 -std=gnu99 -c createBeadSummaryData.c -o createBeadSummaryData.o createBeadSummaryData.c: In function `findAllOutliers': createBeadSummaryData.c:243: warning: 'status' might be used uninitialized in this function gcc -Ie:/hpages/1.9d/R/include -Wall -O2 -std=gnu99 -c findProbeIndices.c -o findProbeIndices.o gcc -Ie:/hpages/1.9d/R/include -Wall -O2 -std=gnu99 -c readBeadImages.c -o readBeadImages.o readBeadImages.c: In function `readBeadImage': readBeadImages.c:554: warning: 'BeginData' might be used uninitialized in this function readBeadImages.c:554: warning: 'ImageWidth' might be used uninitialized in this function readBeadImages.c:554: warning: 'ImageHeight' might be used uninitialized in this function readBeadImages.c:554: warning: 'StripOffset' might be used uninitialized in this function readBeadImages.c:555: warning: 'offset' might be used uninitialized in this function readBeadImages.c:555: warning: 'records' might be used uninitialized in this function gcc -Ie:/hpages/1.9d/R/include -Wall -O2 -std=gnu99 -c returnTIFF.c -o returnTIFF.o returnTIFF.c: In function `readTIFF': returnTIFF.c:101: warning: implicit declaration of function `getPixelIntensities' returnTIFF.c:17: warning: 'BeginData' might be used uninitialized in this function returnTIFF.c:17: warning: 'ImageWidth' might be used uninitialized in this function returnTIFF.c:17: warning: 'ImageHeight' might be used uninitialized in this function returnTIFF.c:17: warning: 'StripOffset' might be used uninitialized in this function returnTIFF.c:18: warning: 'offset' might be used uninitialized in this function returnTIFF.c:18: warning: 'records' might be used uninitialized in this function windres --include-dir e:/hpages/1.9d/R/include -i beadarray_res.rc -o beadarray_res.o gcc -shared -s -o beadarray.dll beadarray.def BLImagePlot.o createBeadSummaryData.o findProbeIndices.o readBeadImages.o returnTIFF.o beadarray_res.o -Le:/hpages/1.9d/R/bin -lR ... DLL made installing DLL installing R files installing inst files installing data files installing man source files installing indices not zipping data installing help >>> Building/Updating help pages for package 'beadarray' Formats: text html latex example chm BLData text html latex chm BLImagePlot text html latex chm BSData text html latex chm BeadLevelList text html latex chm BeadLevelNormalise text html latex chm BeadSummaryList text html latex chm DiffScore text html latex chm LargeDataObject text html latex example chm QC text html latex chm backgroundCorrectBeads text html latex example chm backgroundNormalise text html latex example chm cbind text html latex chm checkRandomness text html latex example chm class.ExpressionSetIllumina text html latex chm createBeadSummaryData text html latex example chm dim text html latex chm dimnames text html latex chm displayTIFFImage text html latex example chm findAllOutliers text html latex example chm findBeadStatus text html latex example chm findHighestChis text html latex example chm findHighestSD text html latex example chm findLowestCounts text html latex example chm findMostOutliers text html latex example chm getDimensions text html latex example chm getProbeCoords text html latex example chm getProbeIntensities text html latex example chm histBeadCounts text html latex example chm interactivePlots text html latex chm medianNormalise text html latex example chm plotArray text html latex chm plotBeadIntensities text html latex example chm plotBeadLocations text html latex example chm plotMA.beads text html latex chm plotMAXY text html latex example chm plotOnSAM text html latex chm plotXY.beads text html latex chm rankInvariantNormalise text html latex example chm readBeadLevelData text html latex example chm readBeadSummaryData text html latex example chm readBeadSummaryTargets text html latex example chm readBeadTargets text html latex example chm readQC text html latex example chm removeArrays text html latex example chm subsetting text html latex chm Microsoft HTML Help Compiler 4.74.8702 Compiling e:\hpages\1.9d\Rpacks\beadarray.Rcheck\00_pkg_src\beadarray\chm\beadarray.chm Compile time: 0 minutes, 0 seconds 46 Topics 144 Local links 0 Internet links 1 Graphic Created e:\hpages\1.9d\Rpacks\beadarray.Rcheck\00_pkg_src\beadarray\chm\beadarray.chm, 71,802 bytes Compression decreased file by 90,619 bytes. preparing package beadarray for lazy loading Loading required package: limma Loading required package: Biobase Loading required package: tools Welcome to Bioconductor Vignettes contain introductory material. To view, type 'openVignette()' or start with 'help(Biobase)'. For details on reading vignettes, see the openVignette help page. Loading required package: affy Loading required package: affyio adding MD5 sums * DONE (beadarray)