MANOR 1.32.0 Pierre Neuvial
Snapshot Date: 2013-10-08 17:00:48 -0700 (Tue, 08 Oct 2013) | URL: https://hedgehog.fhcrc.org/bioconductor/branches/RELEASE_2_12/madman/Rpacks/MANOR | Last Changed Rev: 75263 / Revision: 81334 | Last Changed Date: 2013-04-03 14:32:27 -0700 (Wed, 03 Apr 2013) |
| george2 | Linux (Ubuntu 12.04.1 LTS) / x86_64 | OK | [ WARNINGS ] | |
moscato2 | Windows Server 2008 R2 Enterprise SP1 (64-bit) / x64 | OK | OK | OK |
petty | Mac OS X Snow Leopard (10.6.8) / x86_64 | OK | WARNINGS | OK |
* using log directory ‘/home/biocbuild/bbs-2.12-bioc/meat/MANOR.Rcheck’
* using R version 3.0.1 (2013-05-16)
* using platform: x86_64-unknown-linux-gnu (64-bit)
* using session charset: UTF-8
* using option ‘--no-vignettes’
* checking for file ‘MANOR/DESCRIPTION’ ... OK
* this is package ‘MANOR’ version ‘1.32.0’
* checking package namespace information ... OK
* checking package dependencies ... OK
* checking if this is a source package ... OK
* checking if there is a namespace ... OK
* checking for hidden files and directories ... OK
* checking for portable file names ... OK
* checking for sufficient/correct file permissions ... OK
* checking whether package ‘MANOR’ can be installed ... [6s/6s] OK
* checking installed package size ... OK
* checking package directory ... OK
* checking DESCRIPTION meta-information ... OK
* checking top-level files ... OK
* checking for left-over files ... OK
* checking index information ... OK
* checking package subdirectories ... OK
* checking R files for non-ASCII characters ... OK
* checking R files for syntax errors ... OK
* checking whether the package can be loaded ... OK
* checking whether the package can be loaded with stated dependencies ... OK
* checking whether the package can be unloaded cleanly ... OK
* checking whether the namespace can be loaded with stated dependencies ... OK
* checking whether the namespace can be unloaded cleanly ... OK
* checking for unstated dependencies in R code ... OK
* checking S3 generic/method consistency ... OK
* checking replacement functions ... OK
* checking foreign function calls ... OK
* checking R code for possible problems ... OK
* checking Rd files ... OK
* checking Rd metadata ... OK
* checking Rd cross-references ... OK
* checking for missing documentation entries ... OK
* checking for code/documentation mismatches ... OK
* checking Rd \usage sections ... OK
* checking Rd contents ... OK
* checking for unstated dependencies in examples ... OK
* checking contents of ‘data’ directory ... OK
* checking data for non-ASCII characters ... OK
* checking data for ASCII and uncompressed saves ... OK
* checking line endings in C/C++/Fortran sources/headers ... OK
* checking line endings in Makefiles ... OK
* checking for portable use of $(BLAS_LIBS) and $(LAPACK_LIBS) ... OK
* checking compiled code ... WARNING
File ‘/home/biocbuild/bbs-2.12-bioc/meat/MANOR.Rcheck/MANOR/libs/MANOR.so’:
Found ‘exit’, possibly from ‘exit’ (C)
Object: ‘exememo.o’
Found ‘putchar’, possibly from ‘putchar’ (C)
Object: ‘lib_io.o’
Found ‘puts’, possibly from ‘printf’ (C), ‘puts’ (C)
Object: ‘lib_io.o’
Found ‘stderr’, possibly from ‘stderr’ (C)
Objects: ‘Rnem_exe.o’, ‘exememo.o’, ‘nem_alg.o’, ‘nem_mod.o’,
‘nem_nei.o’
Compiled code should not call entry points which might terminate R nor
write to stdout/stderr instead of to the console.
See ‘Writing portable packages’ in the ‘Writing R Extensions’ manual.
* checking installed files from ‘inst/doc’ ... NOTE
The following files should probably not be installed:
‘html.sty’, ‘natbib.sty’
Consider the use of a .Rinstignore file: see ‘Writing R Extensions’,
or move the vignette sources from ‘inst/doc’ to ‘vignettes’.
* checking examples ... [20s/21s] OK
* checking for unstated dependencies in vignettes ... OK
* checking package vignettes in ‘inst/doc’ ... OK
* checking running R code from vignettes ... SKIPPED
* checking re-building of vignettes ... SKIPPED
* checking PDF version of manual ... OK
WARNING: There was 1 warning.
NOTE: There was 1 note.
See
‘/home/biocbuild/bbs-2.12-bioc/meat/MANOR.Rcheck/00check.log’
for details.
* installing *source* package ‘MANOR’ ...
** libs
gcc -std=gnu99 -I/home/biocbuild/bbs-2.12-bioc/R/include -DNDEBUG -I/usr/local/include -fpic -g -O2 -Wall -c Rnem_arg.c -o Rnem_arg.o
gcc -std=gnu99 -I/home/biocbuild/bbs-2.12-bioc/R/include -DNDEBUG -I/usr/local/include -fpic -g -O2 -Wall -c Rnem_exe.c -o Rnem_exe.o
Rnem_exe.c: In function ‘MakeErrinfo’:
Rnem_exe.c:216:20: warning: cast from pointer to integer of different size [-Wpointer-to-int-cast]
gcc -std=gnu99 -I/home/biocbuild/bbs-2.12-bioc/R/include -DNDEBUG -I/usr/local/include -fpic -g -O2 -Wall -c exememo.c -o exememo.o
gcc -std=gnu99 -I/home/biocbuild/bbs-2.12-bioc/R/include -DNDEBUG -I/usr/local/include -fpic -g -O2 -Wall -c lib_io.c -o lib_io.o
lib_io.c: In function ‘AskFloat’:
lib_io.c:283:13: warning: ignoring return value of ‘gets’, declared with attribute warn_unused_result [-Wunused-result]
lib_io.c: In function ‘AskInteger’:
lib_io.c:235:13: warning: ignoring return value of ‘gets’, declared with attribute warn_unused_result [-Wunused-result]
lib_io.c: In function ‘AskFileToWrite’:
lib_io.c:158:13: warning: ignoring return value of ‘gets’, declared with attribute warn_unused_result [-Wunused-result]
lib_io.c: In function ‘AskFileToRead’:
lib_io.c:107:13: warning: ignoring return value of ‘gets’, declared with attribute warn_unused_result [-Wunused-result]
lib_io.c: In function ‘ReadOpeningComments’:
lib_io.c:82:14: warning: ignoring return value of ‘fgets’, declared with attribute warn_unused_result [-Wunused-result]
In file included from /usr/include/stdio.h:934:0,
from lib_io.c:17:
In function ‘gets’,
inlined from ‘AskFileToRead’ at lib_io.c:107:13:
/usr/include/x86_64-linux-gnu/bits/stdio2.h:230:3: warning: call to ‘__gets_warn’ declared with attribute warning: please use fgets or getline instead, gets can't specify buffer size [enabled by default]
In function ‘gets’,
inlined from ‘AskFileToWrite’ at lib_io.c:158:13:
/usr/include/x86_64-linux-gnu/bits/stdio2.h:230:3: warning: call to ‘__gets_warn’ declared with attribute warning: please use fgets or getline instead, gets can't specify buffer size [enabled by default]
lib_io.c: In function ‘CountLinesColumns’:
lib_io.c:399:16: warning: ‘mincols’ may be used uninitialized in this function [-Wuninitialized]
gcc -std=gnu99 -I/home/biocbuild/bbs-2.12-bioc/R/include -DNDEBUG -I/usr/local/include -fpic -g -O2 -Wall -c nem_alg.c -o nem_alg.o
gcc -std=gnu99 -I/home/biocbuild/bbs-2.12-bioc/R/include -DNDEBUG -I/usr/local/include -fpic -g -O2 -Wall -c nem_hlp.c -o nem_hlp.o
gcc -std=gnu99 -I/home/biocbuild/bbs-2.12-bioc/R/include -DNDEBUG -I/usr/local/include -fpic -g -O2 -Wall -c nem_mod.c -o nem_mod.o
gcc -std=gnu99 -I/home/biocbuild/bbs-2.12-bioc/R/include -DNDEBUG -I/usr/local/include -fpic -g -O2 -Wall -c nem_nei.c -o nem_nei.o
gcc -std=gnu99 -I/home/biocbuild/bbs-2.12-bioc/R/include -DNDEBUG -I/usr/local/include -fpic -g -O2 -Wall -c nem_rnd.c -o nem_rnd.o
gcc -std=gnu99 -I/home/biocbuild/bbs-2.12-bioc/R/include -DNDEBUG -I/usr/local/include -fpic -g -O2 -Wall -c nem_ver.c -o nem_ver.o
gcc -std=gnu99 -shared -L/usr/local/lib -o MANOR.so Rnem_arg.o Rnem_exe.o exememo.o lib_io.o nem_alg.o nem_hlp.o nem_mod.o nem_nei.o nem_rnd.o nem_ver.o -L/home/biocbuild/bbs-2.12-bioc/R/lib -lR
installing to /home/biocbuild/bbs-2.12-bioc/meat/MANOR.Rcheck/MANOR/libs
** R
** data
** inst
** preparing package for lazy loading
** help
*** installing help indices
** building package indices
** installing vignettes
** testing if installed package can be loaded
* DONE (MANOR)