flagme 1.2.0 Mark Robinson
Snapshot Date: 2010-04-02 23:28:25 -0700 (Fri, 02 Apr 2010) | URL: https://hedgehog.fhcrc.org/bioconductor/branches/RELEASE_2_5/madman/Rpacks/flagme | Last Changed Rev: 42684 / Revision: 45705 | Last Changed Date: 2009-10-27 16:33:29 -0700 (Tue, 27 Oct 2009) |
| wilson2 | Linux (openSUSE 11.1) / x86_64 | OK | WARNINGS | |
liverpool | Windows Server 2003 R2 (32-bit) / x64 | OK | [ WARNINGS ] | OK |
pitt | Mac OS X Tiger (10.4.11) / i386 | OK | WARNINGS | OK |
pelham | Mac OS X Leopard (10.5.8) / i386 | OK | WARNINGS | OK |
* checking for working pdflatex ... OK
* using log directory 'E:/biocbld/bbs-2.5-bioc/meat/flagme.Rcheck'
* using R version 2.10.1 (2009-12-14)
* using session charset: ISO8859-1
* using option '--no-vignettes'
* checking for file 'flagme/DESCRIPTION' ... OK
* this is package 'flagme' version '1.2.0'
* checking package name space information ... OK
* checking package dependencies ... OK
* checking if this is a source package ... OK
* checking whether package 'flagme' can be installed ... WARNING
Found the following significant warnings:
Warning: replacing previous import 'image' when loading 'SparseM'
See 'E:/biocbld/bbs-2.5-bioc/meat/flagme.Rcheck/00install.out' for details.
* checking package directory ... OK
* checking for portable file names ... OK
* checking DESCRIPTION meta-information ... OK
* checking top-level files ... OK
* checking index information ... OK
* checking package subdirectories ... OK
* checking R files for non-ASCII characters ... OK
* checking R files for syntax errors ... OK
* checking whether the package can be loaded ... OK
* checking whether the package can be loaded with stated dependencies ... OK
* checking whether the name space can be loaded with stated dependencies ... OK
* checking for unstated dependencies in R code ... OK
* checking S3 generic/method consistency ... OK
* checking replacement functions ... OK
* checking foreign function calls ... OK
* checking R code for possible problems ... OK
* checking Rd files ... OK
* checking Rd metadata ... OK
* checking Rd cross-references ... OK
* checking for missing documentation entries ... OK
* checking for code/documentation mismatches ... OK
* checking Rd \usage sections ... OK
* checking line endings in C/C++/Fortran sources/headers ... OK
* checking line endings in Makefiles ... OK
* checking for portable use of $BLAS_LIBS ... OK
* checking examples ... OK
* checking package vignettes in 'inst/doc' ... SKIPPED
* checking PDF version of manual ... OK
WARNING: There was 1 warning, see
E:/biocbld/bbs-2.5-bioc/meat/flagme.Rcheck/00check.log
for details
* install options are ' --no-html'
* installing *source* package 'flagme' ...
** libs
making DLL ...
gcc -I"e:/biocbld/bbs-2.5-bioc/R/include" -O3 -Wall -std=gnu99 -c dp.c -o dp.o
dp.c: In function 'dp':
dp.c:218: warning: 'cur_min' may be used uninitialized in this function
dp.c:217: warning: 'tb' may be used uninitialized in this function
gcc -I"e:/biocbld/bbs-2.5-bioc/R/include" -O3 -Wall -std=gnu99 -c init.c -o init.o
gcc -shared -s -o flagme.dll tmp.def dp.o init.o -Le:/biocbld/bbs-2.5-bioc/R/bin -lR
... done
** R
** inst
** preparing package for lazy loading
Package SparseM (0.85) loaded.
To cite, see citation("SparseM")
Attaching package: 'SparseM'
The following object(s) are masked from package:base :
backsolve
Warning: replacing previous import 'image' when loading 'SparseM'
Creating a new generic function for "plot" in "flagme"
** help
*** installing help indices
** building package indices ...
** MD5 sums
* DONE (flagme)