Back to Multiple platform build/check report for BioC 3.10 |
|
This page was generated on 2020-04-15 12:33:03 -0400 (Wed, 15 Apr 2020).
Package 1606/1823 | Hostname | OS / Arch | INSTALL | BUILD | CHECK | BUILD BIN | ||||||
SingleR 1.0.6 Aaron Lun
| malbec1 | Linux (Ubuntu 18.04.4 LTS) / x86_64 | OK | OK | WARNINGS | ![]() | ||||||
tokay1 | Windows Server 2012 R2 Standard / x64 | OK | OK | [ WARNINGS ] | OK | ![]() | ||||||
merida1 | OS X 10.11.6 El Capitan / x86_64 | OK | OK | WARNINGS | OK | ![]() |
Package: SingleR |
Version: 1.0.6 |
Command: C:\Users\biocbuild\bbs-3.10-bioc\R\bin\R.exe CMD check --force-multiarch --install=check:SingleR.install-out.txt --library=C:\Users\biocbuild\bbs-3.10-bioc\R\library --no-vignettes --timings SingleR_1.0.6.tar.gz |
StartedAt: 2020-04-15 06:42:33 -0400 (Wed, 15 Apr 2020) |
EndedAt: 2020-04-15 07:01:02 -0400 (Wed, 15 Apr 2020) |
EllapsedTime: 1109.3 seconds |
RetCode: 0 |
Status: WARNINGS |
CheckDir: SingleR.Rcheck |
Warnings: 1 |
############################################################################## ############################################################################## ### ### Running command: ### ### C:\Users\biocbuild\bbs-3.10-bioc\R\bin\R.exe CMD check --force-multiarch --install=check:SingleR.install-out.txt --library=C:\Users\biocbuild\bbs-3.10-bioc\R\library --no-vignettes --timings SingleR_1.0.6.tar.gz ### ############################################################################## ############################################################################## * using log directory 'C:/Users/biocbuild/bbs-3.10-bioc/meat/SingleR.Rcheck' * using R version 3.6.3 (2020-02-29) * using platform: x86_64-w64-mingw32 (64-bit) * using session charset: ISO8859-1 * using option '--no-vignettes' * checking for file 'SingleR/DESCRIPTION' ... OK * this is package 'SingleR' version '1.0.6' * package encoding: UTF-8 * checking package namespace information ... OK * checking package dependencies ... OK * checking if this is a source package ... OK * checking if there is a namespace ... OK * checking for hidden files and directories ... OK * checking for portable file names ... OK * checking whether package 'SingleR' can be installed ... OK * checking installed package size ... OK * checking package directory ... OK * checking 'build' directory ... OK * checking DESCRIPTION meta-information ... OK * checking top-level files ... OK * checking for left-over files ... OK * checking index information ... OK * checking package subdirectories ... OK * checking R files for non-ASCII characters ... OK * checking R files for syntax errors ... OK * loading checks for arch 'i386' ** checking whether the package can be loaded ... OK ** checking whether the package can be loaded with stated dependencies ... OK ** checking whether the package can be unloaded cleanly ... OK ** checking whether the namespace can be loaded with stated dependencies ... OK ** checking whether the namespace can be unloaded cleanly ... OK * loading checks for arch 'x64' ** checking whether the package can be loaded ... OK ** checking whether the package can be loaded with stated dependencies ... OK ** checking whether the package can be unloaded cleanly ... OK ** checking whether the namespace can be loaded with stated dependencies ... OK ** checking whether the namespace can be unloaded cleanly ... OK * checking dependencies in R code ... OK * checking S3 generic/method consistency ... OK * checking replacement functions ... OK * checking foreign function calls ... OK * checking R code for possible problems ... OK * checking Rd files ... OK * checking Rd metadata ... OK * checking Rd cross-references ... OK * checking for missing documentation entries ... OK * checking for code/documentation mismatches ... WARNING Codoc mismatches from documentation object 'plotScoreHeatmap': plotScoreHeatmap Code: function(results, cells.use = NULL, labels.use = NULL, clusters = NULL, show.labels = TRUE, show.pruned = FALSE, max.labels = 40, normalize = TRUE, cells.order = NULL, order.by.clusters = FALSE, annotation_col = NULL, show_colnames = FALSE, color = NULL, ...) Docs: function(results, cells.use = NULL, labels.use = NULL, clusters = NULL, show.labels = TRUE, show.pruned = FALSE, max.labels = 40, normalize = TRUE, cells.order = NULL, order.by.clusters = FALSE, annotation_col = NULL, show_colnames = FALSE, ...) Argument names in code not in docs: color Mismatches in argument names: Position: 13 Code: color Docs: ... * checking Rd \usage sections ... OK * checking Rd contents ... OK * checking for unstated dependencies in examples ... OK * checking line endings in C/C++/Fortran sources/headers ... OK * checking compiled code ... NOTE Note: information on .o files for i386 is not available Note: information on .o files for x64 is not available File 'C:/Users/biocbuild/bbs-3.10-bioc/R/library/SingleR/libs/i386/SingleR.dll': Found 'abort', possibly from 'abort' (C), 'runtime' (Fortran) Found 'exit', possibly from 'exit' (C), 'stop' (Fortran) Found 'printf', possibly from 'printf' (C) File 'C:/Users/biocbuild/bbs-3.10-bioc/R/library/SingleR/libs/x64/SingleR.dll': Found 'abort', possibly from 'abort' (C), 'runtime' (Fortran) Found 'exit', possibly from 'exit' (C), 'stop' (Fortran) Found 'printf', possibly from 'printf' (C) Compiled code should not call entry points which might terminate R nor write to stdout/stderr instead of to the console, nor use Fortran I/O nor system RNGs. The detected symbols are linked into the code but might come from libraries and not actually be called. See 'Writing portable packages' in the 'Writing R Extensions' manual. * checking files in 'vignettes' ... OK * checking examples ... ** running examples for arch 'i386' ... OK Examples with CPU or elapsed time > 5s user system elapsed DatabaseImmuneCellExpressionData 10.64 0.78 18.27 BlueprintEncodeData 8.92 1.61 11.89 HumanPrimaryCellAtlasData 5.03 0.47 8.06 ImmGenData 4.81 0.39 9.09 plotScoreDistribution 5.11 0.02 5.12 MouseRNAseqData 4.56 0.26 8.52 MonacoImmuneData 3.88 0.24 11.53 NovershternHematopoieticData 3.50 0.14 5.65 ** running examples for arch 'x64' ... OK Examples with CPU or elapsed time > 5s user system elapsed DatabaseImmuneCellExpressionData 8.41 0.51 9.25 BlueprintEncodeData 7.42 0.83 8.59 ImmGenData 6.46 0.19 6.86 HumanPrimaryCellAtlasData 5.68 0.38 6.31 plotScoreDistribution 5.86 0.05 5.90 * checking for unstated dependencies in 'tests' ... OK * checking tests ... ** running tests for arch 'i386' ... Running 'testthat.R' OK ** running tests for arch 'x64' ... Running 'testthat.R' OK * checking for unstated dependencies in vignettes ... OK * checking package vignettes in 'inst/doc' ... OK * checking running R code from vignettes ... SKIPPED * checking re-building of vignette outputs ... SKIPPED * checking PDF version of manual ... OK * DONE Status: 1 WARNING, 1 NOTE See 'C:/Users/biocbuild/bbs-3.10-bioc/meat/SingleR.Rcheck/00check.log' for details.
SingleR.Rcheck/00install.out
############################################################################## ############################################################################## ### ### Running command: ### ### C:\cygwin\bin\curl.exe -O https://malbec1.bioconductor.org/BBS/3.10/bioc/src/contrib/SingleR_1.0.6.tar.gz && rm -rf SingleR.buildbin-libdir && mkdir SingleR.buildbin-libdir && C:\Users\biocbuild\bbs-3.10-bioc\R\bin\R.exe CMD INSTALL --merge-multiarch --build --library=SingleR.buildbin-libdir SingleR_1.0.6.tar.gz && C:\Users\biocbuild\bbs-3.10-bioc\R\bin\R.exe CMD INSTALL SingleR_1.0.6.zip && rm SingleR_1.0.6.tar.gz SingleR_1.0.6.zip ### ############################################################################## ############################################################################## % Total % Received % Xferd Average Speed Time Time Time Current Dload Upload Total Spent Left Speed 0 0 0 0 0 0 0 0 --:--:-- --:--:-- --:--:-- 0 100 95242 100 95242 0 0 1959k 0 --:--:-- --:--:-- --:--:-- 2163k install for i386 * installing *source* package 'SingleR' ... ** using staged installation ** libs C:/Rtools/mingw_32/bin/g++ -std=gnu++11 -I"C:/Users/BIOCBU~1/BBS-3~1.10-/R/include" -DNDEBUG -I"C:/Users/biocbuild/bbs-3.10-bioc/R/library/Rcpp/include" -I"C:/Users/biocbuild/bbs-3.10-bioc/R/library/beachmat/include" -I"C:/extsoft/include" -O2 -Wall -mtune=core2 -c RcppExports.cpp -o RcppExports.o C:/Rtools/mingw_32/bin/g++ -std=gnu++11 -I"C:/Users/BIOCBU~1/BBS-3~1.10-/R/include" -DNDEBUG -I"C:/Users/biocbuild/bbs-3.10-bioc/R/library/Rcpp/include" -I"C:/Users/biocbuild/bbs-3.10-bioc/R/library/beachmat/include" -I"C:/extsoft/include" -O2 -Wall -mtune=core2 -c fine_tune_de.cpp -o fine_tune_de.o fine_tune_de.cpp: In constructor 'de_markers::de_markers(Rcpp::List)': fine_tune_de.cpp:6:27: warning: comparison between signed and unsigned integer expressions [-Wsign-compare] for (size_t i=0; i<marker_genes.size(); ++i) { ^ fine_tune_de.cpp:9:31: warning: comparison between signed and unsigned integer expressions [-Wsign-compare] for (size_t j=0; j<internals.size(); ++j) { ^ fine_tune_de.cpp: In function 'Rcpp::List fine_tune_label_de(SEXP, Rcpp::NumericMatrix, Rcpp::List, double, double, Rcpp::List)': fine_tune_de.cpp:38:23: warning: comparison between signed and unsigned integer expressions [-Wsign-compare] for (size_t i=0; i<References.size(); ++i) { ^ In file included from fine_tune_de.cpp:2:0: fine_tuner.h: In instantiation of 'tuned_stats fine_tuner::assign(int, beachmat::numeric_matrix*, Rcpp::NumericMatrix, const matrix_list&, double, double, const PICKER&) [with PICKER = de_markers; tuned_stats = std::tuple<int, double, double>; beachmat::numeric_matrix = beachmat::lin_matrix<double, Rcpp::Vector<14, Rcpp::PreserveStorage> >; Rcpp::NumericMatrix = Rcpp::Matrix<14>; matrix_list = std::vector<std::unique_ptr<beachmat::lin_matrix<double, Rcpp::Vector<14, Rcpp::PreserveStorage> > > >]': fine_tune_de.cpp:51:95: required from here fine_tuner.h:42:27: warning: comparison between signed and unsigned integer expressions [-Wsign-compare] for (size_t i=0; i<cur_scores.size(); ++i) { ^ C:/Rtools/mingw_32/bin/g++ -std=gnu++11 -I"C:/Users/BIOCBU~1/BBS-3~1.10-/R/include" -DNDEBUG -I"C:/Users/biocbuild/bbs-3.10-bioc/R/library/Rcpp/include" -I"C:/Users/biocbuild/bbs-3.10-bioc/R/library/beachmat/include" -I"C:/extsoft/include" -O2 -Wall -mtune=core2 -c fine_tune_sd.cpp -o fine_tune_sd.o fine_tune_sd.cpp: In function 'Rcpp::List fine_tune_label_sd(SEXP, Rcpp::NumericMatrix, Rcpp::List, double, double, Rcpp::NumericMatrix, double)': fine_tune_sd.cpp:46:23: warning: comparison between signed and unsigned integer expressions [-Wsign-compare] for (size_t i=0; i<References.size(); ++i) { ^ In file included from fine_tune_sd.cpp:2:0: fine_tuner.h: In instantiation of 'tuned_stats fine_tuner::assign(int, beachmat::numeric_matrix*, Rcpp::NumericMatrix, const matrix_list&, double, double, const PICKER&) [with PICKER = sd_markers; tuned_stats = std::tuple<int, double, double>; beachmat::numeric_matrix = beachmat::lin_matrix<double, Rcpp::Vector<14, Rcpp::PreserveStorage> >; Rcpp::NumericMatrix = Rcpp::Matrix<14>; matrix_list = std::vector<std::unique_ptr<beachmat::lin_matrix<double, Rcpp::Vector<14, Rcpp::PreserveStorage> > > >]': fine_tune_sd.cpp:59:95: required from here fine_tuner.h:42:27: warning: comparison between signed and unsigned integer expressions [-Wsign-compare] for (size_t i=0; i<cur_scores.size(); ++i) { ^ C:/Rtools/mingw_32/bin/g++ -shared -s -static-libgcc -o SingleR.dll tmp.def RcppExports.o fine_tune_de.o fine_tune_sd.o -LC:/extsoft/lib/i386 -LC:/extsoft/lib -LC:/Users/BIOCBU~1/BBS-3~1.10-/R/bin/i386 -lR installing to C:/Users/biocbuild/bbs-3.10-bioc/meat/SingleR.buildbin-libdir/00LOCK-SingleR/00new/SingleR/libs/i386 ** R ** inst ** byte-compile and prepare package for lazy loading ** help *** installing help indices converting help for package 'SingleR' finding HTML links ... done BlueprintEncodeData html finding level-2 HTML links ... done DatabaseImmuneCellExpressionData html HumanPrimaryCellAtlasData html ImmGenData html MonacoImmuneData html MouseRNAseqData html NovershternHematopoieticData html SingleR html aggregateReference html classifySingleR html combineResults html getDeltaFromMedian html matchReferences html plotScoreDistribution html plotScoreHeatmap html pruneScores html trainSingleR html ** building package indices ** installing vignettes ** testing if installed package can be loaded from temporary location ** testing if installed package can be loaded from final location ** testing if installed package keeps a record of temporary installation path install for x64 * installing *source* package 'SingleR' ... ** libs C:/Rtools/mingw_64/bin/g++ -std=gnu++11 -I"C:/Users/BIOCBU~1/BBS-3~1.10-/R/include" -DNDEBUG -I"C:/Users/biocbuild/bbs-3.10-bioc/R/library/Rcpp/include" -I"C:/Users/biocbuild/bbs-3.10-bioc/R/library/beachmat/include" -I"C:/extsoft/include" -O2 -Wall -mtune=core2 -c RcppExports.cpp -o RcppExports.o C:/Rtools/mingw_64/bin/g++ -std=gnu++11 -I"C:/Users/BIOCBU~1/BBS-3~1.10-/R/include" -DNDEBUG -I"C:/Users/biocbuild/bbs-3.10-bioc/R/library/Rcpp/include" -I"C:/Users/biocbuild/bbs-3.10-bioc/R/library/beachmat/include" -I"C:/extsoft/include" -O2 -Wall -mtune=core2 -c fine_tune_de.cpp -o fine_tune_de.o fine_tune_de.cpp: In constructor 'de_markers::de_markers(Rcpp::List)': fine_tune_de.cpp:6:27: warning: comparison between signed and unsigned integer expressions [-Wsign-compare] for (size_t i=0; i<marker_genes.size(); ++i) { ^ fine_tune_de.cpp:9:31: warning: comparison between signed and unsigned integer expressions [-Wsign-compare] for (size_t j=0; j<internals.size(); ++j) { ^ fine_tune_de.cpp: In function 'Rcpp::List fine_tune_label_de(SEXP, Rcpp::NumericMatrix, Rcpp::List, double, double, Rcpp::List)': fine_tune_de.cpp:38:23: warning: comparison between signed and unsigned integer expressions [-Wsign-compare] for (size_t i=0; i<References.size(); ++i) { ^ In file included from fine_tune_de.cpp:2:0: fine_tuner.h: In instantiation of 'tuned_stats fine_tuner::assign(int, beachmat::numeric_matrix*, Rcpp::NumericMatrix, const matrix_list&, double, double, const PICKER&) [with PICKER = de_markers; tuned_stats = std::tuple<int, double, double>; beachmat::numeric_matrix = beachmat::lin_matrix<double, Rcpp::Vector<14, Rcpp::PreserveStorage> >; Rcpp::NumericMatrix = Rcpp::Matrix<14>; matrix_list = std::vector<std::unique_ptr<beachmat::lin_matrix<double, Rcpp::Vector<14, Rcpp::PreserveStorage> > > >]': fine_tune_de.cpp:51:95: required from here fine_tuner.h:42:27: warning: comparison between signed and unsigned integer expressions [-Wsign-compare] for (size_t i=0; i<cur_scores.size(); ++i) { ^ C:/Rtools/mingw_64/bin/g++ -std=gnu++11 -I"C:/Users/BIOCBU~1/BBS-3~1.10-/R/include" -DNDEBUG -I"C:/Users/biocbuild/bbs-3.10-bioc/R/library/Rcpp/include" -I"C:/Users/biocbuild/bbs-3.10-bioc/R/library/beachmat/include" -I"C:/extsoft/include" -O2 -Wall -mtune=core2 -c fine_tune_sd.cpp -o fine_tune_sd.o fine_tune_sd.cpp: In function 'Rcpp::List fine_tune_label_sd(SEXP, Rcpp::NumericMatrix, Rcpp::List, double, double, Rcpp::NumericMatrix, double)': fine_tune_sd.cpp:46:23: warning: comparison between signed and unsigned integer expressions [-Wsign-compare] for (size_t i=0; i<References.size(); ++i) { ^ In file included from fine_tune_sd.cpp:2:0: fine_tuner.h: In instantiation of 'tuned_stats fine_tuner::assign(int, beachmat::numeric_matrix*, Rcpp::NumericMatrix, const matrix_list&, double, double, const PICKER&) [with PICKER = sd_markers; tuned_stats = std::tuple<int, double, double>; beachmat::numeric_matrix = beachmat::lin_matrix<double, Rcpp::Vector<14, Rcpp::PreserveStorage> >; Rcpp::NumericMatrix = Rcpp::Matrix<14>; matrix_list = std::vector<std::unique_ptr<beachmat::lin_matrix<double, Rcpp::Vector<14, Rcpp::PreserveStorage> > > >]': fine_tune_sd.cpp:59:95: required from here fine_tuner.h:42:27: warning: comparison between signed and unsigned integer expressions [-Wsign-compare] for (size_t i=0; i<cur_scores.size(); ++i) { ^ C:/Rtools/mingw_64/bin/g++ -shared -s -static-libgcc -o SingleR.dll tmp.def RcppExports.o fine_tune_de.o fine_tune_sd.o -LC:/extsoft/lib/x64 -LC:/extsoft/lib -LC:/Users/BIOCBU~1/BBS-3~1.10-/R/bin/x64 -lR installing to C:/Users/biocbuild/bbs-3.10-bioc/meat/SingleR.buildbin-libdir/SingleR/libs/x64 ** testing if installed package can be loaded * MD5 sums packaged installation of 'SingleR' as SingleR_1.0.6.zip * DONE (SingleR) * installing to library 'C:/Users/biocbuild/bbs-3.10-bioc/R/library' package 'SingleR' successfully unpacked and MD5 sums checked
SingleR.Rcheck/tests_i386/testthat.Rout R version 3.6.3 (2020-02-29) -- "Holding the Windsock" Copyright (C) 2020 The R Foundation for Statistical Computing Platform: i386-w64-mingw32/i386 (32-bit) R is free software and comes with ABSOLUTELY NO WARRANTY. You are welcome to redistribute it under certain conditions. Type 'license()' or 'licence()' for distribution details. R is a collaborative project with many contributors. Type 'contributors()' for more information and 'citation()' on how to cite R or R packages in publications. Type 'demo()' for some demos, 'help()' for on-line help, or 'help.start()' for an HTML browser interface to help. Type 'q()' to quit R. > library(testthat) > library(SingleR) Loading required package: SummarizedExperiment Loading required package: GenomicRanges Loading required package: stats4 Loading required package: BiocGenerics Loading required package: parallel Attaching package: 'BiocGenerics' The following objects are masked from 'package:parallel': clusterApply, clusterApplyLB, clusterCall, clusterEvalQ, clusterExport, clusterMap, parApply, parCapply, parLapply, parLapplyLB, parRapply, parSapply, parSapplyLB The following objects are masked from 'package:stats': IQR, mad, sd, var, xtabs The following objects are masked from 'package:base': Filter, Find, Map, Position, Reduce, anyDuplicated, append, as.data.frame, basename, cbind, colnames, dirname, do.call, duplicated, eval, evalq, get, grep, grepl, intersect, is.unsorted, lapply, mapply, match, mget, order, paste, pmax, pmax.int, pmin, pmin.int, rank, rbind, rownames, sapply, setdiff, sort, table, tapply, union, unique, unsplit, which, which.max, which.min Loading required package: S4Vectors Attaching package: 'S4Vectors' The following object is masked from 'package:base': expand.grid Loading required package: IRanges Attaching package: 'IRanges' The following object is masked from 'package:grDevices': windows Loading required package: GenomeInfoDb Loading required package: Biobase Welcome to Bioconductor Vignettes contain introductory material; view with 'browseVignettes()'. To cite Bioconductor, see 'citation("Biobase")', and for packages 'citation("pkgname")'. Loading required package: DelayedArray Loading required package: matrixStats Attaching package: 'matrixStats' The following objects are masked from 'package:Biobase': anyMissing, rowMedians Loading required package: BiocParallel Attaching package: 'DelayedArray' The following objects are masked from 'package:matrixStats': colMaxs, colMins, colRanges, rowMaxs, rowMins, rowRanges The following objects are masked from 'package:base': aperm, apply, rowsum > test_check("SingleR") == testthat results =========================================================== [ OK: 362 | SKIPPED: 0 | WARNINGS: 6 | FAILED: 0 ] Warning message: call dbDisconnect() when finished working with a connection > > proc.time() user system elapsed 213.28 27.31 351.70 |
SingleR.Rcheck/tests_x64/testthat.Rout R version 3.6.3 (2020-02-29) -- "Holding the Windsock" Copyright (C) 2020 The R Foundation for Statistical Computing Platform: x86_64-w64-mingw32/x64 (64-bit) R is free software and comes with ABSOLUTELY NO WARRANTY. You are welcome to redistribute it under certain conditions. Type 'license()' or 'licence()' for distribution details. R is a collaborative project with many contributors. Type 'contributors()' for more information and 'citation()' on how to cite R or R packages in publications. Type 'demo()' for some demos, 'help()' for on-line help, or 'help.start()' for an HTML browser interface to help. Type 'q()' to quit R. > library(testthat) > library(SingleR) Loading required package: SummarizedExperiment Loading required package: GenomicRanges Loading required package: stats4 Loading required package: BiocGenerics Loading required package: parallel Attaching package: 'BiocGenerics' The following objects are masked from 'package:parallel': clusterApply, clusterApplyLB, clusterCall, clusterEvalQ, clusterExport, clusterMap, parApply, parCapply, parLapply, parLapplyLB, parRapply, parSapply, parSapplyLB The following objects are masked from 'package:stats': IQR, mad, sd, var, xtabs The following objects are masked from 'package:base': Filter, Find, Map, Position, Reduce, anyDuplicated, append, as.data.frame, basename, cbind, colnames, dirname, do.call, duplicated, eval, evalq, get, grep, grepl, intersect, is.unsorted, lapply, mapply, match, mget, order, paste, pmax, pmax.int, pmin, pmin.int, rank, rbind, rownames, sapply, setdiff, sort, table, tapply, union, unique, unsplit, which, which.max, which.min Loading required package: S4Vectors Attaching package: 'S4Vectors' The following object is masked from 'package:base': expand.grid Loading required package: IRanges Attaching package: 'IRanges' The following object is masked from 'package:grDevices': windows Loading required package: GenomeInfoDb Loading required package: Biobase Welcome to Bioconductor Vignettes contain introductory material; view with 'browseVignettes()'. To cite Bioconductor, see 'citation("Biobase")', and for packages 'citation("pkgname")'. Loading required package: DelayedArray Loading required package: matrixStats Attaching package: 'matrixStats' The following objects are masked from 'package:Biobase': anyMissing, rowMedians Loading required package: BiocParallel Attaching package: 'DelayedArray' The following objects are masked from 'package:matrixStats': colMaxs, colMins, colRanges, rowMaxs, rowMins, rowRanges The following objects are masked from 'package:base': aperm, apply, rowsum > test_check("SingleR") == testthat results =========================================================== [ OK: 362 | SKIPPED: 0 | WARNINGS: 6 | FAILED: 0 ] Warning message: call dbDisconnect() when finished working with a connection > > proc.time() user system elapsed 194.12 11.20 352.61 |
SingleR.Rcheck/examples_i386/SingleR-Ex.timings
|
SingleR.Rcheck/examples_x64/SingleR-Ex.timings
|