Back to Multiple platform build/check report for BioC 3.11 |
|
This page was generated on 2020-01-16 13:50:17 -0500 (Thu, 16 Jan 2020).
Package 1760/1818 | Hostname | OS / Arch | INSTALL | BUILD | CHECK | BUILD BIN | ||||||
TTMap 1.9.0 Rachel Jeitziner
| malbec2 | Linux (Ubuntu 18.04.3 LTS) / x86_64 | OK | OK | OK | |||||||
tokay2 | Windows Server 2012 R2 Standard / x64 | OK | OK | OK | NA | |||||||
celaya2 | OS X 10.11.6 El Capitan / x86_64 | OK | OK | [ WARNINGS ] | OK |
Package: TTMap |
Version: 1.9.0 |
Command: /Library/Frameworks/R.framework/Versions/Current/Resources/bin/R CMD check --install=check:TTMap.install-out.txt --library=/Library/Frameworks/R.framework/Versions/Current/Resources/library --no-vignettes --timings TTMap_1.9.0.tar.gz |
StartedAt: 2020-01-16 09:41:15 -0500 (Thu, 16 Jan 2020) |
EndedAt: 2020-01-16 09:47:01 -0500 (Thu, 16 Jan 2020) |
EllapsedTime: 345.5 seconds |
RetCode: 0 |
Status: WARNINGS |
CheckDir: TTMap.Rcheck |
Warnings: 1 |
############################################################################## ############################################################################## ### ### Running command: ### ### /Library/Frameworks/R.framework/Versions/Current/Resources/bin/R CMD check --install=check:TTMap.install-out.txt --library=/Library/Frameworks/R.framework/Versions/Current/Resources/library --no-vignettes --timings TTMap_1.9.0.tar.gz ### ############################################################################## ############################################################################## * using log directory ‘/Users/biocbuild/bbs-3.11-bioc/meat/TTMap.Rcheck’ * using R Under development (unstable) (2019-12-14 r77572) * using platform: x86_64-apple-darwin15.6.0 (64-bit) * using session charset: UTF-8 * using option ‘--no-vignettes’ * checking for file ‘TTMap/DESCRIPTION’ ... OK * checking extension type ... Package * this is package ‘TTMap’ version ‘1.9.0’ * checking package namespace information ... OK * checking package dependencies ... OK * checking if this is a source package ... OK * checking if there is a namespace ... OK * checking for hidden files and directories ... OK * checking for portable file names ... OK * checking for sufficient/correct file permissions ... OK * checking whether package ‘TTMap’ can be installed ... WARNING Found the following significant warnings: Warning: 'rgl_init' failed, running with rgl.useNULL = TRUE See ‘/Users/biocbuild/bbs-3.11-bioc/meat/TTMap.Rcheck/00install.out’ for details. * checking installed package size ... OK * checking package directory ... OK * checking ‘build’ directory ... OK * checking DESCRIPTION meta-information ... OK * checking top-level files ... OK * checking for left-over files ... OK * checking index information ... OK * checking package subdirectories ... OK * checking R files for non-ASCII characters ... OK * checking R files for syntax errors ... OK * checking whether the package can be loaded ... OK * checking whether the package can be loaded with stated dependencies ... OK * checking whether the package can be unloaded cleanly ... OK * checking whether the namespace can be loaded with stated dependencies ... OK * checking whether the namespace can be unloaded cleanly ... OK * checking dependencies in R code ... OK * checking S3 generic/method consistency ... OK * checking replacement functions ... OK * checking foreign function calls ... OK * checking R code for possible problems ... OK * checking Rd files ... OK * checking Rd metadata ... OK * checking Rd cross-references ... OK * checking for missing documentation entries ... OK * checking for code/documentation mismatches ... OK * checking Rd \usage sections ... OK * checking Rd contents ... OK * checking for unstated dependencies in examples ... OK * checking sizes of PDF files under ‘inst/doc’ ... OK * checking files in ‘vignettes’ ... OK * checking examples ... OK Examples with CPU (user + system) or elapsed time > 5s user system elapsed calcul_e 21.713 0.946 22.669 ttmap_sgn_genes 20.739 0.425 21.287 ttmap 18.671 0.486 19.178 hyperrectangle_deviation_assessment 16.733 0.425 17.167 control_adjustment 16.481 0.376 16.865 make_matrices 5.706 0.288 5.993 write_pcl 4.906 0.180 5.128 * checking for unstated dependencies in vignettes ... OK * checking package vignettes in ‘inst/doc’ ... OK * checking running R code from vignettes ... SKIPPED * checking re-building of vignette outputs ... SKIPPED * checking PDF version of manual ... OK * DONE Status: 1 WARNING See ‘/Users/biocbuild/bbs-3.11-bioc/meat/TTMap.Rcheck/00check.log’ for details.
TTMap.Rcheck/00install.out
############################################################################## ############################################################################## ### ### Running command: ### ### /Library/Frameworks/R.framework/Versions/Current/Resources/bin/R CMD INSTALL TTMap ### ############################################################################## ############################################################################## * installing to library ‘/Library/Frameworks/R.framework/Versions/4.0/Resources/library’ * installing *source* package ‘TTMap’ ... ** using staged installation ** R ** byte-compile and prepare package for lazy loading Warning messages: 1: In rgl.init(initValue, onlyNULL) : RGL: GLX extension missing on server 2: 'rgl_init' failed, running with rgl.useNULL = TRUE ** help *** installing help indices ** building package indices ** installing vignettes ** testing if installed package can be loaded from temporary location Warning in rgl.init(initValue, onlyNULL) : RGL: GLX extension missing on server Warning: 'rgl_init' failed, running with rgl.useNULL = TRUE ** testing if installed package can be loaded from final location Warning in rgl.init(initValue, onlyNULL) : RGL: GLX extension missing on server Warning: 'rgl_init' failed, running with rgl.useNULL = TRUE ** testing if installed package keeps a record of temporary installation path * DONE (TTMap)
TTMap.Rcheck/TTMap-Ex.timings
name | user | system | elapsed | |
TTMap-package | 0 | 0 | 0 | |
calcul_e | 21.713 | 0.946 | 22.669 | |
control_adjustment | 16.481 | 0.376 | 16.865 | |
generate_correlation | 0.003 | 0.000 | 0.004 | |
hyperrectangle_deviation_assessment | 16.733 | 0.425 | 17.167 | |
make_matrices | 5.706 | 0.288 | 5.993 | |
ttmap | 18.671 | 0.486 | 19.178 | |
ttmap_sgn_genes | 20.739 | 0.425 | 21.287 | |
write_pcl | 4.906 | 0.180 | 5.128 | |