Back to Multiple platform build/check report for BioC 3.15 |
|
This page was generated on 2022-01-15 11:08:05 -0500 (Sat, 15 Jan 2022).
Hostname | OS | Arch (*) | R version | Installed pkgs |
---|---|---|---|---|
nebbiolo1 | Linux (Ubuntu 20.04.4 LTS) | x86_64 | R Under development (unstable) (2022-01-05 r81451) -- "Unsuffered Consequences" | 4160 |
riesling1 | Windows Server 2019 Standard | x64 | R Under development (unstable) (2021-11-21 r81221) -- "Unsuffered Consequences" | 4055 |
palomino3 | Windows Server 2022 Datacenter | x64 | R Under development (unstable) (2021-12-21 r81400 ucrt) -- "Unsuffered Consequences" | 3997 |
merida1 | macOS 10.14.6 Mojave | x86_64 | R Under development (unstable) (2022-01-05 r81451) -- "Unsuffered Consequences" | 4114 |
Click on any hostname to see more info about the system (e.g. compilers) (*) as reported by 'uname -p', except on Windows and Mac OS X |
To the developers/maintainers of the motifbreakR package: - Please allow up to 24 hours (and sometimes 48 hours) for your latest push to git@git.bioconductor.org:packages/motifbreakR.git to reflect on this report. See How and When does the builder pull? When will my changes propagate? here for more information. - Make sure to use the following settings in order to reproduce any error or warning you see on this page. |
Package 1197/2074 | Hostname | OS / Arch | INSTALL | BUILD | CHECK | BUILD BIN | ||||||||
motifbreakR 2.9.1 (landing page) Simon Gert Coetzee
| nebbiolo1 | Linux (Ubuntu 20.04.4 LTS) / x86_64 | OK | OK | WARNINGS | ![]() | ||||||||
riesling1 | Windows Server 2019 Standard / x64 | OK | OK | WARNINGS | OK | |||||||||
palomino3 | Windows Server 2022 Datacenter / x64 | OK | OK | WARNINGS | OK | ![]() | ||||||||
merida1 | macOS 10.14.6 Mojave / x86_64 | OK | OK | WARNINGS | OK | ![]() | ||||||||
Package: motifbreakR |
Version: 2.9.1 |
Command: D:\biocbuild\bbs-3.15-bioc\R\bin\R.exe CMD check --no-multiarch --install=check:motifbreakR.install-out.txt --library=D:\biocbuild\bbs-3.15-bioc\R\library --no-vignettes --timings motifbreakR_2.9.1.tar.gz |
StartedAt: 2022-01-14 19:32:10 -0500 (Fri, 14 Jan 2022) |
EndedAt: 2022-01-14 19:37:49 -0500 (Fri, 14 Jan 2022) |
EllapsedTime: 338.8 seconds |
RetCode: 0 |
Status: WARNINGS |
CheckDir: motifbreakR.Rcheck |
Warnings: 3 |
############################################################################## ############################################################################## ### ### Running command: ### ### D:\biocbuild\bbs-3.15-bioc\R\bin\R.exe CMD check --no-multiarch --install=check:motifbreakR.install-out.txt --library=D:\biocbuild\bbs-3.15-bioc\R\library --no-vignettes --timings motifbreakR_2.9.1.tar.gz ### ############################################################################## ############################################################################## * using log directory 'D:/biocbuild/bbs-3.15-bioc/meat/motifbreakR.Rcheck' * using R Under development (unstable) (2021-11-21 r81221) * using platform: x86_64-w64-mingw32 (64-bit) * using session charset: ISO8859-1 * using option '--no-vignettes' * checking for file 'motifbreakR/DESCRIPTION' ... OK * this is package 'motifbreakR' version '2.9.1' * checking package namespace information ... OK * checking package dependencies ... OK * checking if this is a source package ... OK * checking if there is a namespace ... OK * checking for hidden files and directories ... OK * checking for portable file names ... OK * checking whether package 'motifbreakR' can be installed ... WARNING Found the following significant warnings: Warning: replacing previous import 'IRanges::windows' by 'grDevices::windows' when loading 'motifbreakR' Warning: replacing previous import 'S4Vectors::as.data.frame' by 'motifStack::as.data.frame' when loading 'motifbreakR' See 'D:/biocbuild/bbs-3.15-bioc/meat/motifbreakR.Rcheck/00install.out' for details. * checking installed package size ... OK * checking package directory ... OK * checking 'build' directory ... OK * checking DESCRIPTION meta-information ... OK * checking top-level files ... OK * checking for left-over files ... OK * checking index information ... OK * checking package subdirectories ... OK * checking R files for non-ASCII characters ... OK * checking R files for syntax errors ... OK * checking whether the package can be loaded ... OK * checking whether the package can be loaded with stated dependencies ... OK * checking whether the package can be unloaded cleanly ... OK * checking whether the namespace can be loaded with stated dependencies ... OK * checking whether the namespace can be unloaded cleanly ... OK * checking dependencies in R code ... NOTE Namespaces in Imports field not imported from: 'compiler' 'grImport' All declared Imports should be used. Package in Depends field not imported from: 'MotifDb' These packages need to be imported from (in the NAMESPACE file) for when this namespace is loaded but not attached. * checking S3 generic/method consistency ... OK * checking replacement functions ... OK * checking foreign function calls ... OK * checking R code for possible problems ... NOTE formatVcfOut: no visible binding for global variable 'search.genome' plotMotifLogoStack.2: no visible global function definition for 'par' preparePWM: no visible binding for global variable 'threshold' snps.from.file: no visible binding for global variable 'DNA_ALPHABET' wScore: no visible global function definition for 'scoreMotif' Undefined global functions or variables: DNA_ALPHABET par scoreMotif search.genome threshold Consider adding importFrom("graphics", "par") to your NAMESPACE file. * checking Rd files ... OK * checking Rd metadata ... OK * checking Rd cross-references ... OK * checking for missing documentation entries ... WARNING Undocumented code objects: 'rs1006140' 'variants.from.file' Undocumented data sets: 'rs1006140' All user-level objects in a package should have documentation entries. See chapter 'Writing R documentation files' in the 'Writing R Extensions' manual. * checking for code/documentation mismatches ... OK * checking Rd \usage sections ... WARNING Undocumented arguments in documentation object 'motifbreakR' 'legacy.score' Undocumented arguments in documentation object 'scoreAllWindows' 'snp.seq' 'snp.seq.rc' 'pwm' 'from' 'to' 'pwm.range' 'calcp' Undocumented arguments in documentation object 'snps.from.file' 'indels' Functions with \usage entries need to have the appropriate \alias entries, and all their arguments documented. The \usage entries must correspond to syntactically valid R code. See chapter 'Writing R documentation files' in the 'Writing R Extensions' manual. * checking Rd contents ... OK * checking for unstated dependencies in examples ... OK * checking contents of 'data' directory ... OK * checking data for non-ASCII characters ... OK * checking LazyData ... OK * checking data for ASCII and uncompressed saves ... OK * checking files in 'vignettes' ... OK * checking examples ... OK Examples with CPU (user + system) or elapsed time > 5s user system elapsed snps.from.rsid 29.83 2.17 32.00 motifbreakR 9.24 0.48 9.71 * checking for unstated dependencies in vignettes ... OK * checking package vignettes in 'inst/doc' ... OK * checking running R code from vignettes ... SKIPPED * checking re-building of vignette outputs ... SKIPPED * checking PDF version of manual ... OK * DONE Status: 3 WARNINGs, 2 NOTEs See 'D:/biocbuild/bbs-3.15-bioc/meat/motifbreakR.Rcheck/00check.log' for details.
motifbreakR.Rcheck/00install.out
############################################################################## ############################################################################## ### ### Running command: ### ### D:\biocbuild\bbs-3.15-bioc\R\bin\R.exe CMD INSTALL motifbreakR ### ############################################################################## ############################################################################## * installing to library 'D:/biocbuild/bbs-3.15-bioc/R/library' * installing *source* package 'motifbreakR' ... ** using staged installation ** R ** data *** moving datasets to lazyload DB ** inst ** byte-compile and prepare package for lazy loading See system.file("LICENSE", package="MotifDb") for use restrictions. Warning: replacing previous import 'IRanges::windows' by 'grDevices::windows' when loading 'motifbreakR' Warning: replacing previous import 'S4Vectors::as.data.frame' by 'motifStack::as.data.frame' when loading 'motifbreakR' ** help *** installing help indices converting help for package 'motifbreakR' finding HTML links ... done calculatePvalue html finding level-2 HTML links ... done encodemotif html example.results html factorbook html hocomoco html homer html motifbreakR html motifbreakR_motif html plotMB html scoreAllWindows html snps.from.file html snps.from.rsid html ** building package indices ** installing vignettes ** testing if installed package can be loaded from temporary location See system.file("LICENSE", package="MotifDb") for use restrictions. Warning: replacing previous import 'IRanges::windows' by 'grDevices::windows' when loading 'motifbreakR' Warning: replacing previous import 'S4Vectors::as.data.frame' by 'motifStack::as.data.frame' when loading 'motifbreakR' ** testing if installed package can be loaded from final location See system.file("LICENSE", package="MotifDb") for use restrictions. Warning: replacing previous import 'IRanges::windows' by 'grDevices::windows' when loading 'motifbreakR' Warning: replacing previous import 'S4Vectors::as.data.frame' by 'motifStack::as.data.frame' when loading 'motifbreakR' ** testing if installed package keeps a record of temporary installation path * DONE (motifbreakR) Making 'packages.html' ...Warning in packageDescription(i, lib.loc = lib, fields = "Title", encoding = "UTF-8") : DESCRIPTION file of package 'iCheck' is missing or broken Warning in packageDescription(i, lib.loc = lib, fields = "Title", encoding = "UTF-8") : DESCRIPTION file of package 'SPLINTER' is missing or broken done
motifbreakR.Rcheck/motifbreakR-Ex.timings
name | user | system | elapsed | |
calculatePvalue | 0.30 | 0.02 | 0.31 | |
encodemotif | 1.02 | 0.00 | 1.02 | |
example.results | 0.04 | 0.03 | 0.07 | |
factorbook | 0 | 0 | 0 | |
hocomoco | 0.00 | 0.01 | 0.02 | |
homer | 0.00 | 0.02 | 0.02 | |
motifbreakR | 9.24 | 0.48 | 9.71 | |
motifbreakR_motif | 0.03 | 0.00 | 0.04 | |
plotMB | 0.04 | 0.02 | 0.06 | |
snps.from.file | 0.75 | 0.05 | 0.79 | |
snps.from.rsid | 29.83 | 2.17 | 32.00 | |