Back to Multiple platform build/check report for BioC 3.20:   simplified   long
ABCDEFGHIJKLMNOPQ[R]STUVWXYZ

This page was generated on 2025-02-03 12:10 -0500 (Mon, 03 Feb 2025).

HostnameOSArch (*)R versionInstalled pkgs
nebbiolo2Linux (Ubuntu 24.04.1 LTS)x86_644.4.2 (2024-10-31) -- "Pile of Leaves" 4746
palomino8Windows Server 2022 Datacenterx644.4.2 (2024-10-31 ucrt) -- "Pile of Leaves" 4494
merida1macOS 12.7.5 Montereyx86_644.4.2 (2024-10-31) -- "Pile of Leaves" 4517
kjohnson1macOS 13.6.6 Venturaarm644.4.2 (2024-10-31) -- "Pile of Leaves" 4469
taishanLinux (openEuler 24.03 LTS)aarch644.4.2 (2024-10-31) -- "Pile of Leaves" 4400
Click on any hostname to see more info about the system (e.g. compilers)      (*) as reported by 'uname -p', except on Windows and Mac OS X

Package 1698/2289HostnameOS / ArchINSTALLBUILDCHECKBUILD BIN
ReactomeGSA 1.20.0  (landing page)
Johannes Griss
Snapshot Date: 2025-01-30 13:00 -0500 (Thu, 30 Jan 2025)
git_url: https://git.bioconductor.org/packages/ReactomeGSA
git_branch: RELEASE_3_20
git_last_commit: b1f2efd
git_last_commit_date: 2024-10-29 10:40:10 -0500 (Tue, 29 Oct 2024)
nebbiolo2Linux (Ubuntu 24.04.1 LTS) / x86_64  OK    OK    TIMEOUT  
palomino8Windows Server 2022 Datacenter / x64  OK    OK    ERROR    OK  
merida1macOS 12.7.5 Monterey / x86_64  OK    OK    ERROR    OK  
kjohnson1macOS 13.6.6 Ventura / arm64  OK    ERROR  skippedskipped
taishanLinux (openEuler 24.03 LTS) / aarch64  OK    OK    TIMEOUT  


BUILD results for ReactomeGSA on kjohnson1

To the developers/maintainers of the ReactomeGSA package:
- Allow up to 24 hours (and sometimes 48 hours) for your latest push to git@git.bioconductor.org:packages/ReactomeGSA.git to reflect on this report. See Troubleshooting Build Report for more information.
- Use the following Renviron settings to reproduce errors and warnings.
- If 'R CMD check' started to fail recently on the Linux builder(s) over a missing dependency, add the missing dependency to 'Suggests:' in your DESCRIPTION file. See Renviron.bioc for more information.

raw results


Summary

Package: ReactomeGSA
Version: 1.20.0
Command: /Library/Frameworks/R.framework/Resources/bin/R CMD build --keep-empty-dirs --no-resave-data ReactomeGSA
StartedAt: 2025-01-31 06:13:44 -0500 (Fri, 31 Jan 2025)
EndedAt: 2025-01-31 06:15:52 -0500 (Fri, 31 Jan 2025)
EllapsedTime: 127.6 seconds
RetCode: 1
Status:   ERROR  
PackageFile: None
PackageFileSize: NA

Command output

##############################################################################
##############################################################################
###
### Running command:
###
###   /Library/Frameworks/R.framework/Resources/bin/R CMD build --keep-empty-dirs --no-resave-data ReactomeGSA
###
##############################################################################
##############################################################################


* checking for file ‘ReactomeGSA/DESCRIPTION’ ... OK
* preparing ‘ReactomeGSA’:
* checking DESCRIPTION meta-information ... OK
* installing the package to build vignettes
* creating vignettes ... ERROR
--- re-building ‘analysing-scRNAseq.Rmd’ using rmarkdown

Quitting from lines 73-76 [unnamed-chunk-3] (analysing-scRNAseq.Rmd)
Error: processing vignette 'analysing-scRNAseq.Rmd' failed with diagnostics:
Request failed (503 - Service Unavailable): The number of analysis requests is currently too high. Please try again in a few minutes.
--- failed re-building ‘analysing-scRNAseq.Rmd’

--- re-building ‘reanalysing-public-data.Rmd’ using rmarkdown

Quitting from lines 154-164 [unnamed-chunk-10] (reanalysing-public-data.Rmd)
Error: processing vignette 'reanalysing-public-data.Rmd' failed with diagnostics:
Request failed (503 - Service Unavailable): The number of analysis requests is currently too high. Please try again in a few minutes.
--- failed re-building ‘reanalysing-public-data.Rmd’

--- re-building ‘using-reactomegsa.Rmd’ using rmarkdown

Quitting from lines 204-205 [perform_analysis] (using-reactomegsa.Rmd)
Error: processing vignette 'using-reactomegsa.Rmd' failed with diagnostics:
Request failed (503 - Service Unavailable): The number of analysis requests is currently too high. Please try again in a few minutes.
--- failed re-building ‘using-reactomegsa.Rmd’

SUMMARY: processing the following files failed:
  ‘analysing-scRNAseq.Rmd’ ‘reanalysing-public-data.Rmd’
  ‘using-reactomegsa.Rmd’

Error: Vignette re-building failed.
Execution halted