Back to Multiple platform build/check report for BioC 3.21:   simplified   long
AB[C]DEFGHIJKLMNOPQRSTUVWXYZ

This page was generated on 2025-01-28 11:47 -0500 (Tue, 28 Jan 2025).

HostnameOSArch (*)R versionInstalled pkgs
nebbiolo1Linux (Ubuntu 24.04.1 LTS)x86_64R Under development (unstable) (2025-01-20 r87609) -- "Unsuffered Consequences" 4659
palomino7Windows Server 2022 Datacenterx64R Under development (unstable) (2025-01-21 r87610 ucrt) -- "Unsuffered Consequences" 4454
lconwaymacOS 12.7.1 Montereyx86_64R Under development (unstable) (2025-01-22 r87618) -- "Unsuffered Consequences" 4465
kjohnson3macOS 13.7.1 Venturaarm64R Under development (unstable) (2025-01-20 r87609) -- "Unsuffered Consequences" 4419
kunpeng2Linux (openEuler 22.03 LTS-SP1)aarch64R Under development (unstable) (2024-11-24 r87369) -- "Unsuffered Consequences" 4409
Click on any hostname to see more info about the system (e.g. compilers)      (*) as reported by 'uname -p', except on Windows and Mac OS X

Package 332/2286HostnameOS / ArchINSTALLBUILDCHECKBUILD BIN
ChIPpeakAnno 3.41.1  (landing page)
Jianhong Ou
Snapshot Date: 2025-01-27 13:40 -0500 (Mon, 27 Jan 2025)
git_url: https://git.bioconductor.org/packages/ChIPpeakAnno
git_branch: devel
git_last_commit: cfbf335
git_last_commit_date: 2025-01-03 09:42:19 -0500 (Fri, 03 Jan 2025)
nebbiolo1Linux (Ubuntu 24.04.1 LTS) / x86_64  OK    OK    OK  UNNEEDED, same version is already published
palomino7Windows Server 2022 Datacenter / x64  OK    OK    OK    OK  UNNEEDED, same version is already published
lconwaymacOS 12.7.1 Monterey / x86_64  OK    OK    OK    OK  NO, package depends on 'rtracklayer' which is only available as a source package that needs compilation
kjohnson3macOS 13.7.1 Ventura / arm64  OK    OK    OK    OK  NO, package depends on 'rtracklayer' which is only available as a source package that needs compilation
kunpeng2Linux (openEuler 22.03 LTS-SP1) / aarch64  OK    OK    WARNINGS  


CHECK results for ChIPpeakAnno on kunpeng2

To the developers/maintainers of the ChIPpeakAnno package:
- Allow up to 24 hours (and sometimes 48 hours) for your latest push to git@git.bioconductor.org:packages/ChIPpeakAnno.git to reflect on this report. See Troubleshooting Build Report for more information.
- Use the following Renviron settings to reproduce errors and warnings.
- If 'R CMD check' started to fail recently on the Linux builder(s) over a missing dependency, add the missing dependency to 'Suggests:' in your DESCRIPTION file. See Renviron.bioc for more information.
- See Martin Grigorov's blog post for how to debug Linux ARM64 related issues on a x86_64 host.

raw results


Summary

Package: ChIPpeakAnno
Version: 3.41.1
Command: /home/biocbuild/R/R/bin/R CMD check --install=check:ChIPpeakAnno.install-out.txt --library=/home/biocbuild/R/R/site-library --no-vignettes --timings ChIPpeakAnno_3.41.1.tar.gz
StartedAt: 2025-01-28 09:08:18 -0000 (Tue, 28 Jan 2025)
EndedAt: 2025-01-28 09:21:55 -0000 (Tue, 28 Jan 2025)
EllapsedTime: 816.8 seconds
RetCode: 0
Status:   WARNINGS  
CheckDir: ChIPpeakAnno.Rcheck
Warnings: 5

Command output

##############################################################################
##############################################################################
###
### Running command:
###
###   /home/biocbuild/R/R/bin/R CMD check --install=check:ChIPpeakAnno.install-out.txt --library=/home/biocbuild/R/R/site-library --no-vignettes --timings ChIPpeakAnno_3.41.1.tar.gz
###
##############################################################################
##############################################################################


* using log directory ‘/home/biocbuild/bbs-3.21-bioc/meat/ChIPpeakAnno.Rcheck’
* using R Under development (unstable) (2024-11-24 r87369)
* using platform: aarch64-unknown-linux-gnu
* R was compiled by
    aarch64-unknown-linux-gnu-gcc (GCC) 14.2.0
    GNU Fortran (GCC) 14.2.0
* running under: openEuler 24.03 (LTS)
* using session charset: UTF-8
* using option ‘--no-vignettes’
* checking for file ‘ChIPpeakAnno/DESCRIPTION’ ... OK
* checking extension type ... Package
* this is package ‘ChIPpeakAnno’ version ‘3.41.1’
* package encoding: UTF-8
* checking package namespace information ... OK
* checking package dependencies ... INFO
Imports includes 29 non-default packages.
Importing from so many packages makes the package vulnerable to any of
them becoming unavailable.  Move as many as possible to Suggests and
use conditionally.
* checking if this is a source package ... OK
* checking if there is a namespace ... OK
* checking for hidden files and directories ... OK
* checking for portable file names ... OK
* checking for sufficient/correct file permissions ... OK
* checking whether package ‘ChIPpeakAnno’ can be installed ... WARNING
Found the following significant warnings:
  Warning: program compiled against libxml 212 using older 211
See ‘/home/biocbuild/bbs-3.21-bioc/meat/ChIPpeakAnno.Rcheck/00install.out’ for details.
* checking installed package size ... INFO
  installed size is 21.1Mb
  sub-directories of 1Mb or more:
    R         1.0Mb
    data     12.6Mb
    extdata   7.2Mb
* checking package directory ... OK
* checking ‘build’ directory ... OK
* checking DESCRIPTION meta-information ... OK
* checking top-level files ... OK
* checking for left-over files ... OK
* checking index information ... OK
* checking package subdirectories ... OK
* checking code files for non-ASCII characters ... OK
* checking R files for syntax errors ... OK
* checking whether the package can be loaded ... OK
* checking whether the package can be loaded with stated dependencies ... OK
* checking whether the package can be unloaded cleanly ... OK
* checking whether the namespace can be loaded with stated dependencies ... NOTE
Warning: program compiled against libxml 212 using older 211

A namespace must be able to be loaded with just the base namespace
loaded: otherwise if the namespace gets loaded by a saved object, the
session will be unable to start.

Probably some imports need to be declared in the NAMESPACE file.
* checking whether the namespace can be unloaded cleanly ... OK
* checking loading without being on the library search path ... OK
* checking dependencies in R code ... NOTE
Warning: program compiled against libxml 212 using older 211
* checking S3 generic/method consistency ... WARNING
Warning: program compiled against libxml 212 using older 211
See section ‘Generic functions and methods’ in the ‘Writing R
Extensions’ manual.
* checking replacement functions ... WARNING
Warning: program compiled against libxml 212 using older 211
The argument of a replacement function which corresponds to the right
hand side must be named ‘value’.
* checking foreign function calls ... NOTE
Warning: program compiled against libxml 212 using older 211
See chapter ‘System and foreign language interfaces’ in the ‘Writing R
Extensions’ manual.
* checking R code for possible problems ... NOTE
Warning: program compiled against libxml 212 using older 211
* checking Rd files ... OK
* checking Rd metadata ... OK
* checking Rd cross-references ... OK
* checking for missing documentation entries ... WARNING
Warning: program compiled against libxml 212 using older 211
All user-level objects in a package should have documentation entries.
See chapter ‘Writing R documentation files’ in the ‘Writing R
Extensions’ manual.
* checking for code/documentation mismatches ... WARNING
Warning: program compiled against libxml 212 using older 211
Warning: program compiled against libxml 212 using older 211
Warning: program compiled against libxml 212 using older 211
* checking Rd \usage sections ... NOTE
Warning: program compiled against libxml 212 using older 211
The \usage entries for S3 methods should use the \method markup and not
their full name.
See chapter ‘Writing R documentation files’ in the ‘Writing R
Extensions’ manual.
* checking Rd contents ... OK
* checking for unstated dependencies in examples ... OK
* checking contents of ‘data’ directory ... OK
* checking data for non-ASCII characters ... OK
* checking LazyData ... OK
* checking data for ASCII and uncompressed saves ... OK
* checking files in ‘vignettes’ ... OK
* checking examples ... OK
Examples with CPU (user + system) or elapsed time > 5s
                           user system elapsed
findEnhancers            34.379  0.355  34.824
findMotifsInPromoterSeqs 18.748  0.116  19.396
annotatePeakInBatch      16.779  0.455  17.284
summarizeOverlapsByBins   6.437  0.540   6.649
annoPeaks                 3.841  0.180  10.712
* checking for unstated dependencies in ‘tests’ ... OK
* checking tests ...
  Running ‘runTests.R’
 OK
* checking for unstated dependencies in vignettes ... OK
* checking package vignettes ... OK
* checking running R code from vignettes ... SKIPPED
* checking re-building of vignette outputs ... SKIPPED
* checking PDF version of manual ... OK
* DONE

Status: 5 WARNINGs, 5 NOTEs
See
  ‘/home/biocbuild/bbs-3.21-bioc/meat/ChIPpeakAnno.Rcheck/00check.log’
for details.


Installation output

ChIPpeakAnno.Rcheck/00install.out

##############################################################################
##############################################################################
###
### Running command:
###
###   /home/biocbuild/R/R/bin/R CMD INSTALL ChIPpeakAnno
###
##############################################################################
##############################################################################


* installing to library ‘/home/biocbuild/R/R-4.5.0-devel_2024-11-24/site-library’
* installing *source* package ‘ChIPpeakAnno’ ...
** using staged installation
** R
** data
*** moving datasets to lazyload DB
** inst
** byte-compile and prepare package for lazy loading
Warning: program compiled against libxml 212 using older 211
** help
*** installing help indices
** building package indices
** installing vignettes
** testing if installed package can be loaded from temporary location
Warning: program compiled against libxml 212 using older 211
** testing if installed package can be loaded from final location
Warning: program compiled against libxml 212 using older 211
** testing if installed package keeps a record of temporary installation path
* DONE (ChIPpeakAnno)

Tests output

ChIPpeakAnno.Rcheck/tests/runTests.Rout


R Under development (unstable) (2024-11-24 r87369) -- "Unsuffered Consequences"
Copyright (C) 2024 The R Foundation for Statistical Computing
Platform: aarch64-unknown-linux-gnu

R is free software and comes with ABSOLUTELY NO WARRANTY.
You are welcome to redistribute it under certain conditions.
Type 'license()' or 'licence()' for distribution details.

R is a collaborative project with many contributors.
Type 'contributors()' for more information and
'citation()' on how to cite R or R packages in publications.

Type 'demo()' for some demos, 'help()' for on-line help, or
'help.start()' for an HTML browser interface to help.
Type 'q()' to quit R.

> require("ChIPpeakAnno") || stop("unable to load Package:ChIPpeakAnno")
Loading required package: ChIPpeakAnno
Loading required package: IRanges
Loading required package: BiocGenerics
Loading required package: generics

Attaching package: 'generics'

The following objects are masked from 'package:base':

    as.difftime, as.factor, as.ordered, intersect, is.element, setdiff,
    setequal, union


Attaching package: 'BiocGenerics'

The following objects are masked from 'package:stats':

    IQR, mad, sd, var, xtabs

The following objects are masked from 'package:base':

    Filter, Find, Map, Position, Reduce, anyDuplicated, aperm, append,
    as.data.frame, basename, cbind, colnames, dirname, do.call,
    duplicated, eval, evalq, get, grep, grepl, is.unsorted, lapply,
    mapply, match, mget, order, paste, pmax, pmax.int, pmin, pmin.int,
    rank, rbind, rownames, sapply, saveRDS, table, tapply, unique,
    unsplit, which.max, which.min

Loading required package: S4Vectors
Loading required package: stats4

Attaching package: 'S4Vectors'

The following object is masked from 'package:utils':

    findMatches

The following objects are masked from 'package:base':

    I, expand.grid, unname

Loading required package: GenomicRanges
Loading required package: GenomeInfoDb
Warning: program compiled against libxml 212 using older 211
[1] TRUE
> require("BSgenome.Drerio.UCSC.danRer7") || stop("unable to load Package:BSgenome.Drerio.UCSC.danRer7")
Loading required package: BSgenome.Drerio.UCSC.danRer7
Loading required package: BSgenome
Loading required package: Biostrings
Loading required package: XVector

Attaching package: 'Biostrings'

The following object is masked from 'package:base':

    strsplit

Loading required package: BiocIO
Loading required package: rtracklayer

Attaching package: 'rtracklayer'

The following object is masked from 'package:BiocIO':

    FileForFormat

[1] TRUE
> require("BSgenome.Hsapiens.UCSC.hg19") || stop("unable to load Package:BSgenome.Hsapiens.UCSC.hg19")
Loading required package: BSgenome.Hsapiens.UCSC.hg19
[1] TRUE
> require("org.Hs.eg.db") || stop("unable to load Package:org.Hs.eg.db")
Loading required package: org.Hs.eg.db
Loading required package: AnnotationDbi
Loading required package: Biobase
Welcome to Bioconductor

    Vignettes contain introductory material; view with
    'browseVignettes()'. To cite Bioconductor, see
    'citation("Biobase")', and for packages 'citation("pkgname")'.


[1] TRUE
> require("org.Ce.eg.db") || stop("unable to load Package:org.Ce.eg.db")
Loading required package: org.Ce.eg.db

[1] TRUE
> require("BSgenome.Celegans.UCSC.ce10") || stop("unable to load Package:BSgenome.Celegans.UCSC.ce10")
Loading required package: BSgenome.Celegans.UCSC.ce10
[1] TRUE
> require("EnsDb.Hsapiens.v79") || stop("unable to load Package:EnsDb.Hsapiens.v79")
Loading required package: EnsDb.Hsapiens.v79
Loading required package: ensembldb
Loading required package: GenomicFeatures
Loading required package: AnnotationFilter

Attaching package: 'ensembldb'

The following object is masked from 'package:stats':

    filter

[1] TRUE
> require("TxDb.Hsapiens.UCSC.hg38.knownGene") || stop("unable to load TxDb.Hsapiens.UCSC.hg38.knownGene")
Loading required package: TxDb.Hsapiens.UCSC.hg38.knownGene
[1] TRUE
> require("biomaRt") || stop("unable to load biomaRt")
Loading required package: biomaRt
[1] TRUE
> require("reactome.db") || stop("unable to load reactome.db")
Loading required package: reactome.db
[1] TRUE
> require("testthat") || stop("unable to load testthat")
Loading required package: testthat

Attaching package: 'testthat'

The following object is masked from 'package:AnnotationFilter':

    not

[1] TRUE
> test_check("ChIPpeakAnno")
INFO [2025-01-28 09:21:32] $cat.cex
INFO [2025-01-28 09:21:32] [1] 1
INFO [2025-01-28 09:21:32] 
INFO [2025-01-28 09:21:32] $cat.col
INFO [2025-01-28 09:21:32] [1] "black"
INFO [2025-01-28 09:21:32] 
INFO [2025-01-28 09:21:32] $cat.fontface
INFO [2025-01-28 09:21:32] [1] "plain"
INFO [2025-01-28 09:21:32] 
INFO [2025-01-28 09:21:32] $cat.fontfamily
INFO [2025-01-28 09:21:32] [1] "serif"
INFO [2025-01-28 09:21:32] 
INFO [2025-01-28 09:21:32] $x
INFO [2025-01-28 09:21:32] $x$TF1
INFO [2025-01-28 09:21:32] [1] 3 4 5
INFO [2025-01-28 09:21:32] 
INFO [2025-01-28 09:21:32] $x$TF2
INFO [2025-01-28 09:21:32] [1] 1 2 3 4 5
INFO [2025-01-28 09:21:32] 
INFO [2025-01-28 09:21:32] 
INFO [2025-01-28 09:21:32] $disable.logging
INFO [2025-01-28 09:21:32] [1] TRUE
INFO [2025-01-28 09:21:32] 
INFO [2025-01-28 09:21:32] $filename
INFO [2025-01-28 09:21:32] NULL
INFO [2025-01-28 09:21:32] 
INFO [2025-01-28 09:21:32] $cat.cex
INFO [2025-01-28 09:21:32] [1] 1
INFO [2025-01-28 09:21:32] 
INFO [2025-01-28 09:21:32] $cat.col
INFO [2025-01-28 09:21:32] [1] "black"
INFO [2025-01-28 09:21:32] 
INFO [2025-01-28 09:21:32] $cat.fontface
INFO [2025-01-28 09:21:32] [1] "plain"
INFO [2025-01-28 09:21:32] 
INFO [2025-01-28 09:21:32] $cat.fontfamily
INFO [2025-01-28 09:21:32] [1] "serif"
INFO [2025-01-28 09:21:32] 
INFO [2025-01-28 09:21:32] $x
INFO [2025-01-28 09:21:32] $x$TF1
INFO [2025-01-28 09:21:32] [1] 3 4 5
INFO [2025-01-28 09:21:32] 
INFO [2025-01-28 09:21:32] $x$TF2
INFO [2025-01-28 09:21:32] [1] 1 2 4 5
INFO [2025-01-28 09:21:32] 
INFO [2025-01-28 09:21:32] $x$TF3
INFO [2025-01-28 09:21:32] [1] 3 4 5
INFO [2025-01-28 09:21:32] 
INFO [2025-01-28 09:21:32] $x$TF4
INFO [2025-01-28 09:21:32] [1] 1 2 4 5
INFO [2025-01-28 09:21:32] 
INFO [2025-01-28 09:21:32] 
INFO [2025-01-28 09:21:32] $disable.logging
INFO [2025-01-28 09:21:32] [1] TRUE
INFO [2025-01-28 09:21:32] 
INFO [2025-01-28 09:21:32] $filename
INFO [2025-01-28 09:21:32] NULL
INFO [2025-01-28 09:21:32] 
INFO [2025-01-28 09:21:33] $scaled
INFO [2025-01-28 09:21:33] [1] FALSE
INFO [2025-01-28 09:21:33] 
INFO [2025-01-28 09:21:33] $euler.d
INFO [2025-01-28 09:21:33] [1] FALSE
INFO [2025-01-28 09:21:33] 
INFO [2025-01-28 09:21:33] $cat.cex
INFO [2025-01-28 09:21:33] [1] 1
INFO [2025-01-28 09:21:33] 
INFO [2025-01-28 09:21:33] $cat.col
INFO [2025-01-28 09:21:33] [1] "black"
INFO [2025-01-28 09:21:33] 
INFO [2025-01-28 09:21:33] $cat.fontface
INFO [2025-01-28 09:21:33] [1] "plain"
INFO [2025-01-28 09:21:33] 
INFO [2025-01-28 09:21:33] $cat.fontfamily
INFO [2025-01-28 09:21:33] [1] "serif"
INFO [2025-01-28 09:21:33] 
INFO [2025-01-28 09:21:33] $x
INFO [2025-01-28 09:21:33] $x$TF1
INFO [2025-01-28 09:21:33] [1] 1 2 3
INFO [2025-01-28 09:21:33] 
INFO [2025-01-28 09:21:33] $x$TF2
INFO [2025-01-28 09:21:33] [1] 1 2 3
INFO [2025-01-28 09:21:33] 
INFO [2025-01-28 09:21:33] 
INFO [2025-01-28 09:21:33] $disable.logging
INFO [2025-01-28 09:21:33] [1] TRUE
INFO [2025-01-28 09:21:33] 
INFO [2025-01-28 09:21:33] $filename
INFO [2025-01-28 09:21:33] NULL
INFO [2025-01-28 09:21:33] 
INFO [2025-01-28 09:21:33] $scaled
INFO [2025-01-28 09:21:33] [1] FALSE
INFO [2025-01-28 09:21:33] 
INFO [2025-01-28 09:21:33] $euler.d
INFO [2025-01-28 09:21:33] [1] FALSE
INFO [2025-01-28 09:21:33] 
INFO [2025-01-28 09:21:33] $cat.cex
INFO [2025-01-28 09:21:33] [1] 1
INFO [2025-01-28 09:21:33] 
INFO [2025-01-28 09:21:33] $cat.col
INFO [2025-01-28 09:21:33] [1] "black"
INFO [2025-01-28 09:21:33] 
INFO [2025-01-28 09:21:33] $cat.fontface
INFO [2025-01-28 09:21:33] [1] "plain"
INFO [2025-01-28 09:21:33] 
INFO [2025-01-28 09:21:33] $cat.fontfamily
INFO [2025-01-28 09:21:33] [1] "serif"
INFO [2025-01-28 09:21:33] 
INFO [2025-01-28 09:21:33] $x
INFO [2025-01-28 09:21:33] $x$TF1
INFO [2025-01-28 09:21:33] [1] 4 5 6
INFO [2025-01-28 09:21:33] 
INFO [2025-01-28 09:21:33] $x$TF2
INFO [2025-01-28 09:21:33] [1] 1 2 3
INFO [2025-01-28 09:21:33] 
INFO [2025-01-28 09:21:33] 
INFO [2025-01-28 09:21:33] $disable.logging
INFO [2025-01-28 09:21:33] [1] TRUE
INFO [2025-01-28 09:21:33] 
INFO [2025-01-28 09:21:33] $filename
INFO [2025-01-28 09:21:33] NULL
INFO [2025-01-28 09:21:33] 
INFO [2025-01-28 09:21:34] $scaled
INFO [2025-01-28 09:21:34] [1] FALSE
INFO [2025-01-28 09:21:34] 
INFO [2025-01-28 09:21:34] $euler.d
INFO [2025-01-28 09:21:34] [1] FALSE
INFO [2025-01-28 09:21:34] 
INFO [2025-01-28 09:21:34] $cat.cex
INFO [2025-01-28 09:21:34] [1] 1
INFO [2025-01-28 09:21:34] 
INFO [2025-01-28 09:21:34] $cat.col
INFO [2025-01-28 09:21:34] [1] "black"
INFO [2025-01-28 09:21:34] 
INFO [2025-01-28 09:21:34] $cat.fontface
INFO [2025-01-28 09:21:34] [1] "plain"
INFO [2025-01-28 09:21:34] 
INFO [2025-01-28 09:21:34] $cat.fontfamily
INFO [2025-01-28 09:21:34] [1] "serif"
INFO [2025-01-28 09:21:34] 
INFO [2025-01-28 09:21:34] $x
INFO [2025-01-28 09:21:34] $x$TF1
INFO [2025-01-28 09:21:34] [1] 4 5 6
INFO [2025-01-28 09:21:34] 
INFO [2025-01-28 09:21:34] $x$TF2
INFO [2025-01-28 09:21:34] [1] 1 2 3
INFO [2025-01-28 09:21:34] 
INFO [2025-01-28 09:21:34] 
INFO [2025-01-28 09:21:34] $disable.logging
INFO [2025-01-28 09:21:34] [1] TRUE
INFO [2025-01-28 09:21:34] 
INFO [2025-01-28 09:21:34] $filename
INFO [2025-01-28 09:21:34] NULL
INFO [2025-01-28 09:21:34] 
INFO [2025-01-28 09:21:34] $scaled
INFO [2025-01-28 09:21:34] [1] FALSE
INFO [2025-01-28 09:21:34] 
INFO [2025-01-28 09:21:34] $euler.d
INFO [2025-01-28 09:21:34] [1] FALSE
INFO [2025-01-28 09:21:34] 
INFO [2025-01-28 09:21:34] $cat.cex
INFO [2025-01-28 09:21:34] [1] 1
INFO [2025-01-28 09:21:34] 
INFO [2025-01-28 09:21:34] $cat.col
INFO [2025-01-28 09:21:34] [1] "black"
INFO [2025-01-28 09:21:34] 
INFO [2025-01-28 09:21:34] $cat.fontface
INFO [2025-01-28 09:21:34] [1] "plain"
INFO [2025-01-28 09:21:34] 
INFO [2025-01-28 09:21:34] $cat.fontfamily
INFO [2025-01-28 09:21:34] [1] "serif"
INFO [2025-01-28 09:21:34] 
INFO [2025-01-28 09:21:34] $x
INFO [2025-01-28 09:21:34] $x$TF1
INFO [2025-01-28 09:21:34] [1] 4 5 6
INFO [2025-01-28 09:21:34] 
INFO [2025-01-28 09:21:34] $x$TF2
INFO [2025-01-28 09:21:34] [1] 1 2 3
INFO [2025-01-28 09:21:34] 
INFO [2025-01-28 09:21:34] $x$TF3
INFO [2025-01-28 09:21:34] [1] 2 3 6
INFO [2025-01-28 09:21:34] 
INFO [2025-01-28 09:21:34] 
INFO [2025-01-28 09:21:34] $disable.logging
INFO [2025-01-28 09:21:34] [1] TRUE
INFO [2025-01-28 09:21:34] 
INFO [2025-01-28 09:21:34] $filename
INFO [2025-01-28 09:21:34] NULL
INFO [2025-01-28 09:21:34] 
INFO [2025-01-28 09:21:34] $scaled
INFO [2025-01-28 09:21:34] [1] FALSE
INFO [2025-01-28 09:21:34] 
INFO [2025-01-28 09:21:34] $euler.d
INFO [2025-01-28 09:21:34] [1] FALSE
INFO [2025-01-28 09:21:34] 
INFO [2025-01-28 09:21:34] $cat.cex
INFO [2025-01-28 09:21:34] [1] 1
INFO [2025-01-28 09:21:34] 
INFO [2025-01-28 09:21:34] $cat.col
INFO [2025-01-28 09:21:34] [1] "black"
INFO [2025-01-28 09:21:34] 
INFO [2025-01-28 09:21:34] $cat.fontface
INFO [2025-01-28 09:21:34] [1] "plain"
INFO [2025-01-28 09:21:34] 
INFO [2025-01-28 09:21:34] $cat.fontfamily
INFO [2025-01-28 09:21:34] [1] "serif"
INFO [2025-01-28 09:21:34] 
INFO [2025-01-28 09:21:34] $x
INFO [2025-01-28 09:21:34] $x$TF1
INFO [2025-01-28 09:21:34] [1] 3 4 5
INFO [2025-01-28 09:21:34] 
INFO [2025-01-28 09:21:34] $x$TF2
INFO [2025-01-28 09:21:34] [1] 1 2 5
INFO [2025-01-28 09:21:34] 
INFO [2025-01-28 09:21:34] $x$TF3
INFO [2025-01-28 09:21:34] [1] 1 2 5
INFO [2025-01-28 09:21:34] 
INFO [2025-01-28 09:21:34] 
INFO [2025-01-28 09:21:34] $disable.logging
INFO [2025-01-28 09:21:34] [1] TRUE
INFO [2025-01-28 09:21:34] 
INFO [2025-01-28 09:21:34] $filename
INFO [2025-01-28 09:21:34] NULL
INFO [2025-01-28 09:21:34] 
INFO [2025-01-28 09:21:35] $scaled
INFO [2025-01-28 09:21:35] [1] FALSE
INFO [2025-01-28 09:21:35] 
INFO [2025-01-28 09:21:35] $euler.d
INFO [2025-01-28 09:21:35] [1] FALSE
INFO [2025-01-28 09:21:35] 
INFO [2025-01-28 09:21:35] $cat.cex
INFO [2025-01-28 09:21:35] [1] 1
INFO [2025-01-28 09:21:35] 
INFO [2025-01-28 09:21:35] $cat.col
INFO [2025-01-28 09:21:35] [1] "black"
INFO [2025-01-28 09:21:35] 
INFO [2025-01-28 09:21:35] $cat.fontface
INFO [2025-01-28 09:21:35] [1] "plain"
INFO [2025-01-28 09:21:35] 
INFO [2025-01-28 09:21:35] $cat.fontfamily
INFO [2025-01-28 09:21:35] [1] "serif"
INFO [2025-01-28 09:21:35] 
INFO [2025-01-28 09:21:35] $x
INFO [2025-01-28 09:21:35] $x$TF1
INFO [2025-01-28 09:21:35] [1] 3 4 5
INFO [2025-01-28 09:21:35] 
INFO [2025-01-28 09:21:35] $x$TF2
INFO [2025-01-28 09:21:35] [1] 1 2 5
INFO [2025-01-28 09:21:35] 
INFO [2025-01-28 09:21:35] $x$TF3
INFO [2025-01-28 09:21:35] [1] 1 2 5
INFO [2025-01-28 09:21:35] 
INFO [2025-01-28 09:21:35] $x$TF4
INFO [2025-01-28 09:21:35] [1] 1 2 5
INFO [2025-01-28 09:21:35] 
INFO [2025-01-28 09:21:35] 
INFO [2025-01-28 09:21:35] $disable.logging
INFO [2025-01-28 09:21:35] [1] TRUE
INFO [2025-01-28 09:21:35] 
INFO [2025-01-28 09:21:35] $filename
INFO [2025-01-28 09:21:35] NULL
INFO [2025-01-28 09:21:35] 
[ FAIL 0 | WARN 3 | SKIP 6 | PASS 320 ]

══ Skipped tests (6) ═══════════════════════════════════════════════════════════
• empty test (6): 'test_binOverGene.R:1:1', 'test_binOverRegions.R:1:1',
  'test_enrichmentPlot.R:1:1', 'test_getAnnotation.R:1:1',
  'test_reCenterPeaks.R:1:1', 'test_write2FASTA.R:1:1'

[ FAIL 0 | WARN 3 | SKIP 6 | PASS 320 ]
> 
> proc.time()
   user  system elapsed 
235.641   2.563 255.354 

Example timings

ChIPpeakAnno.Rcheck/ChIPpeakAnno-Ex.timings

nameusersystemelapsed
ChIPpeakAnno-package0.0000.0000.001
ExonPlusUtr.human.GRCh373.9040.0443.954
HOT.spots0.1200.0040.124
IDRfilter000
Peaks.Ste12.Replicate10.0730.0000.073
Peaks.Ste12.Replicate20.0190.0000.018
Peaks.Ste12.Replicate30.0180.0000.018
TSS.human.GRCh370.1990.0000.199
TSS.human.GRCh380.1360.0000.136
TSS.human.NCBI360.1000.0040.104
TSS.mouse.GRCm380.0920.0080.101
TSS.mouse.NCBIM370.0820.0080.091
TSS.rat.RGSC3.40.0710.0040.075
TSS.rat.Rnor_5.00.0560.0080.064
TSS.zebrafish.Zv80.0600.0080.068
TSS.zebrafish.Zv90.0740.0080.083
addAncestors1.2320.0361.275
addGeneIDs1.0020.0321.039
addMetadata1.4450.0681.517
annoGR000
annoPeaks 3.841 0.18010.712
annotatePeakInBatch16.779 0.45517.284
annotatedPeak0.0500.0080.058
assignChromosomeRegion0.0010.0000.001
bdp0.0000.0000.001
binOverFeature0.9240.0150.943
binOverGene0.0010.0000.000
binOverRegions0.0010.0000.000
condenseMatrixByColnames0.0140.0000.014
convert2EntrezID0.5100.0000.511
countPatternInSeqs0.1960.0000.197
cumulativePercentage0.0000.0000.001
downstreams0.0320.0000.032
egOrgMap0.0010.0000.001
enrichedGO0.0020.0000.002
enrichmentPlot0.6720.0000.674
estFragmentLength0.0000.0000.001
estLibSize0.0010.0000.001
featureAlignedDistribution0.3030.0040.307
featureAlignedExtendSignal0.0010.0000.001
featureAlignedHeatmap0.4260.0000.427
featureAlignedSignal0.2510.0080.259
findEnhancers34.379 0.35534.824
findMotifsInPromoterSeqs18.748 0.11619.396
findOverlappingPeaks0.0010.0000.001
findOverlapsOfPeaks2.3920.0042.403
genomicElementDistribution0.0010.0000.001
genomicElementUpSetR000
getAllPeakSequence0.6490.0120.673
getAnnotation0.0000.0000.001
getEnrichedGO0.010.000.01
getEnrichedPATH0.0010.0000.001
getGO000
getGeneSeq0.0010.0000.001
getUniqueGOidCount0.0010.0000.000
getVennCounts0.0010.0000.001
hyperGtest0.0010.0000.001
makeVennDiagram0.0020.0000.002
mergePlusMinusPeaks000
metagenePlot2.7560.0312.800
myPeakList0.0110.0040.014
oligoFrequency0.1190.0040.123
oligoSummary000
peakPermTest0.0000.0020.001
peaks10.0080.0020.010
peaks20.0100.0000.009
peaks30.010.000.01
peaksNearBDP000
pie10.0020.0040.006
plotBinOverRegions0.0000.0000.001
preparePool0.0000.0000.001
reCenterPeaks0.0340.0000.034
summarizeOverlapsByBins6.4370.5406.649
summarizePatternInPeaks1.8870.3272.222
tileCount0.2650.2190.416
tileGRanges0.2010.1230.058
toGRanges0.1180.0150.135
translatePattern0.0010.0000.001
wgEncodeTfbsV30.2000.0080.209
write2FASTA0.0160.0080.024
xget0.1610.0040.166