Back to Multiple platform build/check report for BioC 3.21:   simplified   long
AB[C]DEFGHIJKLMNOPQRSTUVWXYZ

This page was generated on 2025-01-28 11:47 -0500 (Tue, 28 Jan 2025).

HostnameOSArch (*)R versionInstalled pkgs
nebbiolo1Linux (Ubuntu 24.04.1 LTS)x86_64R Under development (unstable) (2025-01-20 r87609) -- "Unsuffered Consequences" 4659
palomino7Windows Server 2022 Datacenterx64R Under development (unstable) (2025-01-21 r87610 ucrt) -- "Unsuffered Consequences" 4454
lconwaymacOS 12.7.1 Montereyx86_64R Under development (unstable) (2025-01-22 r87618) -- "Unsuffered Consequences" 4465
kjohnson3macOS 13.7.1 Venturaarm64R Under development (unstable) (2025-01-20 r87609) -- "Unsuffered Consequences" 4419
kunpeng2Linux (openEuler 22.03 LTS-SP1)aarch64R Under development (unstable) (2024-11-24 r87369) -- "Unsuffered Consequences" 4409
Click on any hostname to see more info about the system (e.g. compilers)      (*) as reported by 'uname -p', except on Windows and Mac OS X

Package 327/2286HostnameOS / ArchINSTALLBUILDCHECKBUILD BIN
chimeraviz 1.33.0  (landing page)
Stian Lågstad
Snapshot Date: 2025-01-27 13:40 -0500 (Mon, 27 Jan 2025)
git_url: https://git.bioconductor.org/packages/chimeraviz
git_branch: devel
git_last_commit: 3819c30
git_last_commit_date: 2024-10-29 10:15:57 -0500 (Tue, 29 Oct 2024)
nebbiolo1Linux (Ubuntu 24.04.1 LTS) / x86_64  OK    OK    OK  UNNEEDED, same version is already published
palomino7Windows Server 2022 Datacenter / x64  OK    OK    OK    OK  UNNEEDED, same version is already published
lconwaymacOS 12.7.1 Monterey / x86_64  OK    OK    OK    OK  UNNEEDED, same version is already published
kjohnson3macOS 13.7.1 Ventura / arm64  OK    OK    OK    OK  UNNEEDED, same version is already published
kunpeng2Linux (openEuler 22.03 LTS-SP1) / aarch64  OK    OK    WARNINGS  


CHECK results for chimeraviz on kunpeng2

To the developers/maintainers of the chimeraviz package:
- Allow up to 24 hours (and sometimes 48 hours) for your latest push to git@git.bioconductor.org:packages/chimeraviz.git to reflect on this report. See Troubleshooting Build Report for more information.
- Use the following Renviron settings to reproduce errors and warnings.
- If 'R CMD check' started to fail recently on the Linux builder(s) over a missing dependency, add the missing dependency to 'Suggests:' in your DESCRIPTION file. See Renviron.bioc for more information.
- See Martin Grigorov's blog post for how to debug Linux ARM64 related issues on a x86_64 host.

raw results


Summary

Package: chimeraviz
Version: 1.33.0
Command: /home/biocbuild/R/R/bin/R CMD check --install=check:chimeraviz.install-out.txt --library=/home/biocbuild/R/R/site-library --no-vignettes --timings chimeraviz_1.33.0.tar.gz
StartedAt: 2025-01-28 09:06:54 -0000 (Tue, 28 Jan 2025)
EndedAt: 2025-01-28 09:20:52 -0000 (Tue, 28 Jan 2025)
EllapsedTime: 837.7 seconds
RetCode: 0
Status:   WARNINGS  
CheckDir: chimeraviz.Rcheck
Warnings: 5

Command output

##############################################################################
##############################################################################
###
### Running command:
###
###   /home/biocbuild/R/R/bin/R CMD check --install=check:chimeraviz.install-out.txt --library=/home/biocbuild/R/R/site-library --no-vignettes --timings chimeraviz_1.33.0.tar.gz
###
##############################################################################
##############################################################################


* using log directory ‘/home/biocbuild/bbs-3.21-bioc/meat/chimeraviz.Rcheck’
* using R Under development (unstable) (2024-11-24 r87369)
* using platform: aarch64-unknown-linux-gnu
* R was compiled by
    aarch64-unknown-linux-gnu-gcc (GCC) 14.2.0
    GNU Fortran (GCC) 14.2.0
* running under: openEuler 24.03 (LTS)
* using session charset: UTF-8
* using option ‘--no-vignettes’
* checking for file ‘chimeraviz/DESCRIPTION’ ... OK
* checking extension type ... Package
* this is package ‘chimeraviz’ version ‘1.33.0’
* package encoding: UTF-8
* checking package namespace information ... OK
* checking package dependencies ... INFO
Depends: includes the non-default packages:
  'Biostrings', 'GenomicRanges', 'IRanges', 'Gviz', 'S4Vectors',
  'ensembldb', 'AnnotationFilter', 'data.table'
Adding so many packages to the search path is excessive and importing
selectively is preferable.
* checking if this is a source package ... OK
* checking if there is a namespace ... OK
* checking for hidden files and directories ... OK
* checking for portable file names ... OK
* checking for sufficient/correct file permissions ... OK
* checking whether package ‘chimeraviz’ can be installed ... WARNING
Found the following significant warnings:
  Warning: program compiled against libxml 212 using older 211
See ‘/home/biocbuild/bbs-3.21-bioc/meat/chimeraviz.Rcheck/00install.out’ for details.
* checking installed package size ... OK
* checking package directory ... OK
* checking ‘build’ directory ... OK
* checking DESCRIPTION meta-information ... OK
* checking top-level files ... OK
* checking for left-over files ... OK
* checking index information ... OK
* checking package subdirectories ... OK
* checking code files for non-ASCII characters ... OK
* checking R files for syntax errors ... OK
* checking whether the package can be loaded ... OK
* checking whether the package can be loaded with stated dependencies ... OK
* checking whether the package can be unloaded cleanly ... OK
* checking whether the namespace can be loaded with stated dependencies ... NOTE
Warning: program compiled against libxml 212 using older 211

A namespace must be able to be loaded with just the base namespace
loaded: otherwise if the namespace gets loaded by a saved object, the
session will be unable to start.

Probably some imports need to be declared in the NAMESPACE file.
* checking whether the namespace can be unloaded cleanly ... OK
* checking loading without being on the library search path ... OK
* checking dependencies in R code ... NOTE
Warning: program compiled against libxml 212 using older 211
Namespace in Imports field not imported from: 'magick'
  All declared Imports should be used.
* checking S3 generic/method consistency ... WARNING
Warning: program compiled against libxml 212 using older 211
See section ‘Generic functions and methods’ in the ‘Writing R
Extensions’ manual.
* checking replacement functions ... WARNING
Warning: program compiled against libxml 212 using older 211
The argument of a replacement function which corresponds to the right
hand side must be named ‘value’.
* checking foreign function calls ... NOTE
Warning: program compiled against libxml 212 using older 211
See chapter ‘System and foreign language interfaces’ in the ‘Writing R
Extensions’ manual.
* checking R code for possible problems ... NOTE
Warning: program compiled against libxml 212 using older 211
plot_fusion_transcript_with_protein_domain: no visible binding for
  global variable 'protein_domain_location'
Undefined global functions or variables:
  protein_domain_location
* checking Rd files ... OK
* checking Rd metadata ... OK
* checking Rd cross-references ... OK
* checking for missing documentation entries ... WARNING
Warning: program compiled against libxml 212 using older 211
All user-level objects in a package should have documentation entries.
See chapter ‘Writing R documentation files’ in the ‘Writing R
Extensions’ manual.
* checking for code/documentation mismatches ... WARNING
Warning: program compiled against libxml 212 using older 211
Warning: program compiled against libxml 212 using older 211
Warning: program compiled against libxml 212 using older 211
* checking Rd \usage sections ... NOTE
Warning: program compiled against libxml 212 using older 211
The \usage entries for S3 methods should use the \method markup and not
their full name.
See chapter ‘Writing R documentation files’ in the ‘Writing R
Extensions’ manual.
* checking Rd contents ... OK
* checking for unstated dependencies in examples ... OK
* checking files in ‘vignettes’ ... OK
* checking examples ... OK
Examples with CPU (user + system) or elapsed time > 5s
                                             user system elapsed
plot_fusion                                41.593  2.290  52.110
plot_transcripts                           25.294  0.311  25.667
plot_fusion_transcript                     20.918  0.231  21.196
plot_fusion_transcripts_graph              13.279  0.036  13.342
plot_fusion_transcript_with_protein_domain 12.788  0.156  12.973
get_transcripts_ensembl_db                  8.295  0.267   8.583
select_transcript                           8.230  0.008   8.258
* checking for unstated dependencies in ‘tests’ ... OK
* checking tests ...
  Running ‘testthat.R’
 OK
* checking for unstated dependencies in vignettes ... OK
* checking package vignettes ... OK
* checking running R code from vignettes ... SKIPPED
* checking re-building of vignette outputs ... SKIPPED
* checking PDF version of manual ... OK
* DONE

Status: 5 WARNINGs, 5 NOTEs
See
  ‘/home/biocbuild/bbs-3.21-bioc/meat/chimeraviz.Rcheck/00check.log’
for details.


Installation output

chimeraviz.Rcheck/00install.out

##############################################################################
##############################################################################
###
### Running command:
###
###   /home/biocbuild/R/R/bin/R CMD INSTALL chimeraviz
###
##############################################################################
##############################################################################


* installing to library ‘/home/biocbuild/R/R-4.5.0-devel_2024-11-24/site-library’
* installing *source* package ‘chimeraviz’ ...
** using staged installation
** R
** inst
** byte-compile and prepare package for lazy loading
Warning: program compiled against libxml 212 using older 211
** help
*** installing help indices
** building package indices
** installing vignettes
** testing if installed package can be loaded from temporary location
Warning: program compiled against libxml 212 using older 211
** testing if installed package can be loaded from final location
Warning: program compiled against libxml 212 using older 211
** testing if installed package keeps a record of temporary installation path
* DONE (chimeraviz)

Tests output

chimeraviz.Rcheck/tests/testthat.Rout


R Under development (unstable) (2024-11-24 r87369) -- "Unsuffered Consequences"
Copyright (C) 2024 The R Foundation for Statistical Computing
Platform: aarch64-unknown-linux-gnu

R is free software and comes with ABSOLUTELY NO WARRANTY.
You are welcome to redistribute it under certain conditions.
Type 'license()' or 'licence()' for distribution details.

R is a collaborative project with many contributors.
Type 'contributors()' for more information and
'citation()' on how to cite R or R packages in publications.

Type 'demo()' for some demos, 'help()' for on-line help, or
'help.start()' for an HTML browser interface to help.
Type 'q()' to quit R.

> library(testthat)
> library(chimeraviz)
Loading required package: Biostrings
Loading required package: BiocGenerics
Loading required package: generics

Attaching package: 'generics'

The following objects are masked from 'package:base':

    as.difftime, as.factor, as.ordered, intersect, is.element, setdiff,
    setequal, union


Attaching package: 'BiocGenerics'

The following objects are masked from 'package:stats':

    IQR, mad, sd, var, xtabs

The following objects are masked from 'package:base':

    Filter, Find, Map, Position, Reduce, anyDuplicated, aperm, append,
    as.data.frame, basename, cbind, colnames, dirname, do.call,
    duplicated, eval, evalq, get, grep, grepl, is.unsorted, lapply,
    mapply, match, mget, order, paste, pmax, pmax.int, pmin, pmin.int,
    rank, rbind, rownames, sapply, saveRDS, table, tapply, unique,
    unsplit, which.max, which.min

Loading required package: S4Vectors
Loading required package: stats4

Attaching package: 'S4Vectors'

The following object is masked from 'package:utils':

    findMatches

The following objects are masked from 'package:base':

    I, expand.grid, unname

Loading required package: IRanges
Loading required package: XVector
Loading required package: GenomeInfoDb

Attaching package: 'Biostrings'

The following object is masked from 'package:base':

    strsplit

Loading required package: GenomicRanges
Loading required package: Gviz
Loading required package: grid

Attaching package: 'grid'

The following object is masked from 'package:Biostrings':

    pattern

Warning: program compiled against libxml 212 using older 211
Loading required package: ensembldb
Loading required package: GenomicFeatures
Loading required package: AnnotationDbi
Loading required package: Biobase
Welcome to Bioconductor

    Vignettes contain introductory material; view with
    'browseVignettes()'. To cite Bioconductor, see
    'citation("Biobase")', and for packages 'citation("pkgname")'.

Loading required package: AnnotationFilter

Attaching package: 'AnnotationFilter'

The following object is masked from 'package:Gviz':

    feature

The following object is masked from 'package:testthat':

    not


Attaching package: 'ensembldb'

The following object is masked from 'package:stats':

    filter

Loading required package: data.table

Attaching package: 'data.table'

The following object is masked from 'package:GenomicRanges':

    shift

The following object is masked from 'package:IRanges':

    shift

The following objects are masked from 'package:S4Vectors':

    first, second



> 
> test_check("chimeraviz")
egrep: warning: egrep is obsolescent; using grep -E
egrep: warning: egrep is obsolescent; using grep -E
egrep: warning: egrep is obsolescent; using grep -E
egrep: warning: egrep is obsolescent; using grep -E
[ FAIL 0 | WARN 0 | SKIP 0 | PASS 224 ]
Warning message:
call dbDisconnect() when finished working with a connection 
> 
> proc.time()
   user  system elapsed 
222.176   4.131 233.456 

Example timings

chimeraviz.Rcheck/chimeraviz-Ex.timings

nameusersystemelapsed
add_fusion_reads_alignment2.3790.0832.470
create_fusion_report2.2960.0972.417
decide_transcript_category0.3090.0120.324
down_shift0.0730.0080.081
downstream_partner_gene0.0990.0000.101
fetch_reads_from_fastq0.0000.0000.001
fusion_spanning_reads_count1.4800.0481.531
fusion_split_reads_count0.0460.0000.046
fusion_to_data_frame0.0490.0000.050
get_ensembl_ids0.7420.0200.774
get_fusion_by_chromosome0.0430.0000.042
get_fusion_by_gene_name0.0420.0000.043
get_fusion_by_id0.0450.0000.045
get_transcripts_ensembl_db8.2950.2678.583
import_aeron0.6370.0160.657
import_chimpipe0.1230.0080.132
import_defuse0.1320.0000.133
import_ericscript0.1260.0120.138
import_fusioncatcher0.1280.0080.137
import_fusionmap0.1170.0200.139
import_infusion0.1340.0040.138
import_jaffa0.1360.0000.137
import_oncofuse0.1280.0040.133
import_prada0.1180.0160.136
import_soapfuse0.1240.0080.133
import_squid0.1270.0040.132
import_starfusion0.1640.0030.169
partner_gene_ensembl_id0.0850.0000.086
partner_gene_junction_sequence0.0510.0000.051
plot_circle0.6710.0320.705
plot_fusion41.593 2.29052.110
plot_fusion_reads2.7570.0562.818
plot_fusion_transcript20.918 0.23121.196
plot_fusion_transcript_with_protein_domain12.788 0.15612.973
plot_fusion_transcripts_graph13.279 0.03613.342
plot_transcripts25.294 0.31125.667
select_transcript8.2300.0088.258
split_on_utr_and_add_feature0.5090.0000.511
upstream_partner_gene0.0860.0000.086
write_fusion_reference0.0490.0040.053